093
CDAK47 PAJK 041503 CCA
CLIYAK

CLIMATE REPORT...CORRECTED
NATIONAL WEATHER SERVICE JUNEAU, AK
239 AM AKST SUN DEC 4 2016


...................................

...THE YAKUTAT CLIMATE SUMMARY FOR DECEMBER 3 2016...

CLIMATE NORMAL PERIOD 1981 TO 2010
CLIMATE RECORD PERIOD 1917 TO 2016


WEATHER ITEM   OBSERVED RECORD YEAR NORMAL DEPARTURE
                VALUE   VALUE       VALUE  FROM
                                           NORMAL
........................................................
TEMPERATURE (F)
 YESTERDAY
  MAXIMUM         39     48    1963  36      3
  MINIMUM         26    -13    1970  25      1
  AVERAGE         33                 30      3

PRECIPITATION (IN)
  YESTERDAY        0.41   4.90 1992   0.50  -0.09
  MONTH TO DATE    1.44               1.49  -0.05

SNOWFALL (IN)
  YESTERDAY        0.1   13.1  1968   0.7   -0.6
  MONTH TO DATE    0.1                2.2   -2.1
  SNOW DEPTH       T

DEGREE DAYS
 HEATING
  YESTERDAY       32                 35     -3
  MONTH TO DATE   82                105    -23
........................................................


WIND (MPH)
  HIGHEST WIND SPEED    23   HIGHEST WIND DIRECTION     W (250)
  HIGHEST GUST SPEED    30   HIGHEST GUST DIRECTION     W (250)
  AVERAGE WIND SPEED     6.3


SKY COVER
  AVERAGE SKY COVER 0.9


WEATHER CONDITIONS
 THE FOLLOWING WEATHER WAS RECORDED YESTERDAY.
  LIGHT RAIN
  SNOW
  LIGHT SNOW
  FOG


..........................................................


THE YAKUTAT CLIMATE NORMALS FOR TODAY
                         NORMAL    RECORD    YEAR
 MAXIMUM TEMPERATURE (F)   36        46      1989
                                             1930
 MINIMUM TEMPERATURE (F)   25       -12      1970


SUNRISE AND SUNSET
DECEMBER  4 2016......SUNRISE   857 AM AKST  SUNSET   321 PM AKST
DECEMBER  5 2016......SUNRISE   858 AM AKST  SUNSET   320 PM AKST


-  INDICATES NEGATIVE NUMBERS.
R  INDICATES RECORD WAS SET OR TIED.
MM INDICATES DATA IS MISSING.
T  INDICATES TRACE AMOUNT.




$$
--------------------------------------------------------------

AMOUNT OF DAYLIGHT TODAY (HOUR:MIN)......... 6 HOURS 25 MINUTES
GAIN/LOSS SINCE YESTERDAY (HOUR:MIN:SEC).... -0:02:44

$$
