000
CDAK47 PAYA 240905
CLIYAK

CLIMATE REPORT
NATIONAL WEATHER SERVICE YAKUTAT, AK
1205 AM AKST WED DEC 24 2014

...................................
...THE YAKUTAT AP CLIMATE SUMMARY FOR DECEMBER 23 2014...

CLIMATE NORMAL PERIOD  1981 TO  2010
CLIMATE RECORD PERIOD  1948 TO  2014

WEATHER ITEM   OBSERVED TIME    RECORD YEAR NORMAL DEPARTURE LAST
               VALUE    (LST)   VALUE       VALUE  FROM      YEAR
                                                   NORMAL
...................................................................
TEMPERATURE
YESTERDAY
 MAXIMUM            34  0839 AM    46  2005     35      -1     41
 MINIMUM            24  1050 AM   -11  1972     24       0     31
 AVERAGE            29                          29       0     36

PRECIPITATION
(INCHES)
 YESTERDAY        0.00           6.70  1999   0.52   -0.52   0.36
 MONTH TO DATE    9.50                       12.16   -2.66   6.39
 SINCE DEC 1      9.50                       12.16   -2.66   6.39
 SINCE JAN 1    132.41                      151.00  -18.59 134.09

SNOWFALL
(INCHES)
 YESTERDAY         0.0            6.8  1959    0.7    -0.7      T
 MONTH TO DATE     1.4                        16.7   -15.3   31.7
 SINCE DEC 1       1.4                        16.7   -15.3   31.7
 SINCE JUL 1       6.7                        37.4   -30.7   40.9
 SNOW DEPTH (IN)     0                                         18

DEGREE DAYS
 HEATING
  YESTERDAY         36                          36       0     29
  MONTH TO DATE    690                         808    -118    902
  SINCE DEC 1      690                         808    -118    902
  SINCE JUL 1     3370                        3706    -336   3512

 COOLING
  YESTERDAY          0                           0       0      0
  MONTH TO DATE      0                           0       0      0
  SINCE DEC 1        0                           0       0      0
  SINCE JAN 1        0                           0       0      0
...................................................................

WIND (MPH)
 HIGHEST WIND SPEED     9     HIGHEST WIND DIRECTION    330
 HIGHEST GUST SPEED    14     HIGHEST GUST DIRECTION    320
 AVERAGE WIND SPEED   1.1

SKY COVER
  POSSIBLE SUNSHINE    MM          AVERAGE SKY COVER     MM

WEATHER CONDITIONS
 THE FOLLOWING WEATHER WAS RECORDED YESTERDAY.
  FOG


RELATIVE HUMIDITY
 HIGHEST RH     MM PERCENT       MM
 LOWEST  RH     MM PERCENT       MM
 AVERAGE RH     MM PERCENT       MM
...................................................................

THE YAKUTAT CLIMATE NORMALS FOR TODAY
                           NORMAL    RECORD   YEAR
 MAXIMUM TEMPERATURE (F)     35        46     1989
 MINIMUM TEMPERATURE (F)     24       -10     1965

SUNRISE AND SUNSET
 DEC 24 2014..........SUNRISE  9:18 AM      SUNSET  3:20 PM
 DEC 25 2014..........SUNRISE  9:18 AM      SUNSET  3:21 PM

-  INDICATES NEGATIVE NUMBERS.
R  INDICATES RECORD HAS BEEN SET OR TIED.
MM INDICATES DATA IS MISSING.
T  INDICATES TRACE OF PRECIPITATION.

&&
-------------------------------------------------------------------

AMOUNT OF DAYLIGHT TODAY  (HOUR:MIN)........6 HOURS 2 MINUTES
GAIN/LOSS SINCE YESTERDAY (HOUR:MIN:SEC)....+0:00:25

$$
DC DEC 14
