000
CDAK47 PAYA 220918
CLIYAK

CLIMATE REPORT
NATIONAL WEATHER SERVICE YAKUTAT, AK
118 AM AKDT WED OCT 22 2014

...................................
...THE YAKUTAT AP CLIMATE SUMMARY FOR OCTOBER 21 2014...

CLIMATE NORMAL PERIOD  1981 TO  2010
CLIMATE RECORD PERIOD  1948 TO  2014

WEATHER ITEM   OBSERVED TIME    RECORD YEAR NORMAL DEPARTURE LAST
               VALUE    (LST)   VALUE       VALUE  FROM      YEAR
                                                   NORMAL
...................................................................
TEMPERATURE
YESTERDAY
 MAXIMUM            50  0355 PM    63  2006     46       4     49
 MINIMUM            31  0713 AM     7  1996     33      -2     30
 AVERAGE            41                          40       1     40

PRECIPITATION
(INCHES)
 YESTERDAY           T           4.52  1974   0.67   -0.67   0.09
 MONTH TO DATE   12.08                       16.00   -3.92  14.70
 SINCE SEP 1     31.91                       37.11   -5.20  33.23
 SINCE JAN 1    110.71                      118.41   -7.70 110.86

SNOWFALL
(INCHES)
 YESTERDAY         0.0            6.7  1966    0.1    -0.1    0.0
 MONTH TO DATE     0.0                         0.8    -0.8    0.0
 SINCE SEP 1       0.0                         0.8    -0.8    0.0
 SINCE JUL 1       0.0                         0.8    -0.8    0.0
 SNOW DEPTH (IN)     0                                          0

DEGREE DAYS
 HEATING
  YESTERDAY         24                          25      -1     25
  MONTH TO DATE    451                         468     -17    410
  SINCE SEP 1      863                         966    -103    816
  SINCE JUL 1     1490                        1644    -154   1380

 COOLING
  YESTERDAY          0                           0       0      0
  MONTH TO DATE      0                           0       0      0
  SINCE SEP 1        0                           0       0      0
  SINCE JAN 1        0                           0       0      0
...................................................................

WIND (MPH)
 HIGHEST WIND SPEED     8     HIGHEST WIND DIRECTION     70
 HIGHEST GUST SPEED    10     HIGHEST GUST DIRECTION     50
 AVERAGE WIND SPEED   2.5

SKY COVER
  POSSIBLE SUNSHINE    MM          AVERAGE SKY COVER     MM

WEATHER CONDITIONS
 THE FOLLOWING WEATHER WAS RECORDED YESTERDAY.
  RAIN


RELATIVE HUMIDITY
 HIGHEST RH     MM PERCENT       MM
 LOWEST  RH     MM PERCENT       MM
 AVERAGE RH     MM PERCENT       MM
...................................................................

THE YAKUTAT CLIMATE NORMALS FOR TODAY
                           NORMAL    RECORD   YEAR
 MAXIMUM TEMPERATURE (F)     46        55     1993
 MINIMUM TEMPERATURE (F)     33        10     1996

SUNRISE AND SUNSET
 OCT 22 2014..........SUNRISE  8:15 AM      SUNSET  5:51 PM
 OCT 23 2014..........SUNRISE  8:18 AM      SUNSET  5:48 PM

-  INDICATES NEGATIVE NUMBERS.
R  INDICATES RECORD HAS BEEN SET OR TIED.
MM INDICATES DATA IS MISSING.
T  INDICATES TRACE OF PRECIPITATION.

&&
-------------------------------------------------------------------

AMOUNT OF DAYLIGHT TODAY  (HOUR:MIN)........9 HOURS 36 MINUTES
GAIN/LOSS SINCE YESTERDAY (HOUR:MIN:SEC)....-0:05:12

$$
*** OCT 14
