000
CDAK47 PAYA 120011
CLIYAK

CLIMATE REPORT
NATIONAL WEATHER SERVICE YAKUTAT, AK
411 PM AKDT FRI JUL 11 2014

...................................
...THE YAKUTAT AP CLIMATE SUMMARY FOR JULY 11 2014...
VALID TODAY AS OF 2:00 PM LOCAL TIME

CLIMATE NORMAL PERIOD  1981 TO  2010
CLIMATE RECORD PERIOD  1948 TO  2014

WEATHER ITEM   OBSERVED TIME    RECORD YEAR NORMAL DEPARTURE LAST
               VALUE    (LST)   VALUE       VALUE  FROM      YEAR
                                                   NORMAL
...................................................................
TEMPERATURE
TODAY
 MAXIMUM            56  0310 PM    80  1993     60      -4     61
 MINIMUM            51  0244 AM    36  1994     48       3     40
 AVERAGE            54                          54       0     51

PRECIPITATION
(INCHES)
 TODAY            1.15           2.04  1997   0.23    0.92   0.00
 MONTH TO DATE    2.66                        2.23    0.43   5.68
 SINCE JUN 1     12.76                        8.62    4.14   9.06
 SINCE JAN 1     51.87                       61.58   -9.71  67.25

SNOWFALL
(INCHES)
 TODAY             0.0            0.0  2014    0.0     0.0    0.0
 MONTH TO DATE     0.0                         0.0     0.0    0.0
 SINCE JUN 1       0.0                         0.0     0.0    0.0
 SINCE JUL 1       0.0                         0.0     0.0    0.0
 SNOW DEPTH (IN)     0                                          0

DEGREE DAYS
 HEATING
  TODAY             11                          11       0     14
  MONTH TO DATE     97                         127     -30    140
  SINCE JUN 1      543                         553     -10    482
  SINCE JUL 1       97                         127     -30    140

 COOLING
  TODAY              0                           0       0      0
  MONTH TO DATE      0                           0       0      0
  SINCE JUN 1        0                           0       0      0
  SINCE JAN 1        0                           0       0      0
...................................................................

WIND (MPH)
 HIGHEST WIND SPEED    18     HIGHEST WIND DIRECTION    120
 HIGHEST GUST SPEED    26     HIGHEST GUST DIRECTION    110
 AVERAGE WIND SPEED    MM

SKY COVER
  POSSIBLE SUNSHINE  MM            AVERAGE SKY COVER MM

WEATHER CONDITIONS
 THE FOLLOWING WEATHER WAS RECORDED TODAY.
FOG
RAIN


RELATIVE HUMIDITY
 HIGHEST RH     MM PERCENT       MM
 LOWEST  RH     MM PERCENT       MM
 AVERAGE RH     MM PERCENT       MM
...................................................................

THE YAKUTAT CLIMATE NORMALS FOR TOMORROW
                        NORMAL    RECORD   YEAR
 MAXIMUM TEMPERATURE      60        79     1993
 MINIMUM TEMPERATURE      48        38     1994

SUNRISE AND SUNSET
 JUL 11 2014..........SUNRISE  4:21 AM      SUNSET 10:28 PM
 JUL 12 2014..........SUNRISE  4:22 AM      SUNSET 10:26 PM

-  INDICATES NEGATIVE NUMBERS.
R  INDICATES RECORD HAS BEEN SET OR TIED.
MM INDICATES DATA IS MISSING.
T  INDICATES TRACE OF PRECIPITATION.

&&
-------------------------------------------------------------------

AMOUNT OF DAYLIGHT TODAY  (HOUR:MIN)........18 HOURS 7 MINUTES
GAIN/LOSS SINCE YESTERDAY (HOUR:MIN:SEC)....-0:03:04

$$
*** JUL 14
