000
CDAK47 PAYA 030915
CLIYAK

CLIMATE REPORT
NATIONAL WEATHER SERVICE YAKUTAT, AK
115 AM AKDT FRI JUL 3 2015

...................................
...THE YAKUTAT AP CLIMATE SUMMARY FOR JULY 2 2015...

CLIMATE NORMAL PERIOD  1981 TO  2010
CLIMATE RECORD PERIOD  1948 TO  2015

WEATHER ITEM   OBSERVED TIME    RECORD YEAR NORMAL DEPARTURE LAST
               VALUE    (LST)   VALUE       VALUE  FROM      YEAR
                                                   NORMAL
...................................................................
TEMPERATURE
YESTERDAY
 MAXIMUM            59  0201 PM    76  1979     59       0     69
 MINIMUM            50  0425 AM    36  1982     47       3     49
 AVERAGE            55                          53       2     59

PRECIPITATION
(INCHES)
 YESTERDAY        0.41           4.07  1964   0.19    0.22   0.01
 MONTH TO DATE    0.69                        0.40    0.29   0.01
 SINCE JUN 1      9.34                        6.79    2.55  10.11
 SINCE JAN 1     59.92                       59.75    0.17  49.22

SNOWFALL
(INCHES)
 YESTERDAY         0.0            0.0  2015    0.0     0.0    0.0
 MONTH TO DATE     0.0                         0.0     0.0    0.0
 SINCE JUN 1       0.0                         0.0     0.0    0.0
 SINCE JUL 1       0.0                         0.0     0.0    0.0
 SNOW DEPTH (IN)     0                                          0

DEGREE DAYS
 HEATING
  YESTERDAY         10                          12      -2      6
  MONTH TO DATE     21                          24      -3     13
  SINCE JUN 1      355                         450     -95    459
  SINCE JUL 1       21                          24      -3     13

 COOLING
  YESTERDAY          0                           0       0      0
  MONTH TO DATE      0                           0       0      0
  SINCE JUN 1        0                           0       0      0
  SINCE JAN 1        0                           0       0      0
...................................................................

WIND (MPH)
 HIGHEST WIND SPEED    10     HIGHEST WIND DIRECTION    230
 HIGHEST GUST SPEED    25     HIGHEST GUST DIRECTION    120
 AVERAGE WIND SPEED   4.6

SKY COVER
  POSSIBLE SUNSHINE    MM          AVERAGE SKY COVER     MM

WEATHER CONDITIONS
 THE FOLLOWING WEATHER WAS RECORDED YESTERDAY.
  FOG
RAIN


RELATIVE HUMIDITY
 HIGHEST RH     MM PERCENT       MM
 LOWEST  RH     MM PERCENT       MM
 AVERAGE RH     MM PERCENT       MM
...................................................................

THE YAKUTAT CLIMATE NORMALS FOR TODAY
                           NORMAL    RECORD   YEAR
 MAXIMUM TEMPERATURE (F)     59        76     1979
 MINIMUM TEMPERATURE (F)     47        40     1952

SUNRISE AND SUNSET
 JUL 3 2015..........SUNRISE  4:09 AM      SUNSET 10:37 PM
 JUL 4 2015..........SUNRISE  4:10 AM      SUNSET 10:37 PM

-  INDICATES NEGATIVE NUMBERS.
R  INDICATES RECORD HAS BEEN SET OR TIED.
MM INDICATES DATA IS MISSING.
T  INDICATES TRACE OF PRECIPITATION.

&&
-------------------------------------------------------------------

AMOUNT OF DAYLIGHT TODAY  (HOUR:MIN)........18 HOURS 28 MINUTES
GAIN/LOSS SINCE YESTERDAY (HOUR:MIN:SEC)....-0:01:57

$$
*** JUL 15
