654
CDAK47 PAYA 240905
CLIYAK

CLIMATE REPORT
NATIONAL WEATHER SERVICE YAKUTAT, AK
105 AM AKDT TUE MAY 24 2016

...................................
...THE YAKUTAT AP CLIMATE SUMMARY FOR MAY 23 2016...

CLIMATE NORMAL PERIOD  1981 TO  2010
CLIMATE RECORD PERIOD  1948 TO  2016

WEATHER ITEM   OBSERVED TIME    RECORD YEAR NORMAL DEPARTURE LAST
               VALUE    (LST)   VALUE       VALUE  FROM      YEAR
                                                   NORMAL
...................................................................
TEMPERATURE
YESTERDAY
 MAXIMUM            52  1005 AM    74  1969     54      -2     50
 MINIMUM            44  1159 PM    27  1955     39       5     43
 AVERAGE            48                          46       2     47

PRECIPITATION
(INCHES)
 YESTERDAY        0.05           3.25  1987   0.26   -0.21   0.00
 MONTH TO DATE    6.73                        6.16    0.57   1.51
 SINCE MAR 1     26.26                       26.39   -0.13  26.10
 SINCE JAN 1     51.55                       50.91    0.64  50.47

SNOWFALL
(INCHES)
 YESTERDAY         0.0              T  2000    0.0     0.0    0.0
 MONTH TO DATE     0.0                         0.4    -0.4    0.0
 SINCE MAR 1       0.7                        37.8   -37.1   34.3
 SINCE JUL 1      49.9                       140.0   -90.1   47.1
 SNOW DEPTH (IN)     0                                          0

DEGREE DAYS
 HEATING
  YESTERDAY         17                          19      -2     18
  MONTH TO DATE    386                         487    -101    417
  SINCE MAR 1     1851                        2325    -474   2113
  SINCE JUL 1     7189                        8454   -1265   7545

 COOLING
  YESTERDAY          0                           0       0      0
  MONTH TO DATE      0                           0       0      0
  SINCE MAR 1        0                           0       0      0
  SINCE JAN 1        0                           0       0      0
...................................................................

WIND (MPH)
 HIGHEST WIND SPEED    12     HIGHEST WIND DIRECTION    250
 HIGHEST GUST SPEED    15     HIGHEST GUST DIRECTION    240
 AVERAGE WIND SPEED   5.2

SKY COVER
  POSSIBLE SUNSHINE    MM          AVERAGE SKY COVER     MM

WEATHER CONDITIONS
 THE FOLLOWING WEATHER WAS RECORDED YESTERDAY.
  FOG
RAIN


RELATIVE HUMIDITY
 HIGHEST RH     MM PERCENT       MM
 LOWEST  RH     MM PERCENT       MM
 AVERAGE RH     MM PERCENT       MM
...................................................................

THE YAKUTAT CLIMATE NORMALS FOR TODAY
                           NORMAL    RECORD   YEAR
 MAXIMUM TEMPERATURE (F)     54        70     1948
 MINIMUM TEMPERATURE (F)     39        28     1966

SUNRISE AND SUNSET
 MAY 24 2016..........SUNRISE  4:25 AM      SUNSET 10:09 PM
 MAY 25 2016..........SUNRISE  4:23 AM      SUNSET 10:11 PM

-  INDICATES NEGATIVE NUMBERS.
R  INDICATES RECORD HAS BEEN SET OR TIED.
MM INDICATES DATA IS MISSING.
T  INDICATES TRACE OF PRECIPITATION.

&&
-------------------------------------------------------------------

AMOUNT OF DAYLIGHT TODAY  (HOUR:MIN)........17 HOURS 44 MINUTES
GAIN/LOSS SINCE YESTERDAY (HOUR:MIN:SEC)....+0:03:52

$$
*** MAY 16
