000
CDAK47 PAYA 020901
CLIYAK

CLIMATE REPORT
NATIONAL WEATHER SERVICE YAKUTAT, AK
101 AM AKDT THU OCT 2 2014

...................................
...THE YAKUTAT AP CLIMATE SUMMARY FOR OCTOBER 1 2014...

CLIMATE NORMAL PERIOD  1981 TO  2010
CLIMATE RECORD PERIOD  1948 TO  2014

WEATHER ITEM   OBSERVED TIME    RECORD YEAR NORMAL DEPARTURE LAST
               VALUE    (LST)   VALUE       VALUE  FROM      YEAR
                                                   NORMAL
...................................................................
TEMPERATURE
YESTERDAY
 MAXIMUM            54  0134 PM    63  1967     52       2     56
 MINIMUM            28  0652 AM    24  1994     39     -11     33
 AVERAGE            41                          45      -4     45

PRECIPITATION
(INCHES)
 YESTERDAY        0.00           3.85  1987   0.81   -0.81   0.31
 MONTH TO DATE    0.00                        0.81   -0.81   0.31
 SINCE SEP 1     19.83                       21.92   -2.09  18.84
 SINCE JAN 1     98.63                      103.22   -4.59  96.47

SNOWFALL
(INCHES)
 YESTERDAY         0.0            5.2  1974    0.0     0.0    0.0
 MONTH TO DATE     0.0                         0.0     0.0    0.0
 SINCE SEP 1       0.0                         0.0     0.0    0.0
 SINCE JUL 1       0.0                         0.0     0.0    0.0
 SNOW DEPTH (IN)     0                                          0

DEGREE DAYS
 HEATING
  YESTERDAY         24                          20       4     20
  MONTH TO DATE     24                          20       4     20
  SINCE SEP 1      436                         518     -82    426
  SINCE JUL 1     1063                        1196    -133    990

 COOLING
  YESTERDAY          0                           0       0      0
  MONTH TO DATE      0                           0       0      0
  SINCE SEP 1        0                           0       0      0
  SINCE JAN 1        0                           0       0      0
...................................................................

WIND (MPH)
 HIGHEST WIND SPEED     7     HIGHEST WIND DIRECTION    330
 HIGHEST GUST SPEED    10     HIGHEST GUST DIRECTION    360
 AVERAGE WIND SPEED   1.7

SKY COVER
  POSSIBLE SUNSHINE    MM          AVERAGE SKY COVER     MM

WEATHER CONDITIONS
 THE FOLLOWING WEATHER WAS RECORDED YESTERDAY.
  NO SIGNIFICANT WEATHER WAS OBSERVED.

RELATIVE HUMIDITY
 HIGHEST RH     MM PERCENT       MM
 LOWEST  RH     MM PERCENT       MM
 AVERAGE RH     MM PERCENT       MM
...................................................................

THE YAKUTAT CLIMATE NORMALS FOR TODAY
                           NORMAL    RECORD   YEAR
 MAXIMUM TEMPERATURE (F)     52        62     1967
 MINIMUM TEMPERATURE (F)     39        24     1997

SUNRISE AND SUNSET
 OCT 2 2014..........SUNRISE  7:27 AM      SUNSET  6:48 PM
 OCT 3 2014..........SUNRISE  7:30 AM      SUNSET  6:45 PM

-  INDICATES NEGATIVE NUMBERS.
R  INDICATES RECORD HAS BEEN SET OR TIED.
MM INDICATES DATA IS MISSING.
T  INDICATES TRACE OF PRECIPITATION.

&&
-------------------------------------------------------------------

AMOUNT OF DAYLIGHT TODAY  (HOUR:MIN)........11 HOURS 21 MINUTES
GAIN/LOSS SINCE YESTERDAY (HOUR:MIN:SEC)....-0:05:17

$$
DC OCT 14
