000
CDUS46 KPDT 130848
CLIYKM

CLIMATE REPORT
NATIONAL WEATHER SERVICE PENDLETON OR
1248 AM PST WED DEC 13 2017

...................................

...THE YAKIMA WA CLIMATE SUMMARY FOR DECEMBER 12 2017...

CLIMATE NORMAL PERIOD 1981 TO 2010
CLIMATE RECORD PERIOD 1946 TO 2017


WEATHER ITEM   OBSERVED TIME   RECORD YEAR NORMAL DEPARTURE LAST
                VALUE   (LST)  VALUE       VALUE  FROM      YEAR
                                                  NORMAL
..................................................................
TEMPERATURE (F)
 YESTERDAY
  MAXIMUM         33    305 PM  56    1956  36     -3       32
  MINIMUM         31   1136 PM  -8    1972  21     10       16
  AVERAGE         32                        28      4       24

PRECIPITATION (IN)
  YESTERDAY        0.00          0.77 1995   0.05  -0.05     0.02
  MONTH TO DATE    T                         0.58  -0.58     0.35
  SINCE OCT 1      1.93                      2.17  -0.24     3.40
  SINCE JAN 1      9.88                      7.30   2.58     9.46

SNOWFALL (IN)
  YESTERDAY        0.0           2.8  1972   0.3   -0.3       T
  MONTH TO DATE    0.0                       3.5   -3.5      5.1
  SINCE JAN 1     29.5                      15.7   13.8     17.6
  SINCE JUL 1      0.4                       7.1   -6.7      5.1
  SNOW DEPTH       0

DEGREE DAYS
 HEATING
  YESTERDAY       33                        37     -4       41
  MONTH TO DATE  381                       421    -40      432
  SINCE DEC 1    381                       421    -40      432
  SINCE JUL 1   1650                      1954   -304     1451

 COOLING
  YESTERDAY        0                         0      0        0
  MONTH TO DATE    0                         0      0        0
  SINCE DEC 1      0                         0      0        0
  SINCE JAN 1   1054                       472    582      774
..................................................................


WIND (MPH)
  HIGHEST WIND SPEED     6   HIGHEST WIND DIRECTION     W (250)
  HIGHEST GUST SPEED    10   HIGHEST GUST DIRECTION     W (260)
  AVERAGE WIND SPEED     1.1


SKY COVER
  POSSIBLE SUNSHINE  MM
  AVERAGE SKY COVER 1.0


WEATHER CONDITIONS
 THE FOLLOWING WEATHER WAS RECORDED YESTERDAY.
  NO SIGNIFICANT WEATHER WAS OBSERVED.


RELATIVE HUMIDITY (PERCENT)
 HIGHEST    78           900 AM
 LOWEST     66           200 AM
 AVERAGE    72

..........................................................


THE YAKIMA WA CLIMATE NORMALS FOR TODAY
                         NORMAL    RECORD    YEAR
 MAXIMUM TEMPERATURE (F)   36        57      1946
 MINIMUM TEMPERATURE (F)   21        -8      1972


SUNRISE AND SUNSET
DECEMBER 13 2017......SUNRISE   738 AM PST   SUNSET   415 PM PST
DECEMBER 14 2017......SUNRISE   739 AM PST   SUNSET   415 PM PST


-  INDICATES NEGATIVE NUMBERS.
R  INDICATES RECORD WAS SET OR TIED.
MM INDICATES DATA IS MISSING.
T  INDICATES TRACE AMOUNT.

$$
