000
CDUS46 KPDT 041007
CLIYKM

CLIMATE REPORT
NATIONAL WEATHER SERVICE PENDLETON OR
307 AM PDT FRI SEP 4 2015


...................................

...THE YAKIMA WA CLIMATE SUMMARY FOR SEPTEMBER 3 2015...

CLIMATE NORMAL PERIOD 1981 TO 2010
CLIMATE RECORD PERIOD 1946 TO 2015


WEATHER ITEM   OBSERVED TIME   RECORD YEAR NORMAL DEPARTURE LAST
                VALUE   (LST)  VALUE       VALUE  FROM      YEAR
                                                  NORMAL
..................................................................
TEMPERATURE (F)
 YESTERDAY
  MAXIMUM         74    220 PM 100    1988  82     -8       75
  MINIMUM         40    553 AM  35    2000  47     -7       47
  AVERAGE         57                        65     -8       61

PRECIPITATION (IN)
  YESTERDAY        0.00          0.29 1978   0.02  -0.02     0.00
  MONTH TO DATE    0.00                      0.04  -0.04      T
  SINCE OCT 1      6.40                      7.93  -1.53     4.79
  SINCE JAN 1      4.30                      4.81  -0.51     3.96

SNOWFALL (IN)
  YESTERDAY        0.0           0.0  2002   0.0    0.0      0.0
                                      2001
                                      1999
  MONTH TO DATE    0.0                       0.0    0.0      0.0
  SINCE JAN 1      1.6                       8.6   -7.0     19.9
  SINCE JUL 1      0.0                       0.0    0.0      0.0
  SNOW DEPTH       0

DEGREE DAYS
 HEATING
  YESTERDAY        8                         2      6        4
  MONTH TO DATE   11                         6      5        6
  SINCE SEP 1     11                         6      5        6
  SINCE JUL 1     12                        54    -42       12

 COOLING
  YESTERDAY        0                         2     -2        0
  MONTH TO DATE    0                         6     -6        0
  SINCE SEP 1      0                         6     -6        0
  SINCE JAN 1   1057                       446    611      827
..................................................................


WIND (MPH)
  HIGHEST WIND SPEED    15   HIGHEST WIND DIRECTION     N (350)
  HIGHEST GUST SPEED    20   HIGHEST GUST DIRECTION     N (350)
  AVERAGE WIND SPEED     5.9


SKY COVER
  POSSIBLE SUNSHINE  MM
  AVERAGE SKY COVER 0.1


WEATHER CONDITIONS
 THE FOLLOWING WEATHER WAS RECORDED YESTERDAY.
  NO SIGNIFICANT WEATHER WAS OBSERVED.


RELATIVE HUMIDITY (PERCENT)
 HIGHEST    79           600 AM
 LOWEST     19           300 PM
 AVERAGE    49

..........................................................


THE YAKIMA WA CLIMATE NORMALS FOR TODAY
                         NORMAL    RECORD    YEAR
 MAXIMUM TEMPERATURE (F)   82        98      1988
 MINIMUM TEMPERATURE (F)   47        35      1996


SUNRISE AND SUNSET
SEPTEMBER  4 2015.....SUNRISE   626 AM PDT   SUNSET   736 PM PDT
SEPTEMBER  5 2015.....SUNRISE   627 AM PDT   SUNSET   734 PM PDT


-  INDICATES NEGATIVE NUMBERS.
R  INDICATES RECORD WAS SET OR TIED.
MM INDICATES DATA IS MISSING.
T  INDICATES TRACE AMOUNT.

$$
