000
CDUS46 KPDT 250919
CLIYKM

CLIMATE REPORT
NATIONAL WEATHER SERVICE PENDLETON OR
219 AM PDT MON MAY 25 2015


...................................

...THE YAKIMA WA CLIMATE SUMMARY FOR MAY 24 2015...

CLIMATE NORMAL PERIOD 1981 TO 2010
CLIMATE RECORD PERIOD 1946 TO 2015


WEATHER ITEM   OBSERVED TIME   RECORD YEAR NORMAL DEPARTURE LAST
                VALUE   (LST)  VALUE       VALUE  FROM      YEAR
                                                  NORMAL
..................................................................
TEMPERATURE (F)
 YESTERDAY
  MAXIMUM         85    409 PM  94    1999  75     10       80
  MINIMUM         56    532 AM  30    1989  44     12       44
  AVERAGE         71                        59     12       62

PRECIPITATION (IN)
  YESTERDAY        0.00          0.70 2013   0.02  -0.02     0.00
  MONTH TO DATE    1.80                      0.43   1.37     0.12
  SINCE OCT 1      6.32                      6.64  -0.32     3.74
  SINCE JAN 1      4.22                      3.52   0.70     2.91

SNOWFALL (IN)
  YESTERDAY        0.0           0.0  2002   0.0    0.0      0.0
                                      2001
                                      2000
  MONTH TO DATE    0.0                       0.0    0.0      0.0
  SINCE JAN 1      1.6                       8.6   -7.0     19.9
  SINCE JUL 1      1.6                      21.6  -20.0     19.9
  SNOW DEPTH       0

DEGREE DAYS
 HEATING
  YESTERDAY        0                         6     -6        3
  MONTH TO DATE   86                       221   -135      115
  SINCE MAR 1    925                      1376   -451     1130
  SINCE JUL 1   4507                      5903  -1396     5532

 COOLING
  YESTERDAY        6                         1      5        0
  MONTH TO DATE   46                        13     33       19
  SINCE MAR 1     46                        14     32       19
  SINCE JAN 1     46                        14     32       19
..................................................................


WIND (MPH)
  HIGHEST WIND SPEED    24   HIGHEST WIND DIRECTION    NW (310)
  HIGHEST GUST SPEED    39   HIGHEST GUST DIRECTION    NW (300)
  AVERAGE WIND SPEED     9.2


SKY COVER
  POSSIBLE SUNSHINE  MM
  AVERAGE SKY COVER 0.1


WEATHER CONDITIONS
 THE FOLLOWING WEATHER WAS RECORDED YESTERDAY.
  NO SIGNIFICANT WEATHER WAS OBSERVED.


RELATIVE HUMIDITY (PERCENT)
 HIGHEST    72           500 AM
 LOWEST     33          1200 PM
 AVERAGE    53

..........................................................


THE YAKIMA WA CLIMATE NORMALS FOR TODAY
                         NORMAL    RECORD    YEAR
 MAXIMUM TEMPERATURE (F)   75        95      1947
 MINIMUM TEMPERATURE (F)   45        31      1984
                                             1973


SUNRISE AND SUNSET
MAY 25 2015...........SUNRISE   518 AM PDT   SUNSET   841 PM PDT
MAY 26 2015...........SUNRISE   517 AM PDT   SUNSET   842 PM PDT


-  INDICATES NEGATIVE NUMBERS.
R  INDICATES RECORD WAS SET OR TIED.
MM INDICATES DATA IS MISSING.
T  INDICATES TRACE AMOUNT.

$$
