000
CDUS46 KPDT 240837
CLIYKM

CLIMATE REPORT
NATIONAL WEATHER SERVICE PENDLETON OR
137 AM PDT THU APR 24 2014


...................................

...THE YAKIMA WA CLIMATE SUMMARY FOR APRIL 23 2014...

CLIMATE NORMAL PERIOD 1981 TO 2010
CLIMATE RECORD PERIOD 1946 TO 2014


WEATHER ITEM   OBSERVED TIME   RECORD YEAR NORMAL DEPARTURE LAST
                VALUE   (LST)  VALUE       VALUE  FROM      YEAR
                                                  NORMAL
..................................................................
TEMPERATURE (F)
 YESTERDAY
  MAXIMUM         58    438 PM  90    2012  66     -8       68
  MINIMUM         33    541 AM  25    2011  36     -3       26
                                      1992
  AVERAGE         46                        50     -4       47

PRECIPITATION (IN)
  YESTERDAY        0.01          0.45 2005   0.02  -0.01     0.00
  MONTH TO DATE    0.46                      0.41   0.05     0.40
  SINCE OCT 1      3.62                      6.07  -2.45     5.10
  SINCE JAN 1      2.79                      2.95  -0.16     1.30

SNOWFALL (IN)
  YESTERDAY        0.0           0.0  2002   0.0    0.0      0.0
                                      2001
                                      2000
  MONTH TO DATE    0.0                       0.0    0.0      0.0
  SINCE JAN 1     19.9                       8.6   11.3      1.1
  SINCE JUL 1     19.9                      21.6   -1.7     15.3
  SNOW DEPTH       0

DEGREE DAYS
 HEATING
  YESTERDAY       19                        15      4       18
  MONTH TO DATE  293                       383    -90      336
  SINCE MAR 1    927                      1060   -133      931
  SINCE JUL 1   5329                      5587   -258     4894

 COOLING
  YESTERDAY        0                         0      0        0
  MONTH TO DATE    0                         0      0        0
  SINCE MAR 1      0                         0      0        0
  SINCE JAN 1      0                         0      0        0
..................................................................


WIND (MPH)
  HIGHEST WIND SPEED    17   HIGHEST WIND DIRECTION     S (190)
  HIGHEST GUST SPEED    22   HIGHEST GUST DIRECTION     S (190)
  AVERAGE WIND SPEED     7.0


SKY COVER
  POSSIBLE SUNSHINE  MM
  AVERAGE SKY COVER 0.6


WEATHER CONDITIONS
 THE FOLLOWING WEATHER WAS RECORDED YESTERDAY.
  LIGHT RAIN


RELATIVE HUMIDITY (PERCENT)
 HIGHEST    82           400 AM
 LOWEST     43          1100 AM
 AVERAGE    63

..........................................................


THE YAKIMA WA CLIMATE NORMALS FOR TODAY
                         NORMAL    RECORD    YEAR
 MAXIMUM TEMPERATURE (F)   66        92      1977
 MINIMUM TEMPERATURE (F)   36        24      2002
                                             2000
                                             1986


SUNRISE AND SUNSET
APRIL 24 2014.........SUNRISE   559 AM PDT   SUNSET   802 PM PDT
APRIL 25 2014.........SUNRISE   557 AM PDT   SUNSET   804 PM PDT


-  INDICATES NEGATIVE NUMBERS.
R  INDICATES RECORD WAS SET OR TIED.
MM INDICATES DATA IS MISSING.
T  INDICATES TRACE AMOUNT.


$$
