000
CDUS46 KPDT 020833
CLIYKM

CLIMATE REPORT
NATIONAL WEATHER SERVICE PENDLETON OR
1229 AM PST MON MAR 2 2015


...................................

...THE YAKIMA WA CLIMATE SUMMARY FOR MARCH 1 2015...

CLIMATE NORMAL PERIOD 1981 TO 2010
CLIMATE RECORD PERIOD 1946 TO 2015


WEATHER ITEM   OBSERVED TIME   RECORD YEAR NORMAL DEPARTURE LAST
                VALUE   (LST)  VALUE       VALUE  FROM      YEAR
                                                  NORMAL
..................................................................
TEMPERATURE (F)
 YESTERDAY
  MAXIMUM         54    326 PM  68    2013  51      3       40
  MINIMUM         23    702 AM  10    1993  28     -5       23
  AVERAGE         39                        39      0       32

PRECIPITATION (IN)
  YESTERDAY        0.00          0.33 1972   0.03  -0.03     0.00
  MONTH TO DATE    0.00                      0.03  -0.03     0.00
  SINCE OCT 1      3.79                      5.07  -1.28     2.56
  SINCE JAN 1      1.69                      1.95  -0.26     1.73

SNOWFALL (IN)
  YESTERDAY        0.0           3.8  1972   0.1   -0.1      0.0
  MONTH TO DATE    0.0                       0.1   -0.1      0.0
  SINCE JAN 1      1.6                       8.0   -6.4     18.2
  SINCE JUL 1      1.6                      21.0  -19.4     18.2
  SNOW DEPTH       0

DEGREE DAYS
 HEATING
  YESTERDAY       26                        26      0       33
  MONTH TO DATE   26                        26      0       33
  SINCE MAR 1     26                        26      0       33
  SINCE JUL 1   3608                      4553   -945     4435

 COOLING
  YESTERDAY        0                         0      0        0
  MONTH TO DATE    0                         0      0        0
  SINCE MAR 1      0                         0      0        0
  SINCE JAN 1      0                         0      0        0
..................................................................


WIND (MPH)
  HIGHEST WIND SPEED    12   HIGHEST WIND DIRECTION     S (160)
  HIGHEST GUST SPEED    14   HIGHEST GUST DIRECTION     S (160)
  AVERAGE WIND SPEED     5.0


SKY COVER
  POSSIBLE SUNSHINE  MM
  AVERAGE SKY COVER 0.1


WEATHER CONDITIONS
 THE FOLLOWING WEATHER WAS RECORDED YESTERDAY.
  NO SIGNIFICANT WEATHER WAS OBSERVED.


RELATIVE HUMIDITY (PERCENT)
 HIGHEST    81          1200 AM
 LOWEST     28           200 PM
 AVERAGE    55

..........................................................


THE YAKIMA WA CLIMATE NORMALS FOR TODAY
                         NORMAL    RECORD    YEAR
 MAXIMUM TEMPERATURE (F)   51        65      1968
 MINIMUM TEMPERATURE (F)   28        14      1962


SUNRISE AND SUNSET
MARCH  2 2015.........SUNRISE   640 AM PST   SUNSET   549 PM PST
MARCH  3 2015.........SUNRISE   638 AM PST   SUNSET   551 PM PST


-  INDICATES NEGATIVE NUMBERS.
R  INDICATES RECORD WAS SET OR TIED.
MM INDICATES DATA IS MISSING.
T  INDICATES TRACE AMOUNT.




$$
