000
CDUS41 KCLE 260526
CLIYNG


CLIMATE REPORT
NATIONAL WEATHER SERVICE CLEVELAND OH
126 AM EDT FRI MAY 26 2017


...................................

...THE YOUNGSTOWN OH CLIMATE SUMMARY FOR MAY 25 2017...

CLIMATE NORMAL PERIOD 1981 TO 2010
CLIMATE RECORD PERIOD 1897 TO 2017


WEATHER ITEM   OBSERVED TIME   RECORD YEAR NORMAL DEPARTURE LAST
                VALUE   (LST)  VALUE       VALUE  FROM      YEAR
                                                  NORMAL
..................................................................
TEMPERATURE (F)
 YESTERDAY
  MAXIMUM         66    430 PM  94    1932  71     -5       83
  MINIMUM         55   1118 PM  30    2013  49      6       58
                                      1956
  AVERAGE         61                        60      1       71

PRECIPITATION (IN)
  YESTERDAY        0.79                      0.13   0.66     0.00
  MONTH TO DATE    3.64                      3.02   0.62     2.29
  SINCE MAR 1     12.52                      9.32   3.20     9.91
  SINCE JAN 1     20.40                     14.02   6.38    15.10

SNOWFALL (IN)
  YESTERDAY        0.0                       0.0    0.0      0.0
  MONTH TO DATE    0.0                       0.0    0.0      0.2
  SINCE MAR 1     22.1                      13.9    8.2     13.3
  SINCE JUL 1     69.5                      62.7    6.8     44.9
  SNOW DEPTH       0

DEGREE DAYS
 HEATING
  YESTERDAY        4                         6     -2        0
  MONTH TO DATE  238                       220     18      246
  SINCE MAR 1   1419                      1599   -180     1405
  SINCE JUL 1   5203                      6247  -1044     5253

 COOLING
  YESTERDAY        0                         1     -1        6
  MONTH TO DATE   25                        18      7        6
  SINCE MAR 1     41                        27     14        6
  SINCE JAN 1     41                        27     14        6
..................................................................


WIND (MPH)
  HIGHEST WIND SPEED    16   HIGHEST WIND DIRECTION    SE (120)
  HIGHEST GUST SPEED    23   HIGHEST GUST DIRECTION     E (90)
  AVERAGE WIND SPEED     9.0


SKY COVER
  POSSIBLE SUNSHINE  MM
  AVERAGE SKY COVER 0.9


WEATHER CONDITIONS
 THE FOLLOWING WEATHER WAS RECORDED YESTERDAY.
  RAIN
  LIGHT RAIN
  FOG


RELATIVE HUMIDITY (PERCENT)
 HIGHEST    93           500 AM
 LOWEST     67           400 PM
 AVERAGE    80

..........................................................


THE YOUNGSTOWN OH CLIMATE NORMALS FOR TODAY
                         NORMAL    RECORD    YEAR
 MAXIMUM TEMPERATURE (F)   72        87      1939
 MINIMUM TEMPERATURE (F)   50        30      1988


SUNRISE AND SUNSET
MAY 26 2017...........SUNRISE   555 AM EDT   SUNSET   845 PM EDT
MAY 27 2017...........SUNRISE   554 AM EDT   SUNSET   846 PM EDT


-  INDICATES NEGATIVE NUMBERS.
R  INDICATES RECORD WAS SET OR TIED.
MM INDICATES DATA IS MISSING.
T  INDICATES TRACE AMOUNT.




$$
