000
CDUS41 KCLE 270526
CLIYNG


CLIMATE REPORT
NATIONAL WEATHER SERVICE CLEVELAND OH
1226 AM EST MON FEB 27 2017


...................................

...THE YOUNGSTOWN OH CLIMATE SUMMARY FOR FEBRUARY 26 2017...

CLIMATE NORMAL PERIOD 1981 TO 2010
CLIMATE RECORD PERIOD 1897 TO 2017


WEATHER ITEM   OBSERVED TIME   RECORD YEAR NORMAL DEPARTURE LAST
                VALUE   (LST)  VALUE       VALUE  FROM      YEAR
                                                  NORMAL
..................................................................
TEMPERATURE (F)
 YESTERDAY
  MAXIMUM         38    505 PM  73    2000  39     -1       29
  MINIMUM         24    515 AM  -8    1963  23      1       21
  AVERAGE         31                        31      0       25

PRECIPITATION (IN)
  YESTERDAY        T                         0.08  -0.08      T
  MONTH TO DATE    2.53                      1.98   0.55     3.65
  SINCE DEC 1     11.45                      7.52   3.93     9.25
  SINCE JAN 1      7.88                      4.53   3.35     5.06

SNOWFALL (IN)
  YESTERDAY        T                         0.5   -0.5       T
  MONTH TO DATE    6.1                      11.9   -5.8     18.6
  SINCE DEC 1     43.0                      43.5   -0.5     31.2
  SINCE JUL 1     47.4                      47.9   -0.5     31.6
  SNOW DEPTH       T

DEGREE DAYS
 HEATING
  YESTERDAY       34                        34      0       40
  MONTH TO DATE  687                       957   -270      890
  SINCE DEC 1   2768                      3251   -483     2779
  SINCE JUL 1   3740                      4580   -840     3781

 COOLING
  YESTERDAY        0                         0      0        0
  MONTH TO DATE    0                         0      0        0
  SINCE DEC 1      0                         0      0        0
  SINCE JAN 1      0                         0      0        0
..................................................................


WIND (MPH)
  HIGHEST WIND SPEED    18   HIGHEST WIND DIRECTION    SW (230)
  HIGHEST GUST SPEED    24   HIGHEST GUST DIRECTION     W (250)
  AVERAGE WIND SPEED    10.6


SKY COVER
  POSSIBLE SUNSHINE  MM
  AVERAGE SKY COVER 0.7


WEATHER CONDITIONS
 THE FOLLOWING WEATHER WAS RECORDED YESTERDAY.
  LIGHT SNOW


RELATIVE HUMIDITY (PERCENT)
 HIGHEST    81          1200 AM
 LOWEST     40           400 PM
 AVERAGE    61

..........................................................


THE YOUNGSTOWN OH CLIMATE NORMALS FOR TODAY
                         NORMAL    RECORD    YEAR
 MAXIMUM TEMPERATURE (F)   39        62      1997
                                             1977
 MINIMUM TEMPERATURE (F)   23       -11      1963


SUNRISE AND SUNSET
FEBRUARY 27 2017......SUNRISE   700 AM EST   SUNSET   611 PM EST
FEBRUARY 28 2017......SUNRISE   658 AM EST   SUNSET   613 PM EST


-  INDICATES NEGATIVE NUMBERS.
R  INDICATES RECORD WAS SET OR TIED.
MM INDICATES DATA IS MISSING.
T  INDICATES TRACE AMOUNT.




$$
