000
CDUS41 KPBZ 252134
CLIZZV


CLIMATE REPORT
NATIONAL WEATHER SERVICE PITTSBURGH PA
533 PM EDT MON MAY 25 2015


...................................

...THE ZANESVILLE OH CLIMATE SUMMARY FOR MAY 25 2015...
VALID TODAY AS OF 0500 PM LOCAL TIME.

CLIMATE NORMAL PERIOD 1981 TO 2010
CLIMATE RECORD PERIOD 1946 TO 2015


WEATHER ITEM   OBSERVED TIME   RECORD YEAR NORMAL DEPARTURE LAST
                VALUE   (LST)  VALUE       VALUE  FROM      YEAR
                                                  NORMAL
..................................................................
TEMPERATURE (F)
 TODAY
  MAXIMUM         82    326 PM  89    1991  75      7       79
  MINIMUM         57    248 AM  31    2013  52      5       48
  AVERAGE         70                        63      7       64

PRECIPITATION (IN)
  TODAY            0.00         MM      MM   0.14  -0.14     0.00
  MONTH TO DATE    1.93                      3.33  -1.40     3.32
  SINCE JUN 1     37.73                     37.00   0.73    42.43
  SINCE JAN 1     15.32                     14.60   0.72    14.12

DEGREE DAYS
 HEATING
  TODAY            0                         4     -4        1
  MONTH TO DATE  109                       161    -52      152
  SINCE MAR 1   1359                      1327     32     1419
  SINCE JUL 1   6016                      5518    498     5976

 COOLING
  TODAY            5                         2      3        0
  MONTH TO DATE   73                        30     43       46
  SINCE MAR 1     74                        39     35       51
  SINCE JAN 1     74                        39     35       51
..................................................................


WIND (MPH)
  HIGHEST WIND SPEED    18   HIGHEST WIND DIRECTION    SW (210)
  HIGHEST GUST SPEED    26   HIGHEST GUST DIRECTION     S (200)
  AVERAGE WIND SPEED     7.7


SKY COVER
  POSSIBLE SUNSHINE  MM
  AVERAGE SKY COVER 0.3


WEATHER CONDITIONS
 THE FOLLOWING WEATHER WAS RECORDED TODAY.
  NO SIGNIFICANT WEATHER WAS OBSERVED.


RELATIVE HUMIDITY (PERCENT)
 HIGHEST    86           100 AM
 LOWEST     49           200 PM
 AVERAGE    68

..........................................................


THE ZANESVILLE OH CLIMATE NORMALS FOR TOMORROW
                         NORMAL    RECORD    YEAR
 MAXIMUM TEMPERATURE (F)   75        89      2012
 MINIMUM TEMPERATURE (F)   52        34      2013


SUNRISE AND SUNSET
MAY 25 2015...........SUNRISE   605 AM EDT   SUNSET   845 PM EDT
MAY 26 2015...........SUNRISE   604 AM EDT   SUNSET   845 PM EDT


-  INDICATES NEGATIVE NUMBERS.
R  INDICATES RECORD WAS SET OR TIED.
MM INDICATES DATA IS MISSING.
T  INDICATES TRACE AMOUNT.




$$
