000
CDUS41 KPBZ 240704
CLIZZV


CLIMATE REPORT
NATIONAL WEATHER SERVICE PITTSBURGH PA
304 AM EDT WED MAY 24 2017


...................................

...THE ZANESVILLE OH CLIMATE SUMMARY FOR MAY 23 2017...

CLIMATE NORMAL PERIOD 1981 TO 2010
CLIMATE RECORD PERIOD 1946 TO 2017


WEATHER ITEM   OBSERVED TIME   RECORD YEAR NORMAL DEPARTURE LAST
                VALUE   (LST)  VALUE       VALUE  FROM      YEAR
                                                  NORMAL
..................................................................
TEMPERATURE (F)
 YESTERDAY
  MAXIMUM         75    306 PM  92    1941  74      1       79
                                      1939
  MINIMUM         49    532 AM  32    1963  51     -2       46
  AVERAGE         62                        62      0       63

PRECIPITATION (IN)
  YESTERDAY        0.00          1.87 1968   0.14  -0.14     0.00
  MONTH TO DATE    3.02                      3.05  -0.03     2.44
  SINCE JUN 1     35.17                     36.72  -1.55    37.31
  SINCE JAN 1     16.55                     14.32   2.23    14.98

DEGREE DAYS
 HEATING
  YESTERDAY        3                         4     -1        2
  MONTH TO DATE  139                       153    -14      154
  SINCE MAR 1   1072                      1319   -247      970
  SINCE JUL 1   4424                      5510  -1086     4316

 COOLING
  YESTERDAY        0                         2     -2        0
  MONTH TO DATE   32                        26      6       13
  SINCE MAR 1     63                        35     28       21
  SINCE JAN 1     64                        35     29       21
..................................................................


WIND (MPH)
  HIGHEST WIND SPEED    15   HIGHEST WIND DIRECTION    SE (120)
  HIGHEST GUST SPEED    20   HIGHEST GUST DIRECTION    NE (60)
  AVERAGE WIND SPEED     5.8


SKY COVER
  POSSIBLE SUNSHINE  MM
  AVERAGE SKY COVER 0.1


WEATHER CONDITIONS
 THE FOLLOWING WEATHER WAS RECORDED YESTERDAY.
  NO SIGNIFICANT WEATHER WAS OBSERVED.


RELATIVE HUMIDITY (PERCENT)
 HIGHEST    93           400 AM
 LOWEST     38           200 PM
 AVERAGE    66

..........................................................


THE ZANESVILLE OH CLIMATE NORMALS FOR TODAY
                         NORMAL    RECORD    YEAR
 MAXIMUM TEMPERATURE (F)   74        89      1944
 MINIMUM TEMPERATURE (F)   51        32      1956


SUNRISE AND SUNSET
MAY 24 2017...........SUNRISE   605 AM EDT   SUNSET   844 PM EDT
MAY 25 2017...........SUNRISE   605 AM EDT   SUNSET   845 PM EDT


-  INDICATES NEGATIVE NUMBERS.
R  INDICATES RECORD WAS SET OR TIED.
MM INDICATES DATA IS MISSING.
T  INDICATES TRACE AMOUNT.




$$
