000
CDUS41 KPBZ 232140
CLIZZV


CLIMATE REPORT
NATIONAL WEATHER SERVICE PITTSBURGH PA
540 PM EDT WED JUL 23 2014


...................................

...THE ZANESVILLE OH CLIMATE SUMMARY FOR JULY 23 2014...
VALID TODAY AS OF 0500 PM LOCAL TIME.

CLIMATE NORMAL PERIOD 1981 TO 2010
CLIMATE RECORD PERIOD 1946 TO 2014


WEATHER ITEM   OBSERVED TIME   RECORD YEAR NORMAL DEPARTURE LAST
                VALUE   (LST)  VALUE       VALUE  FROM      YEAR
                                                  NORMAL
..................................................................
TEMPERATURE (F)
 TODAY
  MAXIMUM         83    131 PM  96    1991  84     -1       84
  MINIMUM         70    517 AM  41    1947  62      8       67
  AVERAGE         77                        73      4       76

PRECIPITATION (IN)
  TODAY            0.00         MM      MM   0.12  -0.12     1.11
  MONTH TO DATE    2.75                      2.94  -0.19     6.27
  SINCE JUN 1      9.49                      6.98   2.51    12.52
  SINCE JAN 1     23.82                     22.44   1.38    23.11

DEGREE DAYS
 HEATING
  TODAY            0                         0      0        0
  MONTH TO DATE    8                         0      8        0
  SINCE JUN 1     18                        32    -14       18
  SINCE JUL 1      8                         0      8        0

 COOLING
  TODAY           12                         8      4       11
  MONTH TO DATE  142                       184    -42      258
  SINCE JUN 1    338                       342     -4      414
  SINCE JAN 1    420                       396     24      522
..................................................................


WIND (MPH)
  HIGHEST WIND SPEED    16   HIGHEST WIND DIRECTION    NW (320)
  HIGHEST GUST SPEED    22   HIGHEST GUST DIRECTION    NW (310)
  AVERAGE WIND SPEED     6.5


SKY COVER
  POSSIBLE SUNSHINE  MM
  AVERAGE SKY COVER 0.3


WEATHER CONDITIONS
 THE FOLLOWING WEATHER WAS RECORDED TODAY.
  NO SIGNIFICANT WEATHER WAS OBSERVED.


RELATIVE HUMIDITY (PERCENT)
 HIGHEST    93           300 AM
 LOWEST     54           100 PM
 AVERAGE    74

..........................................................


THE ZANESVILLE OH CLIMATE NORMALS FOR TOMORROW
                         NORMAL    RECORD    YEAR
 MAXIMUM TEMPERATURE (F)   84        95      1999
 MINIMUM TEMPERATURE (F)   62        49      1954


SUNRISE AND SUNSET
JULY 23 2014..........SUNRISE   618 AM EDT   SUNSET   850 PM EDT
JULY 24 2014..........SUNRISE   619 AM EDT   SUNSET   849 PM EDT


-  INDICATES NEGATIVE NUMBERS.
R  INDICATES RECORD WAS SET OR TIED.
MM INDICATES DATA IS MISSING.
T  INDICATES TRACE AMOUNT.




$$
