000
CDUS41 KPBZ 232213
CLIZZV


CLIMATE REPORT
NATIONAL WEATHER SERVICE PITTSBURGH PA
512 PM EST MON JAN 23 2017


...................................

...THE ZANESVILLE OH CLIMATE SUMMARY FOR JANUARY 23 2017...
VALID TODAY AS OF 0500 PM LOCAL TIME.

CLIMATE NORMAL PERIOD 1981 TO 2010
CLIMATE RECORD PERIOD 1946 TO 2017


WEATHER ITEM   OBSERVED TIME   RECORD YEAR NORMAL DEPARTURE LAST
                VALUE   (LST)  VALUE       VALUE  FROM      YEAR
                                                  NORMAL
..................................................................
TEMPERATURE (F)
 TODAY
  MAXIMUM         56    132 AM  67    1967  37     19       33
  MINIMUM         46    359 PM -16    1963  20     26       12
  AVERAGE         51                        29     22       23

PRECIPITATION (IN)
  TODAY            0.12         MM      MM   0.08   0.04     0.03
  MONTH TO DATE    2.45                      2.02   0.43     0.90
  SINCE JUN 1     21.07                     24.42  -3.35    23.23
  SINCE JAN 1      2.45                      2.02   0.43     0.90

DEGREE DAYS
 HEATING
  TODAY           14                        36    -22       42
  MONTH TO DATE  633                       828   -195      867
  SINCE DEC 1   1609                      1832   -223     1442
  SINCE JUL 1   2466                      2973   -507     2284

 COOLING
  TODAY            0                         0      0        0
  MONTH TO DATE    0                         0      0        0
  SINCE DEC 1      0                         0      0        0
  SINCE JAN 1      0                         0      0        0
..................................................................


WIND (MPH)
  HIGHEST WIND SPEED    21   HIGHEST WIND DIRECTION    NE (60)
  HIGHEST GUST SPEED    25   HIGHEST GUST DIRECTION     E (70)
  AVERAGE WIND SPEED    10.5


SKY COVER
  POSSIBLE SUNSHINE  MM
  AVERAGE SKY COVER 0.9


WEATHER CONDITIONS
 THE FOLLOWING WEATHER WAS RECORDED TODAY.
  LIGHT RAIN


RELATIVE HUMIDITY (PERCENT)
 HIGHEST    86           900 AM
 LOWEST     72           100 AM
 AVERAGE    79

..........................................................


THE ZANESVILLE OH CLIMATE NORMALS FOR TOMORROW
                         NORMAL    RECORD    YEAR
 MAXIMUM TEMPERATURE (F)   37        67      1967
 MINIMUM TEMPERATURE (F)   20       -17      1963


SUNRISE AND SUNSET
JANUARY 23 2017.......SUNRISE   743 AM EST   SUNSET   536 PM EST
JANUARY 24 2017.......SUNRISE   742 AM EST   SUNSET   538 PM EST


-  INDICATES NEGATIVE NUMBERS.
R  INDICATES RECORD WAS SET OR TIED.
MM INDICATES DATA IS MISSING.
T  INDICATES TRACE AMOUNT.




$$
