795
CDUS41 KPBZ 232115
CLIZZV


CLIMATE REPORT
NATIONAL WEATHER SERVICE PITTSBURGH PA
513 PM EDT SAT JUL 23 2016


...................................

...THE ZANESVILLE OH CLIMATE SUMMARY FOR JULY 23 2016...
VALID TODAY AS OF 0500 PM LOCAL TIME.

CLIMATE NORMAL PERIOD 1981 TO 2010
CLIMATE RECORD PERIOD 1946 TO 2016


WEATHER ITEM   OBSERVED TIME   RECORD YEAR NORMAL DEPARTURE LAST
                VALUE   (LST)  VALUE       VALUE  FROM      YEAR
                                                  NORMAL
..................................................................
TEMPERATURE (F)
 TODAY
  MAXIMUM         96R   354 PM  96    1991  84     12       81
  MINIMUM         69    552 AM  41    1947  62      7       58
  AVERAGE         83                        73     10       70

PRECIPITATION (IN)
  TODAY            0.00         MM      MM   0.12  -0.12     0.00
  MONTH TO DATE    1.59                      2.94  -1.35     2.28
  SINCE JUN 1      4.03                      6.98  -2.95     9.62
  SINCE JAN 1     19.01                     22.44  -3.43    25.52

DEGREE DAYS
 HEATING
  TODAY            0                         0      0        0
  MONTH TO DATE    0                         0      0        0
  SINCE JUN 1      4                        32    -28       24
  SINCE JUL 1      0                         0      0        0

 COOLING
  TODAY           18                         8     10        5
  MONTH TO DATE  270                       184     86      147
  SINCE JUN 1    550                       342    208      334
  SINCE JAN 1    644                       396    248      451
..................................................................


WIND (MPH)
  HIGHEST WIND SPEED    14   HIGHEST WIND DIRECTION     W (270)
  HIGHEST GUST SPEED    19   HIGHEST GUST DIRECTION     W (270)
  AVERAGE WIND SPEED     3.8


SKY COVER
  POSSIBLE SUNSHINE  MM
  AVERAGE SKY COVER 0.3


WEATHER CONDITIONS
 THE FOLLOWING WEATHER WAS RECORDED TODAY.
  NO SIGNIFICANT WEATHER WAS OBSERVED.


RELATIVE HUMIDITY (PERCENT)
 HIGHEST    90           100 AM
 LOWEST     42           400 PM
 AVERAGE    66

..........................................................


THE ZANESVILLE OH CLIMATE NORMALS FOR TOMORROW
                         NORMAL    RECORD    YEAR
 MAXIMUM TEMPERATURE (F)   84        95      1999
 MINIMUM TEMPERATURE (F)   62        49      1954


SUNRISE AND SUNSET
JULY 23 2016..........SUNRISE   618 AM EDT   SUNSET   849 PM EDT
JULY 24 2016..........SUNRISE   619 AM EDT   SUNSET   848 PM EDT


-  INDICATES NEGATIVE NUMBERS.
R  INDICATES RECORD WAS SET OR TIED.
MM INDICATES DATA IS MISSING.
T  INDICATES TRACE AMOUNT.




$$
