000
CDUS41 KPBZ 290701
CLIZZV


CLIMATE REPORT
NATIONAL WEATHER SERVICE PITTSBURGH PA
300 AM EDT WED MAR 29 2017


...................................

...THE ZANESVILLE OH CLIMATE SUMMARY FOR MARCH 28 2017...

CLIMATE NORMAL PERIOD 1981 TO 2010
CLIMATE RECORD PERIOD 1946 TO 2017


WEATHER ITEM   OBSERVED TIME   RECORD YEAR NORMAL DEPARTURE LAST
                VALUE   (LST)  VALUE       VALUE  FROM      YEAR
                                                  NORMAL
..................................................................
TEMPERATURE (F)
 YESTERDAY
  MAXIMUM         61   1226 AM  83    1989  56      5       68
  MINIMUM         45   1159 PM  12    1982  34     11       45
  AVERAGE         53                        45      8       57

PRECIPITATION (IN)
  YESTERDAY        0.02         MM      MM   0.11  -0.09     0.56
  MONTH TO DATE    3.63                      2.66   0.97     4.05
  SINCE JUN 1     27.70                     29.89  -2.19    30.34
  SINCE JAN 1      9.08                      7.49   1.59     8.01

DEGREE DAYS
 HEATING
  YESTERDAY       12                        20     -8        8
  MONTH TO DATE  672                       693    -21      433
  SINCE MAR 1    672                       693    -21      433
  SINCE JUL 1   4024                      4884   -860     3779

 COOLING
  YESTERDAY        0                         0      0        0
  MONTH TO DATE    2                         0      2        2
  SINCE MAR 1      2                         0      2        2
  SINCE JAN 1      3                         0      3        2
..................................................................


WIND (MPH)
  HIGHEST WIND SPEED    15   HIGHEST WIND DIRECTION    NW (320)
  HIGHEST GUST SPEED    18   HIGHEST GUST DIRECTION    NW (320)
  AVERAGE WIND SPEED     8.3


SKY COVER
  POSSIBLE SUNSHINE  MM
  AVERAGE SKY COVER 0.9


WEATHER CONDITIONS
 THE FOLLOWING WEATHER WAS RECORDED YESTERDAY.
  LIGHT RAIN
  FOG
  HAZE


RELATIVE HUMIDITY (PERCENT)
 HIGHEST    93           600 AM
 LOWEST     67           400 PM
 AVERAGE    80

..........................................................


THE ZANESVILLE OH CLIMATE NORMALS FOR TODAY
                         NORMAL    RECORD    YEAR
 MAXIMUM TEMPERATURE (F)   57        82      1998
 MINIMUM TEMPERATURE (F)   34        13      2015


SUNRISE AND SUNSET
MARCH 29 2017.........SUNRISE   716 AM EDT   SUNSET   749 PM EDT
MARCH 30 2017.........SUNRISE   714 AM EDT   SUNSET   750 PM EDT


-  INDICATES NEGATIVE NUMBERS.
R  INDICATES RECORD WAS SET OR TIED.
MM INDICATES DATA IS MISSING.
T  INDICATES TRACE AMOUNT.




$$
