000
CDUS41 KPBZ 020805
CLIZZV


CLIMATE REPORT
NATIONAL WEATHER SERVICE PITTSBURGH PA
305 AM EST MON MAR 2 2015


...................................

...THE ZANESVILLE OH CLIMATE SUMMARY FOR MARCH 1 2015...

CLIMATE NORMAL PERIOD 1981 TO 2010
CLIMATE RECORD PERIOD 1946 TO 2015


WEATHER ITEM   OBSERVED TIME   RECORD YEAR NORMAL DEPARTURE LAST
                VALUE   (LST)  VALUE       VALUE  FROM      YEAR
                                                  NORMAL
..................................................................
TEMPERATURE (F)
 YESTERDAY
  MAXIMUM         34    726 PM  71    1972  45    -11       49
  MINIMUM         21    340 AM   3    1960  26     -5       17
  AVERAGE         28                        36     -8       33

PRECIPITATION (IN)
  YESTERDAY        0.30         MM      MM   0.08   0.22     0.00
  MONTH TO DATE    0.30                      0.08   0.22     0.00
  SINCE JUN 1     26.21                     27.31  -1.10    30.89
  SINCE JAN 1      3.80                      4.91  -1.11     2.58

DEGREE DAYS
 HEATING
  YESTERDAY       37                        29      8       32
  MONTH TO DATE   37                        29      8       32
  SINCE MAR 1     37                        29      8       32
  SINCE JUL 1   4694                      4220    474     4589

 COOLING
  YESTERDAY        0                         0      0        0
  MONTH TO DATE    0                         0      0        0
  SINCE MAR 1      0                         0      0        0
  SINCE JAN 1      0                         0      0        0
..................................................................


WIND (MPH)
  HIGHEST WIND SPEED    12   HIGHEST WIND DIRECTION     S (180)
  HIGHEST GUST SPEED    16   HIGHEST GUST DIRECTION     S (190)
  AVERAGE WIND SPEED     5.7


SKY COVER
  POSSIBLE SUNSHINE  MM
  AVERAGE SKY COVER 1.0


WEATHER CONDITIONS
 THE FOLLOWING WEATHER WAS RECORDED YESTERDAY.
  LIGHT RAIN
  LT FREEZING RAIN
  SNOW
  LIGHT SNOW
  FOG


RELATIVE HUMIDITY (PERCENT)
 HIGHEST   100           500 PM
 LOWEST     46          1200 AM
 AVERAGE    73

..........................................................


THE ZANESVILLE OH CLIMATE NORMALS FOR TODAY
                         NORMAL    RECORD    YEAR
 MAXIMUM TEMPERATURE (F)   46        73      1976
 MINIMUM TEMPERATURE (F)   26         0      1978


SUNRISE AND SUNSET
MARCH  2 2015.........SUNRISE   700 AM EST   SUNSET   620 PM EST
MARCH  3 2015.........SUNRISE   658 AM EST   SUNSET   621 PM EST


-  INDICATES NEGATIVE NUMBERS.
R  INDICATES RECORD WAS SET OR TIED.
MM INDICATES DATA IS MISSING.
T  INDICATES TRACE AMOUNT.




$$
