000
CDUS41 KPBZ 050704
CLIZZV


CLIMATE REPORT
NATIONAL WEATHER SERVICE PITTSBURGH PA
304 AM EDT THU MAY 5 2016


...................................

...THE ZANESVILLE OH CLIMATE SUMMARY FOR MAY 4 2016...

CLIMATE NORMAL PERIOD 1981 TO 2010
CLIMATE RECORD PERIOD 1946 TO 2016


WEATHER ITEM   OBSERVED TIME   RECORD YEAR NORMAL DEPARTURE LAST
                VALUE   (LST)  VALUE       VALUE  FROM      YEAR
                                                  NORMAL
..................................................................
TEMPERATURE (F)
 YESTERDAY
  MAXIMUM         66    154 PM  87    1949  69     -3       80
  MINIMUM         48    557 AM  28    2005  45      3       46
  AVERAGE         57                        57      0       63

PRECIPITATION (IN)
  YESTERDAY        0.21         MM      MM   0.13   0.08     0.14
  MONTH TO DATE    0.41                      0.49  -0.08     0.20
  SINCE JUN 1     35.28                     34.16   1.12    36.00
  SINCE JAN 1     12.95                     11.76   1.19    13.59

DEGREE DAYS
 HEATING
  YESTERDAY        8                         8      0        2
  MONTH TO DATE   20                        35    -15       23
  SINCE MAR 1    836                      1201   -365     1273
  SINCE JUL 1   4182                      5392  -1210     5930

 COOLING
  YESTERDAY        0                         0      0        0
  MONTH TO DATE    5                         0      5        0
  SINCE MAR 1     13                         9      4        1
  SINCE JAN 1     13                         9      4        1
..................................................................


WIND (MPH)
  HIGHEST WIND SPEED    18   HIGHEST WIND DIRECTION     W (260)
  HIGHEST GUST SPEED    25   HIGHEST GUST DIRECTION     W (260)
  AVERAGE WIND SPEED     3.9


SKY COVER
  POSSIBLE SUNSHINE  MM
  AVERAGE SKY COVER 0.7


WEATHER CONDITIONS
 THE FOLLOWING WEATHER WAS RECORDED YESTERDAY.
  LIGHT RAIN
  FOG
  HAZE


RELATIVE HUMIDITY (PERCENT)
 HIGHEST    89          1200 AM
 LOWEST     43          1200 PM
 AVERAGE    66

..........................................................


THE ZANESVILLE OH CLIMATE NORMALS FOR TODAY
                         NORMAL    RECORD    YEAR
 MAXIMUM TEMPERATURE (F)   69        89      1952
 MINIMUM TEMPERATURE (F)   46        29      1979


SUNRISE AND SUNSET
MAY  5 2016...........SUNRISE   622 AM EDT   SUNSET   827 PM EDT
MAY  6 2016...........SUNRISE   621 AM EDT   SUNSET   828 PM EDT


-  INDICATES NEGATIVE NUMBERS.
R  INDICATES RECORD WAS SET OR TIED.
MM INDICATES DATA IS MISSING.
T  INDICATES TRACE AMOUNT.




$$
