000
CDUS41 KPBZ 312119
CLIZZV


CLIMATE REPORT
NATIONAL WEATHER SERVICE PITTSBURGH PA
516 PM EDT TUE MAY 31 2016


...................................

...THE ZANESVILLE OH CLIMATE SUMMARY FOR MAY 31 2016...
VALID TODAY AS OF 0500 PM LOCAL TIME.

CLIMATE NORMAL PERIOD 1981 TO 2010
CLIMATE RECORD PERIOD 1946 TO 2016


WEATHER ITEM   OBSERVED TIME   RECORD YEAR NORMAL DEPARTURE LAST
                VALUE   (LST)  VALUE       VALUE  FROM      YEAR
                                                  NORMAL
..................................................................
TEMPERATURE (F)
 TODAY
  MAXIMUM         89    232 PM  91    2011  76     13       81
                                      1953
  MINIMUM         59    536 AM  36    1947  54      5       50
  AVERAGE         74                        65      9       66

PRECIPITATION (IN)
  TODAY            0.00         MM      MM   0.15  -0.15     0.04
  MONTH TO DATE    2.44                      4.19  -1.75     2.51
  SINCE JUN 1     37.31                     37.86  -0.55    38.31
  SINCE JAN 1     14.98                     15.46  -0.48    15.90

DEGREE DAYS
 HEATING
  TODAY            0                         3     -3        0
  MONTH TO DATE  154                       181    -27      109
  SINCE MAR 1    970                      1348   -378     1359
  SINCE JUL 1   4316                      5539  -1223     6016

 COOLING
  TODAY            9                         3      6        1
  MONTH TO DATE   86                        45     41      116
  SINCE MAR 1     94                        54     40      117
  SINCE JAN 1     94                        54     40      117
..................................................................


WIND (MPH)
  HIGHEST WIND SPEED     9   HIGHEST WIND DIRECTION     W (270)
  HIGHEST GUST SPEED    13   HIGHEST GUST DIRECTION     W (250)
  AVERAGE WIND SPEED     2.2


SKY COVER
  POSSIBLE SUNSHINE  MM
  AVERAGE SKY COVER 0.2


WEATHER CONDITIONS
 THE FOLLOWING WEATHER WAS RECORDED TODAY.
  NO SIGNIFICANT WEATHER WAS OBSERVED.


RELATIVE HUMIDITY (PERCENT)
 HIGHEST    90           100 AM
 LOWEST     31           300 PM
 AVERAGE    61

..........................................................


THE ZANESVILLE OH CLIMATE NORMALS FOR TOMORROW
                         NORMAL    RECORD    YEAR
 MAXIMUM TEMPERATURE (F)   77        90      1988
 MINIMUM TEMPERATURE (F)   54        40      1955


SUNRISE AND SUNSET
MAY 31 2016...........SUNRISE   601 AM EDT   SUNSET   850 PM EDT
JUNE  1 2016..........SUNRISE   601 AM EDT   SUNSET   851 PM EDT


-  INDICATES NEGATIVE NUMBERS.
R  INDICATES RECORD WAS SET OR TIED.
MM INDICATES DATA IS MISSING.
T  INDICATES TRACE AMOUNT.




$$
