000
CXUS51 KBTV 011347
CLM1V4


CLIMATE REPORT
NATIONAL WEATHER SERVICE BURLINGTON VT
943 AM EDT SAT NOV 1 2014

...................................

...THE ST. JOHNSBURY VT CLIMATE SUMMARY FOR THE MONTH OF OCTOBER 2014...

CLIMATE NORMAL PERIOD 1981 TO 2010
CLIMATE RECORD PERIOD 1894 TO 2014

WEATHER         OBSERVED          NORMAL  DEPART  LAST YEAR`S
                 VALUE   DATE(S)  VALUE   FROM    VALUE  DATE(S)
                                          NORMAL
................................................................
TEMPERATURE (F)
RECORD
 HIGH              92   10/10/1909
 LOW               13   10/20/1972
                        10/31/1966
                        10/28/1936
HIGHEST            77   10/15        MM      MM       75  10/02
                                                          10/01
LOWEST             29   10/13        MM      MM       19  10/29
AVG. MAXIMUM     58.2              57.8     0.4     59.0
AVG. MINIMUM     42.4              36.6     5.8     37.5
MEAN             50.3              47.2     3.1     48.2
DAYS MAX >= 90      0               0.0     0.0        0
DAYS MAX <= 32      0               0.0     0.0        0
DAYS MIN <= 32      2              10.6    -8.6       10
DAYS MIN <= 0       0               0.0     0.0        0

PRECIPITATION (INCHES)
RECORD
 MAXIMUM         8.59   2005
 MINIMUM         0.29   1924
TOTALS           4.87              3.87    1.00     2.24
DAILY AVG.       0.16              0.12    0.04     0.07
DAYS >= .01        17              13.5     3.5       13
DAYS >= .10        11               7.0     4.0        5
DAYS >= .50         3               2.3     0.7        3
DAYS >= 1.00        1               1.0     0.0        0
GREATEST
 24 HR. TOTAL    1.49   10/04 TO 10/05           10/17 TO 10/18
                                                          10/30 TO 10/30
                                                          10/30 TO 10/30
 STORM TOTAL       MM                                 MM
 (MM/DD(HH))            MM                    10/18(00) TO 10/18(00)
                                                 10/30(00) TO 10/30(00)0
                                                 10/30(00) TO 10/30(00)0

DEGREE_DAYS
HEATING TOTAL     451               553    -102      511
 SINCE 7/1        735               787     -52      819
COOLING TOTAL       5                 1       4        0
 SINCE 1/1        252               433    -181      407
.................................................

WIND (MPH)
AVERAGE WIND SPEED              MM
HIGHEST WIND SPEED/DIRECTION    MM        DATE   MM
HIGHEST GUST SPEED/DIRECTION    MM        DATE   MM

SKY COVER
POSSIBLE SUNSHINE (PERCENT)   MM
AVERAGE SKY COVER           0.00
NUMBER OF DAYS FAIR           31
NUMBER OF DAYS PC              0
NUMBER OF DAYS CLOUDY          0

AVERAGE RH (PERCENT)     77

WEATHER CONDITIONS. NUMBER OF DAYS WITH
THUNDERSTORM              0     MIXED PRECIP               0
HEAVY RAIN                0     RAIN                       0
LIGHT RAIN                0     FREEZING RAIN              0
LT FREEZING RAIN          0     HAIL                       0
HEAVY SNOW                0     SNOW                       0
LIGHT SNOW                0     SLEET                      0
FOG                       0     FOG W/VIS <= 1/4 MILE      0
HAZE                      0

-  INDICATES NEGATIVE NUMBERS.
R  INDICATES RECORD WAS SET OR TIED.
MM INDICATES DATA IS MISSING.
T  INDICATES TRACE AMOUNT.

$$
