000
CXUS53 KABR 011333
CLM8D3


CLIMATE REPORT
NATIONAL WEATHER SERVICE ABERDEEN SD
827 AM CDT WED NOV 1 2017

...................................

...THE SISSETON SD CLIMATE SUMMARY FOR THE MONTH OF OCTOBER 2017...

CLIMATE NORMAL PERIOD 1981 TO 2010
CLIMATE RECORD PERIOD 1900 TO 2017

WEATHER         OBSERVED          NORMAL  DEPART  LAST YEAR`S
                 VALUE   DATE(S)  VALUE   FROM    VALUE  DATE(S)
                                          NORMAL
................................................................
TEMPERATURE (F)
RECORD
 HIGH              95   10/11/2015
                        10/10/1955
                        10/03/1938
 LOW                4   10/26/1936
HIGHEST            78   10/20        59      19       80  10/03
                                                          10/02
LOWEST             13   10/28        MM      MM       24  10/24
AVG. MAXIMUM     60.7              57.2     3.5     60.9
AVG. MINIMUM     36.8              35.5     1.3     38.4
MEAN             48.8              46.3     2.5     49.6
DAYS MAX >= 90      0               0.0     0.0        0
DAYS MAX <= 32      0               0.4    -0.4        0
DAYS MIN <= 32     11              11.1    -0.1        9
DAYS MIN <= 0       0               0.0     0.0        0

PRECIPITATION (INCHES)
RECORD
 MAXIMUM         7.95   1998
 MINIMUM            T   1933
TOTALS           1.55              2.08   -0.53     2.67
DAYS >= .01         5                MM      MM        7
DAYS >= .10         4                MM      MM        3
DAYS >= .50         1                MM      MM        2
DAYS >= 1.00        0                MM      MM        1

SNOWFALL (INCHES)
RECORDS
 TOTAL            6.0   5

 SNOW DEPTH        MM   MM
TOTALS              T                MM      MM      0.0
SINCE 7/1           T                MM      MM      0.0
SNOWDEPTH AVG.      0                MM      MM        0
DAYS >= TRACE       2                MM      MM        0
DAYS >= 1.0         0                MM      MM        0
GREATEST
 SNOW DEPTH         0   MM                             0  MM

DEGREE_DAYS
HEATING TOTAL     499               582     -83      467
 SINCE 7/1        652               827    -175      612
COOLING TOTAL       5                 4       1        0
 SINCE 1/1        554               527      27      625

FREEZE DATES
RECORD
 EARLIEST     MM
 LATEST       MM
EARLIEST      10/09             MM
LATEST                          MM
.................................................................

WIND (MPH)
AVERAGE WIND SPEED              12.4
RESULTANT WIND SPEED/DIRECTION   5/279
HIGHEST WIND SPEED/DIRECTION    44/340    DATE  10/26
HIGHEST GUST SPEED/DIRECTION    56/330    DATE  10/26

SKY COVER
POSSIBLE SUNSHINE (PERCENT)   MM
AVERAGE SKY COVER           0.00
NUMBER OF DAYS FAIR           31
NUMBER OF DAYS PC              0
NUMBER OF DAYS CLOUDY          0

AVERAGE RH (PERCENT)     64

WEATHER CONDITIONS. NUMBER OF DAYS WITH
THUNDERSTORM              0     MIXED PRECIP               0
HEAVY RAIN                4     RAIN                       3
LIGHT RAIN                5     FREEZING RAIN              0
LT FREEZING RAIN          0     HAIL                       0
HEAVY SNOW                0     SNOW                       0
LIGHT SNOW                2     SLEET                      0
FOG                       0     FOG W/VIS <= 1/4 MILE      0
HAZE                      0

-  INDICATES NEGATIVE NUMBERS.
R  INDICATES RECORD WAS SET OR TIED.
MM INDICATES DATA IS MISSING.
T  INDICATES TRACE AMOUNT.

$$
