000
CXUS54 KSJT 011501
CLMABI

CLIMATE REPORT
NATIONAL WEATHER SERVICE SAN ANGELO TX
1001 AM CDT TUE SEP 1 2015

...................................

...THE ABILENE CLIMATE SUMMARY FOR THE MONTH OF AUGUST 2015...

CLIMATE NORMAL PERIOD 1981 TO 2010
CLIMATE RECORD PERIOD 1886 TO 2015

WEATHER         OBSERVED          NORMAL  DEPART  LAST YEAR`S
                 VALUE   DATE(S)  VALUE   FROM    VALUE  DATE(S)
                                          NORMAL
................................................................
TEMPERATURE (F)
RECORD
 HIGH             111   08/03/1943
 LOW               50   08/28/1992
HIGHEST           104   08/09        MM      MM      103  08/07
LOWEST             60   08/19        MM      MM       64  08/03
                                                          08/01
AVG. MAXIMUM     97.6              94.0     3.6     96.7
AVG. MINIMUM     72.2              71.6     0.6     72.9
MEAN             84.9              82.8     2.1     84.8
DAYS MAX >= 90     29              24.3     4.7       30
DAYS MAX <= 32      0               0.0     0.0        0
DAYS MIN <= 32      0               0.0     0.0        0
DAYS MIN <= 0       0               0.0     0.0        0

PRECIPITATION (INCHES)
RECORD
 MAXIMUM        15.70   1914
 MINIMUM         0.00   2000
TOTALS           0.62              2.59   -1.97     0.30
DAILY AVG.       0.02              0.08   -0.06     0.01
DAYS >= .01         4               5.9    -1.9        3
DAYS >= .10         2               3.8    -1.8        1
DAYS >= .50         0               1.7    -1.7        0
DAYS >= 1.00        0               0.6    -0.6        0
GREATEST
 24 HR. TOTAL    0.45   08/19 TO 08/19
                        08/19 TO 08/20

SNOWFALL (INCHES)
RECORDS
 TOTAL             MM   5
TOTALS            0.0               0.0     0.0      0.0
SINCE 7/1         0.0               0.0     0.0      0.0
SNOWDEPTH AVG.      0                MM      MM        0
DAYS >= 1.0         0               0.0     0.0        0
GREATEST
 SNOW DEPTH         0   MM                             0  MM
 24 HR TOTAL      0.0   08/31 TO 08/31

DEGREE_DAYS
HEATING TOTAL       0                 0       0        0
 SINCE 7/1          0                 0       0        0
COOLING TOTAL     624               552      72      622
 SINCE 1/1       2085              1945     140     2184
.................................................................

WIND (MPH)
AVERAGE WIND SPEED              9.5
HIGHEST WIND SPEED/DIRECTION    39/110    DATE  08/25
HIGHEST GUST SPEED/DIRECTION    46/110    DATE  08/25

SKY COVER
AVERAGE SKY COVER           0.10

AVERAGE RH (PERCENT)     52

WEATHER CONDITIONS. NUMBER OF DAYS WITH
THUNDERSTORM              2     MIXED PRECIP               0
HEAVY RAIN                1     RAIN                       3
LIGHT RAIN                5     FREEZING RAIN              0
LT FREEZING RAIN          0     HAIL                       0
HEAVY SNOW                0     SNOW                       0
LIGHT SNOW                0     SLEET                      0
FOG                       2     FOG W/VIS <= 1/4 MILE      0
HAZE                      1

-  INDICATES NEGATIVE NUMBERS.
R  INDICATES RECORD WAS SET OR TIED.
MM INDICATES DATA IS MISSING.
T  INDICATES TRACE AMOUNT.

$$
