000
CXUS51 KPHI 031108
CLMACY


CLIMATE REPORT
NATIONAL WEATHER SERVICE MOUNT HOLLY NJ
708 AM EDT TUE MAY 3 2016

...................................

...THE ATLANTIC CITY CLIMATE SUMMARY FOR THE MONTH OF APRIL 2016...

CLIMATE NORMAL PERIOD 1981 TO 2010
CLIMATE RECORD PERIOD 1874 TO 2016

WEATHER         OBSERVED          NORMAL  DEPART  LAST YEAR`S
                 VALUE   DATE(S)  VALUE   FROM    VALUE  DATE(S)
                                          NORMAL
................................................................
TEMPERATURE (F)
RECORD
 HIGH              94   04/17/2002
                        04/27/1969
 LOW               12   04/01/1969
HIGHEST            86   04/26        82       4       77  04/29
LOWEST             22   04/06        26      -4       28  04/02
AVG. MAXIMUM     61.4              61.7    -0.3     63.8
AVG. MINIMUM     39.1              41.8    -2.7     41.1
MEAN             50.2              51.7    -1.5     52.5
DAYS MAX >= 90      0               0.2    -0.2        0
DAYS MAX <= 32      0               0.0     0.0        0
DAYS MIN <= 32     10               3.7     6.3        4
DAYS MIN <= 0       0               0.0     0.0        0

PRECIPITATION (INCHES)
RECORD
 MAXIMUM         7.59   1964
 MINIMUM         0.84   1976
TOTALS           2.91              3.63   -0.72     2.55
DAILY AVG.       0.10              0.12   -0.02     0.09
DAYS >= .01        12              11.6     0.4       10
DAYS >= .10         8               6.9     1.1        6
DAYS >= .50         2               2.2    -0.2        1
DAYS >= 1.00        0               0.9    -0.9        0
GREATEST
 24 HR. TOTAL    0.76   04/09 TO 04/09              0.96
                        04/08 TO 04/09
                        04/09 TO 04/09

SNOWFALL (INCHES)
RECORDS
 TOTAL              T   2014
                        5
                        0
 24 HR TOTAL       MM
TOTALS            1.8R              0.3     1.5      0.0
SINCE 7/1        27.5              16.5    11.0     22.4
SNOWDEPTH AVG.      0                MM      MM        0
DAYS >= 1.0         1               0.1     0.9        0
GREATEST
 SNOW DEPTH         0   MM                             0  MM
 24 HR TOTAL      1.8   MM                           0.0

DEGREE_DAYS
HEATING TOTAL     444               407      37      372
 SINCE 7/1       3856              4704    -848     5074
COOLING TOTAL      11                 9       2        0
 SINCE 1/1         14                 9       5        0
.................................................................

WIND (MPH)
AVERAGE WIND SPEED              9.7
HIGHEST WIND SPEED/DIRECTION    39/290    DATE  04/03
HIGHEST GUST SPEED/DIRECTION    56/160    DATE  04/07

SKY COVER
POSSIBLE SUNSHINE (PERCENT)   MM
AVERAGE SKY COVER           0.30
NUMBER OF DAYS FAIR           17
NUMBER OF DAYS PC              9
NUMBER OF DAYS CLOUDY          4

AVERAGE RH (PERCENT)     63

WEATHER CONDITIONS. NUMBER OF DAYS WITH
THUNDERSTORM              0     MIXED PRECIP               0
HEAVY RAIN                4     RAIN                       7
LIGHT RAIN               13     FREEZING RAIN              0
LT FREEZING RAIN          0     HEAVY SNOW                 0
SNOW                      1     LIGHT SNOW                 1
SLEET                     0     FOG                       13
FOG W/VIS <= 1/4 MILE     0     HAZE                       1

-  INDICATES NEGATIVE NUMBERS.
R  INDICATES RECORD WAS SET OR TIED.
MM INDICATES DATA IS MISSING.
T  INDICATES TRACE AMOUNT.

$$
