000
CXUS52 KCAE 012243
CLMAGS


CLIMATE REPORT
NATIONAL WEATHER SERVICE COLUMBIA SC
641 PM EDT WED NOV 1 2017

...................................

...THE AUGUSTA BUSH FIELD GA CLIMATE SUMMARY FOR THE MONTH OF OCTOBER 2017...

CLIMATE NORMAL PERIOD 1981 TO 2010
CLIMATE RECORD PERIOD 1873 TO 2017

WEATHER         OBSERVED          NORMAL  DEPART
                 VALUE   DATE(S)  VALUE   FROM
                                          NORMAL
................................................
TEMPERATURE (F)
RECORD
 HIGH              97   10/06/1954
                        10/05/1954
                        10/04/1954
 LOW               22   10/30/1952
HIGHEST            94   10/12        MM      MM
LOWEST             30   10/30        MM      MM
AVG. MAXIMUM     82.4              77.7     4.7
AVG. MINIMUM     54.7              51.0     3.7
MEAN             68.5              64.4     4.1
DAYS MAX >= 90      7               0.8     6.2
DAYS MAX <= 32      0               0.0     0.0
DAYS MIN <= 32      1               0.6     0.4
DAYS MIN <= 0       0               0.0     0.0

PRECIPITATION (INCHES)
RECORD
 MAXIMUM        14.82   1990
 MINIMUM            T   1953
TOTALS           0.83              3.27   -2.44
DAILY AVG.       0.03              0.11   -0.08
DAYS >= .01         4               6.5    -2.5
DAYS >= .10         2               4.0    -2.0
DAYS >= .50         1               2.0    -1.0
DAYS >= 1.00        0               1.0    -1.0
GREATEST
 24 HR. TOTAL    0.59   10/08 TO 10/08
 STORM TOTAL       MM
 (MM/DD(HH))            MM

SNOWFALL (INCHES)
RECORDS
 TOTAL             MM   MM
TOTALS            0.0               0.0     0.0
SINCE 7/1         0.0               0.0     0.0
DAYS >= TRACE       0               0.0     0.0
DAYS >= 1.0         0               0.0     0.0
GREATEST
 SNOW DEPTH         0   MM

DEGREE_DAYS
HEATING TOTAL      73               107     -34
 SINCE 7/1         73               114     -41
COOLING TOTAL     191                86     105
 SINCE 1/1       2678              2070     608

FREEZE DATES
RECORD
 EARLIEST     MM
 LATEST       MM
EARLIEST      10/30             MM
LATEST                          MM
.................................................

WIND (MPH)
AVERAGE WIND SPEED              4.9
RESULTANT WIND SPEED/DIRECTION   1/079
HIGHEST WIND SPEED/DIRECTION    29/280    DATE  10/29
HIGHEST GUST SPEED/DIRECTION    39/280    DATE  10/29

SKY COVER
POSSIBLE SUNSHINE (PERCENT)   MM
AVERAGE SKY COVER           0.30
NUMBER OF DAYS FAIR           18
NUMBER OF DAYS PC             10
NUMBER OF DAYS CLOUDY          3

AVERAGE RH (PERCENT)     68

WEATHER CONDITIONS. NUMBER OF DAYS WITH
THUNDERSTORM              1     MIXED PRECIP               0
HEAVY RAIN                2     RAIN                       3
LIGHT RAIN               10     FREEZING RAIN              0
LT FREEZING RAIN          0     HAIL                       0
HEAVY SNOW                0     SNOW                       0
LIGHT SNOW                0     SLEET                      0
FOG                      20     FOG W/VIS <= 1/4 MILE      3
HAZE                      3

-  INDICATES NEGATIVE NUMBERS.
R  INDICATES RECORD WAS SET OR TIED.
MM INDICATES DATA IS MISSING.
T  INDICATES TRACE AMOUNT.

$$
