000
CXUS54 KBMX 021612
CLMANB


CLIMATE REPORT
NATIONAL WEATHER SERVICE BIRMINGHAM, AL
1058 AM CDT THU NOV 2 2017

...................................

...THE ANNISTON CLIMATE SUMMARY FOR THE MONTH OF OCTOBER 2017...

CLIMATE NORMAL PERIOD 1981 TO 2010
CLIMATE RECORD PERIOD 1903 TO 2017

WEATHER         OBSERVED          NORMAL  DEPART  LAST YEAR`S
                 VALUE   DATE(S)  VALUE   FROM    VALUE  DATE(S)
                                          NORMAL
................................................................
TEMPERATURE (F)
RECORD
 HIGH              99   10/05/1954
 LOW               22   10/30/1952
HIGHEST            88   10/13        MM      MM       90  10/20
                        10/11                             10/19
                                                          10/07
LOWEST             32   10/30        MM      MM       38  10/23
AVG. MAXIMUM     76.1              74.8     1.3     84.3
AVG. MINIMUM     53.7              51.3     2.4     54.0
MEAN             64.9                               69.1
DAYS MAX >= 90      0               0.2    -0.2        3
DAYS MAX <= 32      0               0.0     0.0        0
DAYS MIN <= 32      1               0.6     0.4        0
DAYS MIN <= 0       0               0.0     0.0        0

PRECIPITATION (INCHES)
RECORD
 MAXIMUM         9.35   1995
 MINIMUM         0.00   1963
TOTALS           6.85              3.12    3.73        T
DAILY AVG.       0.22              0.10    0.12
DAYS >= .01         7               7.1    -0.1
DAYS >= .10         7               4.5     2.5
DAYS >= .50         5               2.2     2.8
DAYS >= 1.00        2               0.8     1.2

DEGREE_DAYS
HEATING TOTAL     126               131      -5       24
 SINCE 7/1        135               142      -7       26
COOLING TOTAL     130                71      59      158
 SINCE 1/1       1943              1854      89     2420
.................................................................

WIND (MPH)
AVERAGE WIND SPEED              5.1
HIGHEST WIND SPEED/DIRECTION    28/140    DATE  10/08
HIGHEST GUST SPEED/DIRECTION    45/120    DATE  10/08

AVERAGE RH (PERCENT)     71

WEATHER CONDITIONS. NUMBER OF DAYS WITH
THUNDERSTORM              0     MIXED PRECIP               0
HEAVY RAIN                4     RAIN                       5
LIGHT RAIN                9     FREEZING RAIN              0
LT FREEZING RAIN          0     HAIL                       0
HEAVY SNOW                0     SNOW                       0
LIGHT SNOW                0     SLEET                      0
FOG                      11     FOG W/VIS <= 1/4 MILE      2
HAZE                      1

-  INDICATES NEGATIVE NUMBERS.
R  INDICATES RECORD WAS SET OR TIED.
MM INDICATES DATA IS MISSING.
T  INDICATES TRACE AMOUNT.

$$
