000
CXUS53 KAPX 010954
CLMANJ


CLIMATE REPORT
NATIONAL WEATHER SERVICE GAYLORD MI
553 AM EDT THU JUN 1 2017

...................................

...THE SAULT STE MARIE MI CLIMATE SUMMARY FOR THE MONTH OF MAY 2017...

CLIMATE NORMAL PERIOD 1981 TO 2010
CLIMATE RECORD PERIOD 1888 TO 2017

WEATHER         OBSERVED          NORMAL  DEPART  LAST YEAR`S
                 VALUE   DATE(S)  VALUE   FROM    VALUE  DATE(S)
                                          NORMAL
................................................................
TEMPERATURE (F)
RECORD
 HIGH              91   05/31/1919
                        05/30/1919
 LOW               18   05/07/1966
HIGHEST            79   05/17        MM      MM       82  05/24
LOWEST             28   05/09        MM      MM       31  05/16
                                                          05/15
                                                          05/09
AVG. MAXIMUM     60.8              62.7    -1.9     65.5
AVG. MINIMUM     42.9              40.9     2.0     42.2
MEAN             51.8              51.8     0.0     53.9
DAYS MAX >= 90      0               0.0     0.0        0
DAYS MAX <= 32      0               0.0     0.0        0
DAYS MIN <= 32      2               3.5    -1.5        3
DAYS MIN <= 0       0               0.0     0.0        0

PRECIPITATION (INCHES)
RECORD
 MAXIMUM           MM   MM
 MINIMUM           MM   MM
TOTALS           2.86              2.57    0.29     1.76
DAILY AVG.       0.09              0.08    0.01     0.06
DAYS >= .01        14              11.2     2.8       11
DAYS >= .10         7               6.1     0.9        4
DAYS >= .50         1               1.5    -0.5        1
DAYS >= 1.00        0               0.3    -0.3        0
GREATEST
 24 HR. TOTAL    0.90   05/01 TO 05/01
 STORM TOTAL       MM
 (MM/DD(HH))            MM

SNOWFALL (INCHES)
RECORDS
 TOTAL             MM   MM
TOTALS            0.0               0.1    -0.1      0.3
SINCE 7/1       137.5             120.4    17.1     92.2
SNOWDEPTH AVG.      0                MM      MM        0
DAYS >= TRACE       0               0.4    -0.4        2
DAYS >= 1.0         0               0.0     0.0        0
GREATEST
 SNOW DEPTH         0   MM                            -1  05/15
 24 HR TOTAL      0.0   05/31 TO 05/31               0.2

DEGREE_DAYS
COOLING TOTAL       1                 5      -4
 SINCE 1/1          1                 5      -4

FREEZE DATES
RECORD
 EARLIEST     MM
 LATEST       MM
EARLIEST      05/08             MM
LATEST        05/09             MM
.................................................................

WIND (MPH)
AVERAGE WIND SPEED              7.1
HIGHEST WIND SPEED/DIRECTION    30/290    DATE  05/17
HIGHEST GUST SPEED/DIRECTION    41/290    DATE  05/17

SKY COVER
POSSIBLE SUNSHINE (PERCENT)   MM
AVERAGE SKY COVER           0.50
NUMBER OF DAYS FAIR           11
NUMBER OF DAYS PC              8
NUMBER OF DAYS CLOUDY         12

AVERAGE RH (PERCENT)     67

WEATHER CONDITIONS. NUMBER OF DAYS WITH
THUNDERSTORM              0     MIXED PRECIP               0
HEAVY RAIN                4     RAIN                       9
LIGHT RAIN               18     FREEZING RAIN              0
LT FREEZING RAIN          0     HAIL                       0
HEAVY SNOW                0     SNOW                       0
LIGHT SNOW                0     SLEET                      0
FOG                      13     FOG W/VIS <= 1/4 MILE      2
HAZE                      5

-  INDICATES NEGATIVE NUMBERS.
R  INDICATES RECORD WAS SET OR TIED.
MM INDICATES DATA IS MISSING.
T  INDICATES TRACE AMOUNT.

$$
