000
CXUS53 KAPX 022029
CLMAPN


CLIMATE REPORT
NATIONAL WEATHER SERVICE GAYLORD MI
428 PM EDT WED JUL 2 2014

...................................

...THE ALPENA MI CLIMATE SUMMARY FOR THE MONTH OF JUNE 2014...

CLIMATE NORMAL PERIOD 1981 TO 2010
CLIMATE RECORD PERIOD 1916 TO 2014

WEATHER         OBSERVED          NORMAL  DEPART  LAST YEAR`S
                 VALUE   DATE(S)  VALUE   FROM    VALUE  DATE(S)
                                          NORMAL
................................................................
TEMPERATURE (F)
RECORD
 HIGH             103   06/19/1995
 LOW               28   06/01/1966
                        06/03/1964
HIGHEST            89   06/30        MM      MM       89  06/24
                        06/01                             06/23
LOWEST             39   06/06        MM      MM       37  06/04
                                                          06/03
AVG. MAXIMUM     74.9              74.5     0.4     73.9
AVG. MINIMUM     50.7              49.7     1.0     50.9
MEAN             62.8              62.1     0.7     62.4
DAYS MAX >= 90      0               1.2    -1.2        0
DAYS MAX <= 32      0               0.0     0.0        0
DAYS MIN <= 32      0               0.1    -0.1        0
DAYS MIN <= 0       0               0.0     0.0        0

PRECIPITATION (INCHES)
RECORD
 MAXIMUM           MM   MM
 MINIMUM           MM   MM
TOTALS           1.18              2.62   -1.44     2.03
DAILY AVG.       0.04              0.09   -0.05     0.07
DAYS >= .01         9              10.8    -1.8        8
DAYS >= .10         3               6.2    -3.2        3
DAYS >= .50         0               1.8    -1.8        3
DAYS >= 1.00        0               0.3    -0.3        0
GREATEST
 24 HR. TOTAL    0.38   06/17 TO 06/18
 STORM TOTAL       MM
 (MM/DD(HH))            MM

SNOWFALL (INCHES)
RECORDS
 TOTAL             MM   MM
 SNOW DEPTH        MM   MM
TOTALS            0.0               0.0     0.0      0.0
SINCE 7/1        64.0              84.3   -20.3     48.4
SNOWDEPTH AVG.      0                MM      MM        0
DAYS >= TRACE       0               0.0     0.0        0
DAYS >= 1.0         0               0.0     0.0        0
GREATEST
 SNOW DEPTH         0   MM                             0  MM
 24 HR TOTAL      0.0   06/30 TO 06/30               0.0

DEGREE_DAYS
HEATING TOTAL     112               143     -31      136
 SINCE 7/1       9165              8100    1065     7736
COOLING TOTAL      55                56      -1       64
 SINCE 1/1         60                69      -9       77

FREEZE DATES
RECORD
 EARLIEST     MM
 LATEST       MM
EARLIEST      09/17             MM
LATEST        05/18             MM
.................................................................

WIND (MPH)
AVERAGE WIND SPEED              6.4
HIGHEST WIND SPEED/DIRECTION    33/190    DATE  06/29
HIGHEST GUST SPEED/DIRECTION    44/190    DATE  06/29

SKY COVER
POSSIBLE SUNSHINE (PERCENT)   MM
AVERAGE SKY COVER           0.40
NUMBER OF DAYS FAIR           14
NUMBER OF DAYS PC             11
NUMBER OF DAYS CLOUDY          5

AVERAGE RH (PERCENT)     68

WEATHER CONDITIONS. NUMBER OF DAYS WITH
THUNDERSTORM              0     MIXED PRECIP               0
HEAVY RAIN                2     RAIN                       3
LIGHT RAIN               15     FREEZING RAIN              0
LT FREEZING RAIN          0     HAIL                       0
HEAVY SNOW                0     SNOW                       0
LIGHT SNOW                0     SLEET                      0
FOG                      10     FOG W/VIS <= 1/4 MILE      2
HAZE                      1

-  INDICATES NEGATIVE NUMBERS.
R  INDICATES RECORD WAS SET OR TIED.
MM INDICATES DATA IS MISSING.
T  INDICATES TRACE AMOUNT.

$$
