000
CXUS53 KAPX 011747
CLMAPN


CLIMATE REPORT
NATIONAL WEATHER SERVICE GAYLORD MI
1237 PM EST MON FEB 1 2016

...................................

...THE ALPENA MI CLIMATE SUMMARY FOR THE MONTH OF JANUARY 2016...

CLIMATE NORMAL PERIOD 1981 TO 2010
CLIMATE RECORD PERIOD 1916 TO 2016

WEATHER         OBSERVED          NORMAL  DEPART  LAST YEAR`S
                 VALUE   DATE(S)  VALUE   FROM    VALUE  DATE(S)
                                          NORMAL
................................................................
TEMPERATURE (F)
RECORD
 HIGH              62   01/26/1944
 LOW              -28   01/16/1994
                        01/15/1963
HIGHEST            43   01/31        26      17       38  01/18
                                                          01/17
LOWEST            -10   01/05         9     -19      -14  01/14
AVG. MAXIMUM     29.8              26.8     3.0     24.5
AVG. MINIMUM     15.0              11.5     3.5      4.1
MEAN             22.4              19.1     3.3     14.3
DAYS MAX >= 90      0               0.0     0.0        0
DAYS MAX <= 32     19              21.4    -2.4       26
DAYS MIN <= 32     29              30.0    -1.0       31
DAYS MIN <= 0       3               5.8    -2.8       12

PRECIPITATION (INCHES)
RECORD
 MAXIMUM           MM   MM
 MINIMUM           MM   MM
TOTALS           1.90              1.66    0.24     1.19
DAILY AVG.       0.06              0.05    0.01     0.04
DAYS >= .01        18              14.9     3.1       15
DAYS >= .10         6               4.9     1.1        5
DAYS >= .50         0               0.4    -0.4        0
DAYS >= 1.00        0               0.1    -0.1        0
GREATEST
 24 HR. TOTAL    0.87   01/10 TO 01/11
 STORM TOTAL       MM
 (MM/DD(HH))            MM

SNOWFALL (INCHES)
RECORDS
 TOTAL             MM   MM
 SNOW DEPTH        MM   MM
TOTALS           12.6              21.3    -8.7     15.3
SINCE 7/1        24.6              48.6   -24.0     31.4
SNOWDEPTH AVG.      6                 8      -2        4
DAYS >= TRACE      24              15.7     8.3       27
DAYS >= 1.0         3               7.7    -4.7        6
GREATEST
 SNOW DEPTH         8   01/08                          6  01/31
                        01/07                             01/30
                        01/06                             01/29
 24 HR TOTAL      2.8   MM                           5.0

DEGREE_DAYS
HEATING TOTAL    1313              1421    -108     1565
 SINCE 7/1       3561              4482    -921     4636
COOLING TOTAL       0                 0       0        0
 SINCE 1/1          0                 0       0        0

FREEZE DATES
RECORD
 EARLIEST     MM
 LATEST       MM
EARLIEST                        MM
LATEST                          MM
.................................................................

WIND (MPH)
AVERAGE WIND SPEED              7.2
HIGHEST WIND SPEED/DIRECTION    29/320    DATE  01/10
HIGHEST GUST SPEED/DIRECTION    38/330    DATE  01/10

SKY COVER
POSSIBLE SUNSHINE (PERCENT)   MM
AVERAGE SKY COVER           0.80
NUMBER OF DAYS FAIR            1
NUMBER OF DAYS PC              9
NUMBER OF DAYS CLOUDY         21

AVERAGE RH (PERCENT)     76

WEATHER CONDITIONS. NUMBER OF DAYS WITH
THUNDERSTORM              0     MIXED PRECIP               0
HEAVY RAIN                0     RAIN                       3
LIGHT RAIN                4     FREEZING RAIN              0
LT FREEZING RAIN          1     HAIL                       0
HEAVY SNOW                2     SNOW                       4
LIGHT SNOW               24     SLEET                      0
FOG                      16     FOG W/VIS <= 1/4 MILE      2
HAZE                     14

-  INDICATES NEGATIVE NUMBERS.
R  INDICATES RECORD WAS SET OR TIED.
MM INDICATES DATA IS MISSING.
T  INDICATES TRACE AMOUNT.

$$
