000
CXUS43 KLOT 011626
CLMARR


CLIMATE REPORT
NATIONAL WEATHER SERVICE CHICAGO IL
1024 AM CST FRI DEC 1 2017

...................................

...THE AURORA MUNICIPAL AIRPORT CLIMATE SUMMARY FOR THE MONTH OF NOVEMBER 2017...

CLIMATE NORMAL PERIOD 1981 TO 2010
CLIMATE RECORD PERIOD 1998 TO 2017

WEATHER         OBSERVED          NORMAL  DEPART  LAST YEAR`S
                 VALUE   DATE(S)  VALUE   FROM    VALUE
                                          NORMAL
.............................................................
TEMPERATURE (F)
RECORD
 HIGH              77   11/01/2016
 LOW                0   11/22/2015
HIGHEST            63   11/24        MM      MM       77
LOWEST             15   11/10        MM      MM       16
AVG. MAXIMUM     46.5              47.8    -1.3     56.0
AVG. MINIMUM     27.8              28.4    -0.6     34.8
MEAN             37.1              38.1    -1.0     45.4

PRECIPITATION (INCHES)
RECORD
 MAXIMUM         5.67   2003
 MINIMUM         0.52   2002
                        1999
TOTALS           1.45              3.14   -1.69     2.26

DEGREE_DAYS
HEATING TOTAL     829               807      22      584
 SINCE 7/1       1237              1414    -177      898
COOLING TOTAL       0                 0       0        3
 SINCE 1/1        713               655      58     1039
..............................................................

WIND (MPH)
AVERAGE WIND SPEED              9.0
HIGHEST WIND SPEED/DIRECTION    31/290    DATE  11/15
HIGHEST GUST SPEED/DIRECTION    37/300    DATE  11/15

AVERAGE RH (PERCENT)     75


-  INDICATES NEGATIVE NUMBERS.
R  INDICATES RECORD WAS SET OR TIED.
MM INDICATES DATA IS MISSING.
T  INDICATES TRACE AMOUNT.

$$
