000
CXUS55 KGJT 011201
CLMASE


CLIMATE REPORT
NATIONAL WEATHER SERVICE GRAND JUNCTION CO
555 AM MDT FRI APR 1 2016

...................................

...THE ASPEN CO CLIMATE SUMMARY FOR THE MONTH OF MARCH 2016...

CLIMATE NORMAL PERIOD 1981 TO 2010
CLIMATE RECORD PERIOD 9999 TO 9999

WEATHER         OBSERVED          NORMAL  DEPART  LAST YEAR`S
                 VALUE   DATE(S)  VALUE   FROM    VALUE  DATE(S)
                                          NORMAL
................................................................
TEMPERATURE (F)
HIGHEST            63   03/11        MM      MM       65  03/31
                                                          03/28
LOWEST              6   03/26        MM      MM       -4  03/05
AVG. MAXIMUM     46.6              43.0     3.6     51.7
AVG. MINIMUM     21.5              18.9     2.6     23.1
MEAN             34.0              30.9     3.1     37.4
DAYS MAX >= 90      0               0.0     0.0        0
DAYS MAX <= 32      0               4.3    -4.3        1
DAYS MIN <= 32     31              30.3     0.7       30
DAYS MIN <= 0       0               1.1    -1.1        1

PRECIPITATION (INCHES)
TOTALS           1.08              1.32   -0.24     1.36
DAILY AVG.       0.03              0.04   -0.01     0.04
DAYS >= .01        11                MM      MM        9
DAYS >= .10         5                MM      MM        5
DAYS >= .50         0                MM      MM        0
DAYS >= 1.00        0                MM      MM        0
GREATEST
 24 HR. TOTAL    0.29   03/25 TO 03/25              0.47

SNOWFALL (INCHES)
TOTALS             MM                MM      MM       MM
SINCE 7/1          MM                MM      MM       MM
SNOWDEPTH AVG.     MM                MM      MM       MM
DAYS >= 1.0        MM                MM      MM       MM
GREATEST
 SNOW DEPTH        MM                                 MM  MM
 24 HR TOTAL       MM                                 MM

DEGREE_DAYS
HEATING TOTAL     951              1056    -105      849
 SINCE 7/1       6679              7375    -696     6345
COOLING TOTAL       0                 0       0        0
 SINCE 1/1          0                 0       0        0
.................................................................

WIND (MPH)
AVERAGE WIND SPEED              6.5
HIGHEST WIND SPEED/DIRECTION    29/180    DATE  03/28
HIGHEST GUST SPEED/DIRECTION    42/360    DATE  03/02

SKY COVER
POSSIBLE SUNSHINE (PERCENT)   MM
AVERAGE SKY COVER           0.40
NUMBER OF DAYS FAIR           13
NUMBER OF DAYS PC             10
NUMBER OF DAYS CLOUDY          8

AVERAGE RH (PERCENT)     54

WEATHER CONDITIONS. NUMBER OF DAYS WITH
THUNDERSTORM              0     MIXED PRECIP               0
HEAVY RAIN                0     RAIN                       0
LIGHT RAIN                8     FREEZING RAIN              0
LT FREEZING RAIN          0     HAIL                       0
HEAVY SNOW                4     SNOW                       9
LIGHT SNOW               14     SLEET                      0
FOG                      11     FOG W/VIS <= 1/4 MILE      4
HAZE                     10

-  INDICATES NEGATIVE NUMBERS.
R  INDICATES RECORD WAS SET OR TIED.
MM INDICATES DATA IS MISSING.
T  INDICATES TRACE AMOUNT.

$$
