000
CXUS54 KEWX 022034
CLMATT

SATCLMATT 000
TTAA00 KEWX 022017


CLIMATE REPORT
NATIONAL WEATHER SERVICE AUSTIN/SAN ANTONIO, TX
334 PM CDT SAT JUL 2 2016

...................................

...THE AUSTIN CAMP MABRY CLIMATE SUMMARY FOR THE MONTH OF JUNE 2016...

CLIMATE NORMAL PERIOD 1981 TO 2010
CLIMATE RECORD PERIOD 1897 TO 2016

WEATHER         OBSERVED          NORMAL  DEPART  LAST YEAR`S
                 VALUE   DATE(S)  VALUE   FROM    VALUE  DATE(S)
                                          NORMAL
................................................................
TEMPERATURE (F)
HIGHEST           101   06/28                         95  06/13
                                                          06/09
LOWEST             65   06/03                         64  06/01
AVG. MAXIMUM     92.9              92.1     0.8     90.2
AVG. MINIMUM     73.2              72.3     0.9     71.9
MEAN             83.1              82.2     0.9     81.1
DAYS MAX >= 90     24                                 19
DAYS MAX <= 32      0                                  0
DAYS MIN <= 32      0                                  0
DAYS MIN <= 0       0                                  0

PRECIPITATION (INCHES)
TOTALS           2.61              4.33   -1.72     8.89
DAILY AVG.       0.09              0.14   -0.05     0.30
DAYS >= .01         6                                 11
DAYS >= .10         5                                  8
DAYS >= .50         1                                  6
DAYS >= 1.00        1                                  4
GREATEST
 24 HR. TOTAL    1.65   06/03 TO 06/04

SNOWFALL (INCHES)
TOTALS            0.0               0.0     0.0      0.0
SINCE 7/1           T

DEGREE_DAYS
HEATING TOTAL       0                 0       0        0
 SINCE 7/1       1081              1539    -458     1698
COOLING TOTAL     549               516      33      490
 SINCE 1/1       1164              1129      35     1091
.................................................................

WIND (MPH)
AVERAGE WIND SPEED              4.4
HIGHEST WIND SPEED/DIRECTION    26/360    DATE  06/28
HIGHEST GUST SPEED/DIRECTION    39/360    DATE  06/28

SKY COVER
POSSIBLE SUNSHINE (PERCENT)   MM
AVERAGE SKY COVER           0.30
NUMBER OF DAYS FAIR           19
NUMBER OF DAYS PC             11
NUMBER OF DAYS CLOUDY          0

AVERAGE RH (PERCENT)     70

WEATHER CONDITIONS. NUMBER OF DAYS WITH
THUNDERSTORM              0     MIXED PRECIP               0
HEAVY RAIN                4     RAIN                       4
LIGHT RAIN                6     FREEZING RAIN              0
LT FREEZING RAIN          0     HAIL                       0
HEAVY SNOW                0     SNOW                       0
LIGHT SNOW                0     SLEET                      0
FOG                      11     FOG W/VIS <= 1/4 MILE      0
HAZE                      2

-  INDICATES NEGATIVE NUMBERS.
R  INDICATES RECORD WAS SET OR TIED.
MM INDICATES DATA IS MISSING.
T  INDICATES TRACE AMOUNT.

&&

MONTHLY CLIMATE SUMMARY:
JUNE 2016 WAS THE 20TH WARMEST AND 42ND WETTEST JUNE SINCE RECORD
KEEPING BEGAN.

SEA LEVEL PRESSURE DATA:
HIGHEST SLP 30.20 INCHES ON THE 20TH
LOWEST  SLP 29.78 INCHES ON THE 14TH

PRELIMINARY LOCAL CLIMATOLOGICAL DATA (WS FORM: F-6)

                                          STATION:   AUSTIN CAMP MABRY
                                          MONTH:     JUNE
                                          YEAR:      2016
                                          LATITUDE:   30 17 N
                                          LONGITUDE:  97 42 W

  TEMPERATURE IN F:       :PCPN:    SNOW:  WIND      :SUNSHINE: SKY     :PK WND
================================================================================
1   2   3   4   5  6A  6B    7    8   9   10  11  12  13   14  15   16   17  18
                                     12Z  AVG MX 2MIN
DY MAX MIN AVG DEP HDD CDD  WTR  SNW DPTH SPD SPD DIR MIN PSBL S-S WX    SPD DR
================================================================================

 1  87  68  78  -2   0  13 0.19  0.0    0  2.0 10 120   M    M   6 1      16 130
 2  84  68  76  -4   0  11 0.36  0.0    0  3.7 10 350   M    M   7 13     18 310
 3  85  65  75  -5   0  10 1.61  0.0    0  2.6 10  10   M    M   5 13     16  10
 4  86  67  77  -4   0  12 0.10  0.0    0  4.9 13 350   M    M   5 1      20 340
 5  88  68  78  -3   0  13 0.00  0.0    0  5.9 14 360   M    M   1        22  10
 6  90  70  80  -1   0  15 0.00  0.0    0  4.3 13 360   M    M   1        20  10
 7  92  69  81   0   0  16 0.00  0.0    0  1.9  8 140   M    M   2        14  20
 8  92  70  81   0   0  16 0.00  0.0    0  2.7 12 160   M    M   2 1      18 160
 9  92  71  82   1   0  17 0.00  0.0    0  4.7 20 140   M    M   1 1      34 150
10  91  69  80  -2   0  15 0.00  0.0    0  3.2 10 120   M    M   2        14 110
11  93  76  85   3   0  20 0.00  0.0    0  5.9 12 150   M    M   4 1      19 160
12  94  77  86   4   0  21 0.00  0.0    M  5.8 14 140   M    M   6        22 140
13  94  76  85   3   0  20 0.00  0.0    0  5.4 12 160   M    M   6        18 150
14  94  78  86   4   0  21 0.00  0.0    M  6.2 12 160   M    M   6        21 170
15  96  78  87   5   0  22 0.00  0.0    0  6.5 13 160   M    M   3 8      23 190
16  96  75  86   4   0  21 0.00  0.0    0  6.2 14 150   M    M   2 1      22 150
17  97  76  87   5   0  22 0.00  0.0    0  5.7 10 190   M    M   2        19 190
18  96  76  86   3   0  21 0.00  0.0    0  4.3 10 120   M    M   3        16 210
19  94  77  86   3   0  21 0.00  0.0    0  3.8 12 130   M    M   3        17 140
20  95  75  85   2   0  20 0.00  0.0    0  3.6  9 130   M    M   2        17 190
21  96  75  86   3   0  21 0.00  0.0    0  4.0  9 160   M    M   0        16 160
22  96  76  86   3   0  21 0.00  0.0    0  5.6 13 150   M    M   2        22 150
23  95  75  85   2   0  20 0.00  0.0    0  6.2 14 130   M    M   4        22 140
24  93  75  84   1   0  19 0.00  0.0    0  5.7 13 150   M    M   3        20 110
25  88  77  83   0   0  18 0.02  0.0    0  5.0 10 120   M    M   7 13     16 140
26  95  76  86   2   0  21 0.00  0.0    0  4.9 13 150   M    M   4 1      19 150
27  96  75  86   2   0  21 0.00  0.0    0  1.7  8 130   M    M   0        15 130
28 101  72  87   3   0  22 0.33  0.0    0  3.4 26 360   M    M   1 138    39 360
29  96  71  84   0   0  19 0.00  0.0    0  2.3  9  30   M    M   3        13  30
30  94  76  85   1   0  20 0.00  0.0    0  3.5 10 110   M    M   1        17 100
================================================================================
SM 2786 2197         0 549  2.61     0.0 131.6          M       94
================================================================================
AV 92.9 73.2                               4.4 FASTST   M    M   3    MAX(MPH)
                                 MISC ---->  # 26 360               # 39  360
================================================================================

NOTES:
# LAST OF SEVERAL OCCURRENCES

COLUMN 17 PEAK WIND IN M.P.H.

SYMBOLS USED IN COLUMN 16
1 = FOG OR MIST
2 = FOG REDUCING VISIBILITY
3 = THUNDER
4 = ICE PELLETS
5 = HAIL
6 = FREEZING RAIN OR DRIZZLE
7 = DUSTSTORM OR SANDSTORM:
8 = SMOKE OR HAZE
9 = BLOWING SNOW
X = TORNADO

$$
