000
CXUS51 KGYX 012013
CLMAUG

PWMCLMAUG 000
TTAA00 KGYX 012003


CLIMATE REPORT
NATIONAL WEATHER SERVICE GRAY ME
303 PM EST SUN MAR 1 2015

...................................

...THE AUGUSTA CLIMATE SUMMARY FOR THE MONTH OF FEBRUARY 2015...

CLIMATE NORMAL PERIOD 1981 TO 2010
CLIMATE RECORD PERIOD 1948 TO 2015

WEATHER         OBSERVED          NORMAL  DEPART  LAST YEAR`S
                 VALUE   DATE(S)  VALUE   FROM    VALUE  DATE(S)
                                          NORMAL
................................................................
TEMPERATURE (F)
RECORD
 HIGH              60   02/18/1981
 LOW              -23   02/02/1962
HIGHEST            33   02/22        49     -16       46  02/23
                                                          02/20
LOWEST             -9   02/24        -5      -4       -4  02/18
                        02/06
AVG. MAXIMUM     19.4              31.8   -12.4     29.3
AVG. MINIMUM      1.0              14.5   -13.5     13.1
MEAN             10.2              23.2   -13.0     21.2
DAYS MAX >= 90      0               0.0     0.0        0
DAYS MAX <= 32     27              13.6    13.4       19
DAYS MIN <= 32     28              26.0     2.0       27
DAYS MIN <= 0      15               2.8    12.2        1

PRECIPITATION (INCHES)
RECORD
 MAXIMUM         6.03   1970
 MINIMUM         0.32   1987
TOTALS           0.65              2.43   -1.78     1.69
DAILY AVG.       0.02              0.09   -0.07     0.06
DAYS >= .01        11               9.1     1.9       12
DAYS >= .10         3               5.5    -2.5        4
DAYS >= .50         0               1.4    -1.4        0
DAYS >= 1.00        0               0.5    -0.5        0
GREATEST
 24 HR. TOTAL    0.17   02/21 TO 02/22

DEGREE_DAYS
HEATING TOTAL    1529              1172     357     1218
 SINCE 7/1       5627              5343     284     5506
COOLING TOTAL       0                 0       0        0
 SINCE 1/1          0                 0       0        0
.................................................................

WIND (MPH)
AVERAGE WIND SPEED              8.6
HIGHEST WIND SPEED/DIRECTION    36/350    DATE  02/15
HIGHEST GUST SPEED/DIRECTION    48/350    DATE  02/15

SKY COVER
AVERAGE SKY COVER           0.50

AVERAGE RH (PERCENT)     60

WEATHER CONDITIONS. NUMBER OF DAYS WITH
THUNDERSTORM              0     HEAVY RAIN                 0
RAIN                      0     LIGHT RAIN                 0
FREEZING RAIN             0     LT FREEZING RAIN           0
HEAVY SNOW                4     SNOW                       6
LIGHT SNOW               17     FOG                       13
FOG W/VIS <= 1/4 MILE     2     HAZE                      20

-  INDICATES NEGATIVE NUMBERS.
R  INDICATES RECORD WAS SET OR TIED.
MM INDICATES DATA IS MISSING.
T  INDICATES TRACE AMOUNT.

$$

KIMBLE
