000
CXUS53 KGRB 011433
CLMAUW


CLIMATE REPORT
NATIONAL WEATHER SERVICE GREEN BAY
931 AM CDT SAT OCT 1 2016

...................................

...THE WAUSAU WI CLIMATE SUMMARY FOR THE MONTH OF SEPTEMBER 2016...

CLIMATE NORMAL PERIOD 1981 TO 2010
CLIMATE RECORD PERIOD 1896 TO 2016

WEATHER         OBSERVED          NORMAL  DEPART  LAST YEAR`S
                 VALUE   DATE(S)  VALUE   FROM    VALUE  DATE(S)
                                          NORMAL
................................................................
TEMPERATURE (F)
RECORD
 HIGH              99   09/10/1931
 LOW               18   09/30/1899
HIGHEST            80   09/06        84      -4       87  09/06
                        09/05                             09/05
LOWEST             45   09/11        33      12       36  09/30
AVG. MAXIMUM     71.3              68.8     2.5     75.0
AVG. MINIMUM     53.3              48.1     5.2     54.8
MEAN             62.3              58.5     3.8     64.9
DAYS MAX >= 90      0               0.0     0.0        0
DAYS MAX <= 32      0               0.0     0.0        0
DAYS MIN <= 32      0               0.8    -0.8        0
DAYS MIN <= 0       0               0.0     0.0        0

PRECIPITATION (INCHES)
RECORD
 MAXIMUM         9.79   1986
 MINIMUM         0.23   2009
TOTALS           4.77              3.90    0.87     5.21
DAILY AVG.       0.16              0.13    0.03     0.17
DAYS >= .01        11              12.3    -1.3        9
DAYS >= .10        10               7.2     2.8        7
DAYS >= .50         3               2.2     0.8
DAYS >= 1.00        2               0.9     1.1        1
GREATEST
 STORM TOTAL       MM
 (MM/DD(HH))            MM

SNOWFALL (INCHES)
RECORDS
 TOTAL            2.0   1942
 24 HR TOTAL      0.0   09/30/2002 TO 09/30/2002
TOTALS            0.0               0.0     0.0      0.0
SINCE 7/1         0.0               0.0     0.0      0.0
DAYS >= TRACE       0               0.0     0.0
DAYS >= 1.0         0               0.0     0.0        0
GREATEST
 SNOW DEPTH         0   MM                             0  MM
 24 HR TOTAL      0.0   09/30 TO 09/30

DEGREE_DAYS
HEATING TOTAL      97               227    -130       92
 SINCE 7/1        119               293    -174      154
COOLING TOTAL      24                30      -6       97
 SINCE 1/1        511               405     106      435
.................................................................

WIND (MPH)
AVERAGE WIND SPEED              7.4
HIGHEST WIND SPEED/DIRECTION    31/280    DATE  09/26
HIGHEST GUST SPEED/DIRECTION    42/280    DATE  09/26

SKY COVER
POSSIBLE SUNSHINE (PERCENT)   MM
AVERAGE SKY COVER           0.40
NUMBER OF DAYS FAIR           12
NUMBER OF DAYS PC             15
NUMBER OF DAYS CLOUDY          3

AVERAGE RH (PERCENT)     76

WEATHER CONDITIONS. NUMBER OF DAYS WITH
THUNDERSTORM              5     MIXED PRECIP               0
HEAVY RAIN                7     RAIN                       9
LIGHT RAIN               11     FREEZING RAIN              0
LT FREEZING RAIN          0     HAIL                       0
HEAVY SNOW                0     SNOW                       0
LIGHT SNOW                0     SLEET                      0
FOG                      14     FOG W/VIS <= 1/4 MILE      2
HAZE                      0

-  INDICATES NEGATIVE NUMBERS.
R  INDICATES RECORD WAS SET OR TIED.
MM INDICATES DATA IS MISSING.
T  INDICATES TRACE AMOUNT.

$$
