000
CXUS53 KGRB 010721
CLMAUW


CLIMATE REPORT
NATIONAL WEATHER SERVICE GREEN BAY
218 AM CDT WED JUN 1 2016

...................................

...THE WAUSAU WI CLIMATE SUMMARY FOR THE MONTH OF MAY 2016...

CLIMATE NORMAL PERIOD 1981 TO 2010
CLIMATE RECORD PERIOD 1896 TO 2016

WEATHER         OBSERVED          NORMAL  DEPART  LAST YEAR`S
                 VALUE   DATE(S)  VALUE   FROM    VALUE  DATE(S)
                                          NORMAL
................................................................
TEMPERATURE (F)
RECORD
 HIGH             104   05/31/1934
 LOW               20   05/09/1947
                        05/04/1907
HIGHEST            89   05/06        84       5       83  05/28
LOWEST             29   05/15        31      -2       31  05/20
AVG. MAXIMUM     70.5              67.0     3.5     68.9
AVG. MINIMUM     46.6              44.2     2.4     46.1
MEAN             58.5              55.6     2.9     57.5
DAYS MAX >= 90      0               0.1    -0.1        0
DAYS MAX <= 32      0               0.0     0.0        0
DAYS MIN <= 32      2               2.0     0.0        2
DAYS MIN <= 0       0               0.0     0.0        0

PRECIPITATION (INCHES)
RECORD
 MAXIMUM        10.74   1942
 MINIMUM         0.46   1925
TOTALS           2.89              3.48   -0.59     6.01
DAILY AVG.       0.09              0.11   -0.02     0.19
DAYS >= .01        13              12.7     0.3       14
DAYS >= .10        10               7.5     2.5       12
DAYS >= .50         1               2.3    -1.3
DAYS >= 1.00        0               0.6    -0.6        1
GREATEST
 STORM TOTAL       MM
 (MM/DD(HH))            MM

SNOWFALL (INCHES)
RECORDS
 TOTAL            5.5   1935
 24 HR TOTAL        T   05/19/2015 TO 05/19/2015
                        05/14/2005 TO 05/14/2005
TOTALS              T               0.2    -0.2        T
SINCE 7/1        43.4              59.6   -16.2     53.7
DAYS >= TRACE       1               0.2     0.8
DAYS >= 1.0         0               0.1    -0.1        0
GREATEST
 SNOW DEPTH         0   MM                             0  MM
 24 HR TOTAL        TR  05/14 TO 05/14

DEGREE_DAYS
HEATING TOTAL     237               308     -71      243
 SINCE 7/1       6783              8160   -1377     8424
COOLING TOTAL      45                17      28       18
 SINCE 1/1         47                19      28       18
.................................................................

WIND (MPH)
AVERAGE WIND SPEED              7.7
HIGHEST WIND SPEED/DIRECTION    29/300    DATE  05/03
HIGHEST GUST SPEED/DIRECTION    36/300    DATE  05/03

SKY COVER
POSSIBLE SUNSHINE (PERCENT)   MM
AVERAGE SKY COVER           0.40
NUMBER OF DAYS FAIR           18
NUMBER OF DAYS PC              9
NUMBER OF DAYS CLOUDY          4

AVERAGE RH (PERCENT)     59

WEATHER CONDITIONS. NUMBER OF DAYS WITH
THUNDERSTORM              3     MIXED PRECIP               0
HEAVY RAIN                5     RAIN                       4
LIGHT RAIN               15     FREEZING RAIN              0
LT FREEZING RAIN          0     HAIL                       0
HEAVY SNOW                0     SNOW                       0
LIGHT SNOW                1     SLEET                      0
FOG                      10     FOG W/VIS <= 1/4 MILE      2
HAZE                      4

-  INDICATES NEGATIVE NUMBERS.
R  INDICATES RECORD WAS SET OR TIED.
MM INDICATES DATA IS MISSING.
T  INDICATES TRACE AMOUNT.

$$
