000
CXUS53 KGRR 011422
CLMAZO


CLIMATE REPORT
NATIONAL WEATHER SERVICE GRAND RAPIDS, MI
1002 AM EDT SAT OCT 1 2016

...................................

...THE KALAMAZOO MI CLIMATE SUMMARY FOR THE MONTH OF SEPTEMBER 2016...

CLIMATE NORMAL PERIOD 1981 TO 2010
CLIMATE RECORD PERIOD 1998 TO 2016

WEATHER         OBSERVED          NORMAL  DEPART  LAST YEAR`S
                 VALUE   DATE(S)  VALUE   FROM    VALUE  DATE(S)
                                          NORMAL
................................................................
TEMPERATURE (F)
HIGHEST            91   09/07        MM      MM       92  09/07
LOWEST             50   09/27        MM      MM       41  09/30
                        09/03
AVG. MAXIMUM     77.2              72.9     4.3     78.4
AVG. MINIMUM     57.8              52.0     5.8     56.5
MEAN             67.5              62.4     5.1     67.4
DAYS MAX >= 90      1               0.2     0.8        1
DAYS MAX <= 32      0               0.0     0.0        0
DAYS MIN <= 32      0               0.0     0.0        0
DAYS MIN <= 0       0               0.0     0.0        0

PRECIPITATION (INCHES)
TOTALS             MM              3.82      MM     4.45
DAILY AVG.       0.11              0.13   -0.02     0.15
DAYS >= .01        10                MM      MM        8
DAYS >= .10         7                MM      MM        5
DAYS >= .50         2                MM      MM        3
DAYS >= 1.00        1                MM      MM        2
GREATEST
 24 HR. TOTAL    1.18   09/28 TO 09/29

DEGREE_DAYS
HEATING TOTAL      27               133    -106       60
 SINCE 7/1         28               149    -121       88
COOLING TOTAL     101                56      45      141
 SINCE 1/1        895               667     228      656
.................................................................

WIND (MPH)
AVERAGE WIND SPEED              5.6
RESULTANT WIND SPEED/DIRECTION   1/195
HIGHEST WIND SPEED/DIRECTION    26/270    DATE  09/27
HIGHEST GUST SPEED/DIRECTION    39/290    DATE  09/27

SKY COVER
POSSIBLE SUNSHINE (PERCENT)   MM
AVERAGE SKY COVER           0.40
NUMBER OF DAYS FAIR           16
NUMBER OF DAYS PC              3
NUMBER OF DAYS CLOUDY          7

AVERAGE RH (PERCENT)     70

WEATHER CONDITIONS. NUMBER OF DAYS WITH
THUNDERSTORM              2     MIXED PRECIP               0
HEAVY RAIN                5     RAIN                       8
LIGHT RAIN               10     FREEZING RAIN              0
LT FREEZING RAIN          0     HAIL                       0
HEAVY SNOW                0     SNOW                       0
LIGHT SNOW                0     SLEET                      0
FOG                      16     FOG W/VIS <= 1/4 MILE      3
HAZE                      6

-  INDICATES NEGATIVE NUMBERS.
R  INDICATES RECORD WAS SET OR TIED.
MM INDICATES DATA IS MISSING.
T  INDICATES TRACE AMOUNT.

$$
