000
CXUS53 KGRR 011604
CLMAZO


CLIMATE REPORT
NATIONAL WEATHER SERVICE GRAND RAPIDS, MI
1145 AM EDT FRI AUG 1 2014

...................................

...THE KALAMAZOO MI CLIMATE SUMMARY FOR THE MONTH OF JULY 2014...

CLIMATE NORMAL PERIOD 1981 TO 2010
CLIMATE RECORD PERIOD 9999 TO 9999

WEATHER         OBSERVED          NORMAL  DEPART  LAST YEAR`S
                 VALUE   DATE(S)  VALUE   FROM    VALUE  DATE(S)
                                          NORMAL
................................................................
TEMPERATURE (F)
HIGHEST            88   07/22        MM      MM       94  07/19
LOWEST             46   07/17        MM      MM       48  07/30
AVG. MAXIMUM     78.1              83.1    -5.0     81.4
AVG. MINIMUM     57.1              62.1    -5.0     62.1
MEAN             67.6              72.6    -5.0     71.8
DAYS MAX >= 90      0               3.4    -3.4        5
DAYS MAX <= 32      0               0.0     0.0        0
DAYS MIN <= 32      0               0.0     0.0        0
DAYS MIN <= 0       0               0.0     0.0        0

PRECIPITATION (INCHES)
TOTALS           2.95              3.70   -0.75     3.54
DAILY AVG.       0.10              0.12   -0.02     0.11
DAYS >= .01        10                MM      MM        8
DAYS >= .10         7                MM      MM        7
DAYS >= .50         1                MM      MM        4
DAYS >= 1.00        1                MM      MM        0
GREATEST
 24 HR. TOTAL    1.41   06/30 TO 07/01           07/08 TO 07/09

DEGREE_DAYS
HEATING TOTAL      23                 5      18       17
 SINCE 7/1         23                 5      18       17
COOLING TOTAL     111               240    -129      234
 SINCE 1/1        345               426     -81      460
..........................................................

WIND (MPH)
AVERAGE WIND SPEED              6.6
RESULTANT WIND SPEED/DIRECTION   3/269
HIGHEST WIND SPEED/DIRECTION    46/280    DATE  07/01
HIGHEST GUST SPEED/DIRECTION    66/270    DATE  07/01

SKY COVER
POSSIBLE SUNSHINE (PERCENT)   MM
AVERAGE SKY COVER           0.40
NUMBER OF DAYS FAIR           12
NUMBER OF DAYS PC             19
NUMBER OF DAYS CLOUDY          0

AVERAGE RH (PERCENT)     66

WEATHER CONDITIONS. NUMBER OF DAYS WITH
THUNDERSTORM              7     MIXED PRECIP               0
HEAVY RAIN                4     RAIN                       4
LIGHT RAIN               15     FREEZING RAIN              0
LT FREEZING RAIN          0     HAIL                       0
HEAVY SNOW                0     SNOW                       0
LIGHT SNOW                0     SLEET                      0
FOG                      15     FOG W/VIS <= 1/4 MILE      3
HAZE                      3

-  INDICATES NEGATIVE NUMBERS.
R  INDICATES RECORD WAS SET OR TIED.
MM INDICATES DATA IS MISSING.
T  INDICATES TRACE AMOUNT.

$$

63
