000
CXUS53 KLBF 011416
CLMBBW

CLIMATE REPORT
NATIONAL WEATHER SERVICE NORTH PLATTE
745 AM CST MON FEB 1 2016

...................................

...THE BROKEN BOW NE CLIMATE SUMMARY FOR THE MONTH OF JANUARY 2016...

CLIMATE NORMAL PERIOD 1981 TO 2010
CLIMATE RECORD PERIOD 1894 TO 2016

WEATHER         OBSERVED          NORMAL  DEPART  LAST YEAR`S
                 VALUE   DATE(S)  VALUE   FROM    VALUE  DATE(S)
                                          NORMAL
................................................................
TEMPERATURE (F)
RECORD
 HIGH              78   01/25/1896
 LOW              -42   01/23/1915
HIGHEST            54   01/29        59      -5       71  01/27
                        01/28
LOWEST            -14   01/10       -15       1       -4  01/04
AVG. MAXIMUM     37.7              37.6     0.1     41.3
AVG. MINIMUM     18.2              13.5     4.7     16.3
MEAN             28.0              25.5     2.5     28.8
DAYS MAX >= 90      0               0.0     0.0        0
DAYS MAX <= 32      9              10.7    -1.7        8
DAYS MIN <= 32     31              30.2     0.8       30
DAYS MIN <= 0       4               4.6    -0.6        2

PRECIPITATION (INCHES)
RECORD
 MAXIMUM         1.98   1941
 MINIMUM         0.00   1981
                        1933
TOTALS           0.19              0.45   -0.26     0.14
DAILY AVG.       0.01              0.01    0.00     0.00
DAYS >= .01         4                MM      MM        2
DAYS >= .10         1                MM      MM        0
DAYS >= .50         0                MM      MM        0
DAYS >= 1.00        0                MM      MM        0
GREATEST
 24 HR. TOTAL    0.13   01/19 TO 01/19

SNOWFALL (INCHES)
TOTALS             MM
SINCE 7/1          MM
SNOWDEPTH AVG.     MM
DAYS >= TRACE      MM
DAYS >= 1.0        MM
GREATEST
 SNOW DEPTH        MM

DEGREE_DAYS
HEATING TOTAL    1142              1223     -81     1116
 SINCE 7/1       3333              3978    -645     3709
COOLING TOTAL       0                 0       0        0
 SINCE 1/1          0                 0       0        0
..................................................

WIND (MPH)
AVERAGE WIND SPEED              9.5
HIGHEST WIND SPEED/DIRECTION    35/340    DATE  01/14
HIGHEST GUST SPEED/DIRECTION    45/320    DATE  01/14

AVERAGE RH (PERCENT)     76

WEATHER CONDITIONS. NUMBER OF DAYS WITH
THUNDERSTORM              0     MIXED PRECIP               0
HEAVY RAIN                0     RAIN                       0
LIGHT RAIN                2     FREEZING RAIN              0
LT FREEZING RAIN          0     HAIL                       0
HEAVY SNOW                0     SNOW                       1
LIGHT SNOW                9     SLEET                      0
FOG                      15     FOG W/VIS <= 1/4 MILE      4
HAZE                      0

-  INDICATES NEGATIVE NUMBERS.
R  INDICATES RECORD WAS SET OR TIED.
MM INDICATES DATA IS MISSING.
T  INDICATES TRACE AMOUNT.

$$
