000
CXUS51 KBOX 012226
CLMBDL


CLIMATE REPORT
NATIONAL WEATHER SERVICE TAUNTON MA
616 PM EDT FRI AUG 1 2014

...................................

...THE HARTFORD CT CLIMATE SUMMARY FOR THE MONTH OF JULY 2014...

CLIMATE NORMAL PERIOD 1981 TO 2010
CLIMATE RECORD PERIOD 1904 TO 2014

WEATHER         OBSERVED          NORMAL  DEPART
                 VALUE   DATE(S)  VALUE   FROM
                                          NORMAL
................................................
TEMPERATURE (F)
RECORD
 HIGH             103   07/22/2011
 LOW               44   07/02/1962
HIGHEST            95   07/02
LOWEST             55   07/18
AVG. MAXIMUM     85.3              84.5     0.8
AVG. MINIMUM     63.7              62.7     1.0
MEAN             74.5              73.6     0.9
DAYS MAX >= 90      8               5.8     2.2
DAYS MAX <= 32      0               0.0     0.0
DAYS MIN <= 32      0               0.0     0.0
DAYS MIN <= 0       0               0.0     0.0

PRECIPITATION (INCHES)
RECORD
 MAXIMUM        11.24   1938
 MINIMUM         0.54   1924
TOTALS           4.49              4.18    0.31
DAYS >= .01        12              10.4     1.6
DAYS >= .10         9               7.0     2.0
DAYS >= .50         3               2.7     0.3
DAYS >= 1.00        0               1.1    -1.1
GREATEST
 24 HR. TOTAL    1.05   07/14 TO 07/15

SNOWFALL (INCHES)
RECORDS
 TOTAL             MM   MM
 SNOW DEPTH        MM   MM
TOTALS            0.0               0.0     0.0
SINCE 7/1         0.0               0.0     0.0
SNOWDEPTH AVG.      0
GREATEST
 SNOW DEPTH         0   MM
 24 HR TOTAL      0.0   07/31 TO 07/31

DEGREE_DAYS
HEATING TOTAL       0                 3      -3
 SINCE 7/1          0                 3      -3
COOLING TOTAL     304               269      35
 SINCE 1/1        484               452      32
.................................................

WIND (MPH)
AVERAGE WIND SPEED              7.5
RESULTANT WIND SPEED/DIRECTION   3/216
HIGHEST WIND SPEED/DIRECTION    46/260    DATE  07/28
HIGHEST GUST SPEED/DIRECTION    56/280    DATE  07/28

SKY COVER
POSSIBLE SUNSHINE (PERCENT)   MM
AVERAGE SKY COVER           0.60
NUMBER OF DAYS FAIR            7
NUMBER OF DAYS PC             15
NUMBER OF DAYS CLOUDY          9

AVERAGE RH (PERCENT)     66

WEATHER CONDITIONS. NUMBER OF DAYS WITH
THUNDERSTORM              0     MIXED PRECIP               0
HEAVY RAIN                6     RAIN                       7
LIGHT RAIN               16     FREEZING RAIN              0
LT FREEZING RAIN          0     HAIL                       0
HEAVY SNOW                0     SNOW                       0
LIGHT SNOW                0     SLEET                      0
FOG                      10     FOG W/VIS <= 1/4 MILE      0
HAZE                      2

-  INDICATES NEGATIVE NUMBERS.
R  INDICATES RECORD WAS SET OR TIED.
MM INDICATES DATA IS MISSING.
T  INDICATES TRACE AMOUNT.

$$
