000
CXUS51 KOKX 011451 RRA
CLMBDR

CLIMATE REPORT
NATIONAL WEATHER SERVICE NEW YORK NY
1049 AM EDT FRI APR 1 2016

...................................

...THE BRIDGEPORT CT CLIMATE SUMMARY FOR THE MONTH OF MARCH 2016...

CLIMATE NORMAL PERIOD 1981 TO 2010
CLIMATE RECORD PERIOD 1948 TO 2016

WEATHER         OBSERVED          NORMAL  DEPART  LAST YEAR`S
                 VALUE   DATE(S)  VALUE   FROM    VALUE  DATE(S)
                                          NORMAL
................................................................
TEMPERATURE (F)
RECORD
 HIGH              84   03/13/1990
 LOW                4   03/19/1967
HIGHEST            68   03/10        MM      MM       56  03/11
LOWEST             24   03/03        MM      MM        9  03/06
AVG. MAXIMUM     52.6              47.2     5.4     41.5
AVG. MINIMUM     36.8              31.4     5.4     26.3
MEAN             44.7              39.3     5.4     33.9
DAYS MAX >= 90      0               0.0     0.0        0
DAYS MAX <= 32      0               0.8    -0.8        2
DAYS MIN <= 32     10              15.4    -5.4       22
DAYS MIN <= 0       0               0.0     0.0        0

PRECIPITATION (INCHES)
RECORD
 MAXIMUM        10.19   2010
 MINIMUM         0.69   1981
TOTALS           2.17              4.05   -1.88     4.72
DAILY AVG.       0.07              0.13   -0.06     0.15
DAYS >= .01        12              11.3     0.7       17
DAYS >= .10         5               7.3    -2.3       11
DAYS >= .50         2               2.6    -0.6        3
DAYS >= 1.00        0               0.9    -0.9        0
GREATEST
 24 HR. TOTAL    0.93   03/14 TO 03/15           03/14 TO 03/14
                                                          03/14 TO 03/14
                                                          03/14 TO 03/14
 STORM TOTAL       MM                                 MM
 (MM/DD(HH))            MM                    03/14(00) TO 03/14(00)
                                                 03/14(00) TO 03/14(00)4
                                                 03/14(00) TO 03/14(00)4

SNOWFALL (INCHES)
TOTALS            2.3               5.1    -2.8     18.6
 LIQUID EQUIV    0.23              0.50   -0.27     1.86
SINCE 7/1        27.2              26.7     0.5     59.7
 LIQUID 7/1      2.72              2.70    0.02     5.97
SNOWDEPTH AVG.      0                MM      MM        6
DAYS >= TRACE       3               2.4     0.6       12
DAYS >= 1.0         1               1.6    -0.6        5
GREATEST
 SNOW DEPTH         2   03/21                         18  03/06
                                                          03/02
 24 HR TOTAL      2.0   03/21 TO 03/21           03/14 TO 03/14
                                                          03/14 TO 03/14
                                                          03/14 TO 03/14
 STORM TOTAL       MM                                 MM
 (MM/DD(HH))            MM                    03/14(00) TO 03/14(00)
                                                 03/14(00) TO 03/14(00)4
                                                 03/14(00) TO 03/14(00)4

DEGREE_DAYS
HEATING TOTAL     623               797    -174      957
 SINCE 7/1       3758              4684    -926     5063
COOLING TOTAL       0                 0       0        0
 SINCE 1/1          0                 0       0        0
.....................................................

WIND (MPH)
AVERAGE WIND SPEED              9.8
HIGHEST WIND SPEED/DIRECTION    35/270    DATE  03/28
HIGHEST GUST SPEED/DIRECTION    48/270    DATE  03/28


WEATHER CONDITIONS. NUMBER OF DAYS WITH
THUNDERSTORM              0     MIXED PRECIP               0
HEAVY RAIN                2     RAIN                       4
LIGHT RAIN               10     FREEZING RAIN              0
LT FREEZING RAIN          0     HAIL                       0
HEAVY SNOW                0     SNOW                       0
LIGHT SNOW                3     SLEET                      0
FOG                      15     FOG W/VIS <= 1/4 MILE      1
HAZE                      3

-  INDICATES NEGATIVE NUMBERS.
R  INDICATES RECORD WAS SET OR TIED.
MM INDICATES DATA IS MISSING.
T  INDICATES TRACE AMOUNT.

$$
