000
CXUS46 KHNX 010842
CLMBFL


CLIMATE REPORT
NATIONAL WEATHER SERVICE SAN JOAQUIN VALLEY, CA
1234 AM PST MON JAN 1 2018

...................................

...THE BAKERSFIELD CLIMATE SUMMARY FOR THE MONTH OF DECEMBER 2017...

CLIMATE NORMAL PERIOD 1981 TO 2010
CLIMATE RECORD PERIOD 1889 TO 2017

WEATHER         OBSERVED          NORMAL  DEPART  LAST YEAR`S
                 VALUE   DATE(S)  VALUE   FROM    VALUE  DATE(S)
                                          NORMAL
................................................................
TEMPERATURE (F)
RECORD
 HIGH              87   12/02/1915
 LOW               13   12/24/1905
HIGHEST            69   12/31        MM      MM       73  12/14
                        12/30
LOWEST             30   12/22        MM      MM       30  12/20
AVG. MAXIMUM     63.3              56.6     6.7     58.8
AVG. MINIMUM     36.7              39.0    -2.3     41.0
MEAN             50.0              47.8     2.2     49.9
DAYS MAX >= 90      0               0.0     0.0        0
DAYS MIN <= 32      2               3.6    -1.6        3

PRECIPITATION (INCHES)
RECORD
 MAXIMUM         5.82   2010
TOTALS           0.04              1.02   -0.98     2.41
DAYS >= .01         1               5.9    -4.9        7
DAYS >= .10         0               2.8    -2.8        6
DAYS >= .50         0               0.4    -0.4        1
DAYS >= 1.00        0               0.1    -0.1        0
GREATEST
 24 HR. TOTAL    0.04   12/20 TO 12/20

SNOWFALL (INCHES)
RECORDS
 TOTAL            4.0   1932
TOTALS            0.0               0.0

DEGREE_DAYS
HEATING TOTAL     459               533     -74      460
 SINCE 7/1        636               891    -255      665
COOLING TOTAL       0                 0       0        0
 SINCE 1/1       2948              2258     690     2738
.................................................................

WIND (MPH)
AVERAGE WIND SPEED              3.4
HIGHEST WIND SPEED/DIRECTION    26/350    DATE  12/20
HIGHEST GUST SPEED/DIRECTION    33/340    DATE  12/20

AVERAGE RH (PERCENT)     54

WEATHER CONDITIONS. NUMBER OF DAYS WITH
THUNDERSTORM              0     RAIN                       0
HAIL                      0     FOG                        3
FOG W/VIS <= 1/4 MILE     0     HAZE                      22

-  INDICATES NEGATIVE NUMBERS.
R  INDICATES RECORD WAS SET OR TIED.
MM INDICATES DATA IS MISSING.
T  INDICATES TRACE AMOUNT.

$$
