000
CXUS51 KBGM 050924 CCA
CLMBGM

CLIMATE REPORT...CORRECTED
NATIONAL WEATHER SERVICE BINGHAMTON NY
525 AM EDT THU OCT 5 2017

...................................

...THE BINGHAMTON NY CLIMATE SUMMARY FOR THE MONTH OF SEPTEMBER 2017...

CLIMATE NORMAL PERIOD 1981 TO 2010
CLIMATE RECORD PERIOD 1951 TO 2017

WEATHER         OBSERVED          NORMAL  DEPART  LAST YEAR`S
                 VALUE   DATE(S)  VALUE   FROM    VALUE  DATE(S)
                                          NORMAL
................................................................
TEMPERATURE (F)
RECORD
 HIGH              96   09/03/1953
                        09/02/1953
 LOW               25   09/24/1974
HIGHEST            87   09/25        68      19       86  09/08
LOWEST             39   09/11        50     -11       39  09/26
                        09/02
AVG. MAXIMUM     71.5              68.4     3.1     72.9
AVG. MINIMUM     52.3              50.7     1.6     52.2
MEAN             61.9              59.6     2.3     62.5
DAYS MAX >= 90      0               0.0     0.0        0
DAYS MAX <= 32      0               0.0     0.0        0
DAYS MIN <= 32      0               0.2    -0.2        0
DAYS MIN <= 0       0               0.0     0.0        0

PRECIPITATION (INCHES)
RECORD
 MAXIMUM        16.58   2011
 MINIMUM         0.61   1961
TOTALS           1.26              3.63   -2.37     1.03
DAILY AVG.       0.04              0.12   -0.08     0.03
DAYS >= .01        11              11.1    -0.1       10
DAYS >= .10         4               6.4    -2.4        2
DAYS >= .50         0               2.3    -2.3        1
DAYS >= 1.00        0               0.8    -0.8        0
GREATEST
 24 HR. TOTAL    0.60   09/02 TO 09/03

SNOWFALL (INCHES)
RECORDS
 TOTAL            0.0   2007
 24 HR TOTAL      0.0   MM
 SNOW DEPTH        MM   MM
TOTALS            0.0               0.0     0.0      0.0
SINCE 7/1         0.0               0.0     0.0      0.0
SNOWDEPTH AVG.      0                MM      MM        0
DAYS >= TRACE       0               0.0     0.0        0
DAYS >= 1.0         0               0.0     0.0        0
GREATEST
 SNOW DEPTH         0   MM                             0  MM
 24 HR TOTAL      0.0

DEGREE_DAYS
HEATING TOTAL     155               194     -39      114
 SINCE 7/1        236               257     -21      123
COOLING TOTAL      69                31      38       48
 SINCE 1/1        340               379     -39      559
.................................................................

WIND (MPH)
AVERAGE WIND SPEED              6.1
RESULTANT WIND SPEED/DIRECTION   2/324
HIGHEST WIND SPEED/DIRECTION    21/350    DATE  09/30
HIGHEST GUST SPEED/DIRECTION    29/330    DATE  09/28

SKY COVER
POSSIBLE SUNSHINE (PERCENT)   MM
AVERAGE SKY COVER           0.40
NUMBER OF DAYS FAIR           17
NUMBER OF DAYS PC              9
NUMBER OF DAYS CLOUDY          4

AVERAGE RH (PERCENT)     77

WEATHER CONDITIONS. NUMBER OF DAYS WITH
THUNDERSTORM              3     MIXED PRECIP               0
HEAVY RAIN                4     RAIN                       2
LIGHT RAIN               11     FREEZING RAIN              0
LT FREEZING RAIN          0     HAIL                       0
HEAVY SNOW                0     SNOW                       0
LIGHT SNOW                0     SLEET                      0
FOG                      22     FOG W/VIS <= 1/4 MILE      7
HAZE                      0

-  INDICATES NEGATIVE NUMBERS.
R  INDICATES RECORD WAS SET OR TIED.
MM INDICATES DATA IS MISSING.
T  INDICATES TRACE AMOUNT.

&&
CORRECTED NUMBER OF THUNDERSTORM DAYS AND GREATEST
   24 HOUR TOTAL PRECIPITATION
6TH LEAST SEPTEMBER PRECIPITATION
15TH WARMEST SEPTEMBER
$$

TAC
