000
CXUS55 KVEF 020221 CCA
CLMBIH

RNOCLMBIH 000
TTAA00 KVEF 012345


CLIMATE REPORT
NATIONAL WEATHER SERVICE LAS VEGAS, NV
621 PM PST SUN FEB 1 2015

...................................

...THE BISHOP CA CLIMATE SUMMARY FOR THE MONTH OF JANUARY 2015...

CLIMATE NORMAL PERIOD 1981 TO 2010
CLIMATE RECORD PERIOD 1943 TO 2015

WEATHER         OBSERVED          NORMAL  DEPART  LAST YEAR`S
                 VALUE   DATE(S)  VALUE   FROM    VALUE  DATE(S)
                                          NORMAL
................................................................
TEMPERATURE (F)
RECORD
 HIGH              77   01/24/1948
 LOW               -7   01/07/1982
                        01/10/1974
HIGHEST            76   01/25        53      23       75  01/10
LOWEST             13   01/02        22      -9       14  01/06
AVG. MAXIMUM     62.6              54.0     8.6     64.7
AVG. MINIMUM     26.5              23.0     3.5     25.0
MEAN             44.6              38.5     6.1     44.9
DAYS MAX >= 90      0               0.0     0.0        0
DAYS MAX <= 32      0               0.1    -0.1        0
DAYS MIN <= 32     26              28.9    -2.9       27
DAYS MIN <= 0       0               0.0     0.0        0

PRECIPITATION (INCHES)
RECORD
 MAXIMUM         8.93   1969
 MINIMUM         0.00   1976
                        1966
                        1945
TOTALS           0.09              1.05   -0.96     0.20
DAILY AVG.       0.00              0.03   -0.03     0.01
DAYS >= .01         1               3.9    -2.9        2
DAYS >= .10         0               2.0    -2.0        1
DAYS >= .50         0               0.6    -0.6        0
DAYS >= 1.00        0               0.1    -0.1        0
GREATEST
 24 HR. TOTAL    0.09   01/27 TO 01/27

SNOWFALL (INCHES)
RECORDS
 TOTAL           30.1   2005
 24 HR TOTAL     18.0
TOTALS            0.0               4.1    -4.1        T
SINCE 7/1         0.0
SNOWDEPTH AVG.      0
DAYS >= TRACE       0
DAYS >= 1.0         0
GREATEST
 SNOW DEPTH         0
 24 HR TOTAL      0.0   01/31 TO 01/31
STORM TOTAL
(MM/DD(HH))

DEGREE_DAYS
HEATING TOTAL     626               822    -196      618
 SINCE 7/1       2038              2569    -531     2426
COOLING TOTAL       0                 0       0        0
 SINCE 1/1          0                 0       0        0

FREEZE DATES
RECORD
 EARLIEST     09/20/1986
 LATEST       06/07/1988
EARLIEST                        10/15
LATEST                          05/03
.................................................................

WIND (MPH)
AVERAGE WIND SPEED              6.7
HIGHEST WIND SPEED/DIRECTION    33/150    DATE  01/26
HIGHEST GUST SPEED/DIRECTION    42/150    DATE  01/26

SKY COVER
POSSIBLE SUNSHINE (PERCENT)   MM
AVERAGE SKY COVER           0.10
NUMBER OF DAYS FAIR           27
NUMBER OF DAYS PC              2
NUMBER OF DAYS CLOUDY          2

AVERAGE RH (PERCENT)     42

WEATHER CONDITIONS. NUMBER OF DAYS WITH
THUNDERSTORM              0     MIXED PRECIP               0
HEAVY RAIN                0     RAIN                       1
LIGHT RAIN                2     FREEZING RAIN              0
LT FREEZING RAIN          0     HAIL                       0
HEAVY SNOW                0     SNOW                       0
LIGHT SNOW                0     SLEET                      0
FOG                       1     FOG W/VIS <= 1/4 MILE      0
HAZE                      0

-  INDICATES NEGATIVE NUMBERS.
R  INDICATES RECORD WAS SET OR TIED.
MM INDICATES DATA IS MISSING.
T  INDICATES TRACE AMOUNT.

$$
