000
CXUS51 KRLX 010922
CLMBKW


CLIMATE REPORT
NATIONAL WEATHER SERVICE CHARLESTON WV
422 AM EST FRI DEC 1 2017

...................................

...THE BECKLEY WV CLIMATE SUMMARY FOR THE MONTH OF NOVEMBER 2017...

CLIMATE NORMAL PERIOD 1981 TO 2010
CLIMATE RECORD PERIOD 1963 TO 2017

WEATHER         OBSERVED          NORMAL  DEPART  LAST YEAR`S
                 VALUE   DATE(S)  VALUE   FROM    VALUE  DATE(S)
                                          NORMAL
................................................................
TEMPERATURE (F)
RECORD
 HIGH              79   11/02/2004
                        11/04/2003
 LOW                4   11/25/1970
HIGHEST            71   11/02                         78
LOWEST             18   11/23                         21
AVG. MAXIMUM     54.3              53.0     1.3     57.3
AVG. MINIMUM     35.4              34.8     0.6     36.8
MEAN             44.8              43.9     0.9     47.1
DAYS MAX >= 90      0               0.0     0.0        0
DAYS MAX <= 32      0               1.3    -1.3        1
DAYS MIN <= 32     13              12.7     0.3       10
DAYS MIN <= 0       0               0.0     0.0        0

PRECIPITATION (INCHES)
RECORD
 MAXIMUM         6.68   2003
 MINIMUM         0.66   2001
TOTALS           1.37              2.95   -1.58     2.59
DAILY AVG.       0.05              0.10   -0.05     0.09
DAYS >= .01        13              12.2     0.8        6
DAYS >= .10         4               6.6    -2.6        4
DAYS >= .50         1               1.8    -0.8        3
DAYS >= 1.00        0               0.4    -0.4        1
GREATEST
 24 HR. TOTAL    0.51   11/18 TO 11/18              1.22

SNOWFALL (INCHES)
RECORDS
 TOTAL           32.0   1913
 24 HR TOTAL      3.9   MM
 SNOW DEPTH        MM   MM
TOTALS              T               2.6    -2.6      0.2
SINCE 7/1           T               3.0    -3.0      0.2
SNOWDEPTH AVG.      0                                  0
DAYS >= 1.0         0               0.9    -0.9        0
GREATEST
 SNOW DEPTH         0   MM                            -1  11/20
 24 HR TOTAL        T   11/19 TO 11/19               0.2

DEGREE_DAYS
HEATING TOTAL     597               634     -37      530
 SINCE 7/1        983              1140    -157      775
COOLING TOTAL       0                 1      -1        1
 SINCE 1/1        594               557      37      844
.................................................................

WIND (MPH)
AVERAGE WIND SPEED              7.4
HIGHEST WIND SPEED/DIRECTION    33/230    DATE  11/18
HIGHEST GUST SPEED/DIRECTION    44/300    DATE  11/19

SKY COVER
POSSIBLE SUNSHINE (PERCENT)   MM
AVERAGE SKY COVER           0.50
NUMBER OF DAYS FAIR           12
NUMBER OF DAYS PC              8
NUMBER OF DAYS CLOUDY         10

AVERAGE RH (PERCENT)     68

WEATHER CONDITIONS. NUMBER OF DAYS WITH
THUNDERSTORM              0     MIXED PRECIP               0
HEAVY RAIN                2     RAIN                       5
LIGHT RAIN               14     FREEZING RAIN              0
LT FREEZING RAIN          0     HAIL                       0
HEAVY SNOW                0     SNOW                       0
LIGHT SNOW                2     SLEET                      0
FOG                      16     FOG W/VIS <= 1/4 MILE      6
HAZE                      0

-  INDICATES NEGATIVE NUMBERS.
R  INDICATES RECORD WAS SET OR TIED.
MM INDICATES DATA IS MISSING.
T  INDICATES TRACE AMOUNT.

$$
