000
CXUS56 KSEW 011032
CLMBLI


CLIMATE REPORT
NATIONAL WEATHER SERVICE SEATTLE WA
331 AM PDT MON JUN 1 2015

...................................

...THE BELLINGHAM WA AIRPORT CLIMATE SUMMARY FOR THE MONTH OF MAY 2015...

CLIMATE NORMAL PERIOD 1981 TO 2010
CLIMATE RECORD PERIOD 1949 TO 2015

WEATHER         OBSERVED          NORMAL  DEPART  LAST YEAR`S
                 VALUE   DATE(S)  VALUE   FROM    VALUE  DATE(S)
                                          NORMAL
................................................................
TEMPERATURE (F)
RECORD
 HIGH              90   05/28/1983
 LOW               30   05/07/1962
                        05/04/1949
HIGHEST            76   05/28        MM      MM       80  05/15
                        05/08
LOWEST             36   05/03        MM      MM       41  05/30
AVG. MAXIMUM     66.0              62.2     3.8     66.0
AVG. MINIMUM     48.9              45.5     3.4     48.9
MEAN             57.4              53.8     3.6     57.4
DAYS MAX >= 90      0               0.0     0.0        0
DAYS MAX <= 32      0               0.0     0.0        0
DAYS MIN <= 32      0               0.1    -0.1        0
DAYS MIN <= 0       0               0.0     0.0        0

PRECIPITATION (INCHES)
RECORD
 MAXIMUM         5.93   1984
 MINIMUM         0.40   1982
TOTALS           0.67              2.48   -1.81     2.49
DAILY AVG.       0.02              0.08   -0.06     0.08
DAYS >= .01         6              12.9    -6.9       11
DAYS >= .10         2               6.9    -4.9        7
DAYS >= .50         0               1.3    -1.3        2
DAYS >= 1.00        0               0.1    -0.1        0
GREATEST
 24 HR. TOTAL    0.40   05/05 TO 05/05

DEGREE_DAYS
HEATING TOTAL     226               346    -120      229
COOLING TOTAL       0                 0       0        1
 SINCE 1/1          0                 0       0        1
.................................................................

WIND (MPH)
AVERAGE WIND SPEED              5.8
HIGHEST WIND SPEED/DIRECTION    20/170    DATE  05/04
HIGHEST GUST SPEED/DIRECTION    25/170    DATE  05/30

SKY COVER
POSSIBLE SUNSHINE (PERCENT)   MM
AVERAGE SKY COVER           0.40
NUMBER OF DAYS FAIR           16
NUMBER OF DAYS PC             12
NUMBER OF DAYS CLOUDY          3

AVERAGE RH (PERCENT)     73

WEATHER CONDITIONS. NUMBER OF DAYS WITH
THUNDERSTORM              0     MIXED PRECIP               0
HEAVY RAIN                0     RAIN                       1
LIGHT RAIN                8     FREEZING RAIN              0
LT FREEZING RAIN          0     HAIL                       0
HEAVY SNOW                0     SNOW                       0
LIGHT SNOW                0     SLEET                      0
FOG                       5     FOG W/VIS <= 1/4 MILE      0
HAZE                      0

-  INDICATES NEGATIVE NUMBERS.
R  INDICATES RECORD WAS SET OR TIED.
MM INDICATES DATA IS MISSING.
T  INDICATES TRACE AMOUNT.

$$
