000
CXUS56 KBOI 011755
CLMBNO


CLIMATE REPORT
NATIONAL WEATHER SERVICE BOISE ID
1144 AM MDT SAT JUL 1 2017

...................................

...THE BURNS OR CLIMATE SUMMARY FOR THE MONTH OF JUNE 2017...

CLIMATE NORMAL PERIOD 1981 TO 2010
CLIMATE RECORD PERIOD 1938 TO 2017

WEATHER         OBSERVED          NORMAL  DEPART
                 VALUE   DATE(S)  VALUE   FROM
                                          NORMAL
................................................
TEMPERATURE (F)
HIGHEST            95   06/19        MM      MM
LOWEST             29   06/14        MM      MM
                        06/10
AVG. MAXIMUM     78.0              75.0     3.0
AVG. MINIMUM     40.9              41.8    -0.9
MEAN             59.5              58.4     1.1
DAYS MAX >= 90      3
DAYS MAX <= 32      0
DAYS MIN <= 32      3
DAYS MIN <= 0       0

PRECIPITATION (INCHES)
RECORD
 MAXIMUM         3.20   1947
TOTALS           0.10              0.76   -0.66
DAYS >= .01         4
DAYS >= .10         0
DAYS >= .50         0
DAYS >= 1.00        0
GREATEST
 24 HR. TOTAL    0.06   06/19 TO 06/19

DEGREE_DAYS
HEATING TOTAL     183               218     -35
 SINCE 7/1       7965              7688     277
COOLING TOTAL      27                20       7
 SINCE 1/1         28                23       5
.................................................

WIND (MPH)
AVERAGE WIND SPEED              8.0
RESULTANT WIND SPEED/DIRECTION   4/269
HIGHEST WIND SPEED/DIRECTION    33/310    DATE  06/12
HIGHEST GUST SPEED/DIRECTION    46/310    DATE  06/12

AVERAGE RH (PERCENT)     49


-  INDICATES NEGATIVE NUMBERS.
R  INDICATES RECORD WAS SET OR TIED.
MM INDICATES DATA IS MISSING.
T  INDICATES TRACE AMOUNT.

$$
