000
CXUS51 KBOX 031255
CLMBOS


CLIMATE REPORT
NATIONAL WEATHER SERVICE TAUNTON MA
723 AM EST TUE MAR 3 2015

...................................

...THE BOSTON MA CLIMATE SUMMARY FOR THE MONTH OF FEBRUARY 2015...

CLIMATE NORMAL PERIOD 1981 TO 2010
CLIMATE RECORD PERIOD 1872 TO 2015

WEATHER         OBSERVED          NORMAL  DEPART
                 VALUE   DATE(S)  VALUE   FROM
                                          NORMAL
................................................
TEMPERATURE (F)
RECORD
 HIGH              70   02/25/1985
 LOW              -18   02/09/1934
HIGHEST            39   02/22
LOWEST             -3   02/16
AVG. MAXIMUM     27.8              38.7   -10.9
AVG. MINIMUM     10.1              24.7   -14.6
MEAN             19.0              31.7   -12.7
DAYS MAX >= 90      0               0.0     0.0
DAYS MAX <= 32     22               6.4    15.6
DAYS MIN <= 32     28              22.6     5.4
DAYS MIN <= 0       2               0.1     1.9

PRECIPITATION (INCHES)
RECORD
 MAXIMUM         7.94   2008
 MINIMUM         0.45   1877
TOTALS           3.37              3.25    0.12
DAILY AVG.       0.12              0.12    0.00
DAYS >= .01        18               9.8     8.2
DAYS >= .10         7               5.8     1.2
DAYS >= .50         2               2.4    -0.4
DAYS >= 1.00        0               0.8    -0.8
GREATEST
 24 HR. TOTAL    0.89   02/08 TO 02/09

SNOWFALL (INCHES)
RECORDS
 TOTAL           64.8   2015
 SNOW DEPTH         M
TOTALS           64.8R             10.9    53.9
SINCE 7/1       102.0              34.1    67.9
SNOWDEPTH AVG.     MM
DAYS >= 1.0        MM
GREATEST
 SNOW DEPTH        MM
 24 HR TOTAL     16.2   02/02 TO 02/02

DEGREE_DAYS
HEATING TOTAL    1281               932     349
 SINCE 7/1       4315              4042     273
COOLING TOTAL       0                 0       0
 SINCE 1/1          0                 0       0
.................................................

WIND (MPH)
AVERAGE WIND SPEED              11.9
RESULTANT WIND SPEED/DIRECTION   8/298
HIGHEST WIND SPEED/DIRECTION    36/050    DATE  02/02
HIGHEST GUST SPEED/DIRECTION    51/280    DATE  02/15

SKY COVER
POSSIBLE SUNSHINE (PERCENT)   MM
AVERAGE SKY COVER           0.60
NUMBER OF DAYS FAIR            4
NUMBER OF DAYS PC             11
NUMBER OF DAYS CLOUDY         13

AVERAGE RH (PERCENT)     64

WEATHER CONDITIONS. NUMBER OF DAYS WITH
THUNDERSTORM              0     MIXED PRECIP               0
HEAVY RAIN                0     RAIN                       1
LIGHT RAIN                4     FREEZING RAIN              0
LT FREEZING RAIN          0     HAIL                       0
HEAVY SNOW                3     SNOW                       6
LIGHT SNOW               18     SLEET                      0
FOG                      17     FOG W/VIS <= 1/4 MILE      3
HAZE                     10

-  INDICATES NEGATIVE NUMBERS.
R  INDICATES RECORD WAS SET OR TIED.
MM INDICATES DATA IS MISSING.
T  INDICATES TRACE AMOUNT.

$$

SIPPRELL
