000
CXUS44 KBRO 011413
CLMBRO


CLIMATE REPORT
NATIONAL WEATHER SERVICE BROWNSVILLE TX
805 AM CST SUN JAN 1 2017

...................................

...THE BROWNSVILLE CLIMATE SUMMARY FOR THE MONTH OF DECEMBER 2016...

CLIMATE NORMAL PERIOD 1981 TO 2010
CLIMATE RECORD PERIOD 1878 TO 2016

WEATHER         OBSERVED          NORMAL  DEPART  LAST YEAR`S
                 VALUE   DATE(S)  VALUE   FROM    VALUE  DATE(S)
                                          NORMAL
................................................................
TEMPERATURE (F)
HIGHEST            85   12/03        85       0       91  12/23
LOWEST             37   12/19        35       2       42  12/28
AVG. MAXIMUM     75.7              71.8     3.9     76.8
AVG. MINIMUM     59.4              52.7     6.7     57.5
MEAN             67.6              62.2     5.4     67.2
DAYS MAX >= 90      0               0.0     0.0        1
DAYS MAX <= 32      0               0.0     0.0        0
DAYS MIN <= 32      0               0.6    -0.6        0
DAYS MIN <= 0       0               0.0     0.0        0

PRECIPITATION (INCHES)
TOTALS           1.67              1.15    0.52     0.16
DAILY AVG.       0.05              0.04    0.01     0.01
DAYS >= .01        10               7.0     3.0        4
DAYS >= .10         4               2.6     1.4        0
DAYS >= .50         1               0.5     0.5        0
DAYS >= 1.00        0               0.2    -0.2        0
GREATEST
 24 HR. TOTAL    0.95   12/08 TO 12/08

DEGREE_DAYS
HEATING TOTAL      90               165     -75       60
 SINCE 7/1         98               219    -121       82
COOLING TOTAL     176                80      96      134
 SINCE 1/1       4643              4025     618     3809
.................................................................

WIND (MPH)
AVERAGE WIND SPEED              10.0
HIGHEST WIND SPEED/DIRECTION    36/180    DATE  12/17
HIGHEST GUST SPEED/DIRECTION    44/170    DATE  12/17

SKY COVER
AVERAGE SKY COVER           0.70
NUMBER OF DAYS FAIR            2
NUMBER OF DAYS PC             13
NUMBER OF DAYS CLOUDY         16

AVERAGE RH (PERCENT)     80

WEATHER CONDITIONS. NUMBER OF DAYS WITH
THUNDERSTORM              0     MIXED PRECIP               0
HEAVY RAIN                3     RAIN                       4
LIGHT RAIN               13     FREEZING RAIN              0
LT FREEZING RAIN          0     HAIL                       0
HEAVY SNOW                0     SNOW                       0
LIGHT SNOW                0     SLEET                      0
FOG                      19     FOG W/VIS <= 1/4 MILE      4
HAZE                      4

-  INDICATES NEGATIVE NUMBERS.
R  INDICATES RECORD WAS SET OR TIED.
MM INDICATES DATA IS MISSING.
T  INDICATES TRACE AMOUNT.

$$
