226
CXUS51 KBTV 011315
CLMBTV


CLIMATE REPORT
NATIONAL WEATHER SERVICE BURLINGTON VT
914 AM EDT MON MAY 1 2017

...................................

...THE BURLINGTON VT CLIMATE SUMMARY FOR THE MONTH OF APRIL 2017...

CLIMATE NORMAL PERIOD 1981 TO 2010
CLIMATE RECORD PERIOD 1884 TO 2017

WEATHER         OBSERVED          NORMAL  DEPART  LAST YEAR`S
                 VALUE   DATE(S)  VALUE   FROM    VALUE  DATE(S)
                                          NORMAL
................................................................
TEMPERATURE (F)
RECORD
 HIGH              91   04/19/1976
                        04/18/1976
 LOW                2   04/07/1972
HIGHEST            82   04/16        54      28       76  04/21
LOWEST             27   04/09        34      -7       14  04/05
                        04/03
AVG. MAXIMUM     58.9              54.7     4.2     52.3
AVG. MINIMUM     40.1              34.8     5.3     30.9
MEAN             49.5              44.8     4.7     41.6
DAYS MAX >= 90      0               0.0     0.0        0
DAYS MAX <= 32      0               0.3    -0.3        1
DAYS MIN <= 32      7              11.6    -4.6       18
DAYS MIN <= 0       0               0.0     0.0        0

PRECIPITATION (INCHES)
RECORD
 MAXIMUM         7.88   2011
 MINIMUM         0.60   1896
TOTALS           3.83              2.82    1.01     1.80
DAILY AVG.       0.13              0.09    0.04     0.06
DAYS >= .01        16              12.8     3.2       12
DAYS >= .10        10               7.3     2.7        6
DAYS >= .50         1               1.7    -0.7        0
DAYS >= 1.00        0               0.2    -0.2        0
GREATEST
 24 HR. TOTAL    0.82   04/06 TO 04/06           04/07 TO 04/08
                                                          04/08 TO 04/08
                                                          04/08 TO 04/08
 STORM TOTAL       MM                                 MM
 (MM/DD(HH))            MM                    04/08(00) TO 04/08(00)
                                                 04/08(00) TO 04/08(00)8
                                                 04/08(00) TO 04/08(00)8

SNOWFALL (INCHES)
RECORDS
 TOTAL           21.3   5
                        0
                        -26215
TOTALS            4.4               4.6    -0.2      3.5
SINCE 7/1       100.4              81.2    19.2     34.3
SNOWDEPTH AVG.      0                MM      MM        0
DAYS >= 1.0         1               1.3    -0.3        1
GREATEST
 SNOW DEPTH         7   04/01                          1  04/07
 24 HR TOTAL      4.4   04/01 TO 04/01           04/08 TO 04/08
                                                          04/08 TO 04/08
                                                          04/08 TO 04/08

DEGREE_DAYS
HEATING TOTAL     470               610    -140      696
 SINCE 7/1       6005              7074   -1069     5947
COOLING TOTAL      15                 2      13        0
 SINCE 1/1         15                 2      13        0
.........................................................

WIND (MPH)
AVERAGE WIND SPEED              7.9
HIGHEST WIND SPEED/DIRECTION    30/140    DATE  04/04
HIGHEST GUST SPEED/DIRECTION    40/190    DATE  04/19

SKY COVER
POSSIBLE SUNSHINE (PERCENT)   MM
AVERAGE SKY COVER           0.70
NUMBER OF DAYS FAIR            4
NUMBER OF DAYS PC             13
NUMBER OF DAYS CLOUDY         13

AVERAGE RH (PERCENT)     66

WEATHER CONDITIONS. NUMBER OF DAYS WITH
THUNDERSTORM              0     MIXED PRECIP               0
HEAVY RAIN                1     RAIN                       4
LIGHT RAIN               17     FREEZING RAIN              0
LT FREEZING RAIN          0     HAIL                       0
HEAVY SNOW                0     SNOW                       1
LIGHT SNOW                3     SLEET                      0
FOG                      12     FOG W/VIS <= 1/4 MILE      3
HAZE                      0

-  INDICATES NEGATIVE NUMBERS.
R  INDICATES RECORD WAS SET OR TIED.
MM INDICATES DATA IS MISSING.
T  INDICATES TRACE AMOUNT.

$$
