000
CXUS51 KBTV 011352
CLMBTV


CLIMATE REPORT
NATIONAL WEATHER SERVICE BURLINGTON VT
951 AM EDT MON AUG 1 2016

...................................

...THE BURLINGTON VT CLIMATE SUMMARY FOR THE MONTH OF JULY 2016...

CLIMATE NORMAL PERIOD 1981 TO 2010
CLIMATE RECORD PERIOD 1884 TO 2016

WEATHER         OBSERVED          NORMAL  DEPART  LAST YEAR`S
                 VALUE   DATE(S)  VALUE   FROM    VALUE  DATE(S)
                                          NORMAL
................................................................
TEMPERATURE (F)
RECORD
 HIGH             100   07/14/1995
                        07/03/1911
 LOW               39   07/06/1962
HIGHEST            94   07/22        81      13       93  07/29
LOWEST             53   07/20        60      -7       49  07/03
                        07/03
AVG. MAXIMUM     83.2              80.9     2.3     81.9
AVG. MINIMUM     62.5              60.3     2.2     61.4
MEAN             72.9              70.6     2.3     71.7
DAYS MAX >= 90      5               2.2     2.8        2
DAYS MAX <= 32      0               0.0     0.0        0
DAYS MIN <= 32      0               0.0     0.0        0
DAYS MIN <= 0       0               0.0     0.0        0

PRECIPITATION (INCHES)
RECORD
 MAXIMUM         9.31   1998
 MINIMUM         0.58   1933
TOTALS           3.05              4.16   -1.11     4.67
DAILY AVG.       0.10              0.13   -0.03     0.15
DAYS >= .01        11              12.0    -1.0       15
DAYS >= .10         9               8.0     1.0       11
DAYS >= .50         2               2.8    -0.8        2
DAYS >= 1.00        0               1.0    -1.0        1
GREATEST
 24 HR. TOTAL    0.96   07/22 TO 07/23           07/01 TO 07/01
                                                          07/31 TO 07/31
                                                          07/31 TO 07/31
 STORM TOTAL       MM                                 MM
 (MM/DD(HH))            MM                    07/01(00) TO 07/01(00)
                                                 07/31(00) TO 07/31(00)1
                                                 07/31(00) TO 07/31(00)1

DEGREE_DAYS
HEATING TOTAL       3                13     -10        5
 SINCE 7/1          3                13     -10        5
COOLING TOTAL     256               187      69      219
 SINCE 1/1        461               303     158      387
..................................................

WIND (MPH)
AVERAGE WIND SPEED              6.5
HIGHEST WIND SPEED/DIRECTION    38/350    DATE  07/23
HIGHEST GUST SPEED/DIRECTION    49/360    DATE  07/23

SKY COVER
POSSIBLE SUNSHINE (PERCENT)   MM
AVERAGE SKY COVER           0.50
NUMBER OF DAYS FAIR            8
NUMBER OF DAYS PC             19
NUMBER OF DAYS CLOUDY          4

AVERAGE RH (PERCENT)     64

WEATHER CONDITIONS. NUMBER OF DAYS WITH
THUNDERSTORM              0     MIXED PRECIP               0
HEAVY RAIN                6     RAIN                       4
LIGHT RAIN               12     FREEZING RAIN              0
LT FREEZING RAIN          0     HAIL                       0
HEAVY SNOW                0     SNOW                       0
LIGHT SNOW                0     SLEET                      0
FOG                       7     FOG W/VIS <= 1/4 MILE      0
HAZE                      4

-  INDICATES NEGATIVE NUMBERS.
R  INDICATES RECORD WAS SET OR TIED.
MM INDICATES DATA IS MISSING.
T  INDICATES TRACE AMOUNT.

$$
