136
CXUS46 KLOX 200022
CLMBUR


CLIMATE REPORT
NATIONAL WEATHER SERVICE LOS ANGELES/OXNARD CA
522 PM PDT MON SEP 19 2016

...................................

...THE BOB HOPE AIRPORT (BURBANK) CA CLIMATE SUMMARY FOR THE SEASON, FROM
6/1/2016 TO 8/31/2016...

CLIMATE NORMAL PERIOD 1981 TO 2010
CLIMATE RECORD PERIOD 1939 TO 2016

WEATHER         OBSERVED          NORMAL  DEPART  LAST YEAR`S
                 VALUE   DATE(S)  VALUE   FROM    VALUE
                                          NORMAL
.............................................................
TEMPERATURE (F)
HIGHEST           111   06/20        87      24
LOWEST             56   06/16        61      -5
AVG. MAXIMUM     87.7              85.1     2.6
AVG. MINIMUM     64.2              61.1     3.1
MEAN             75.9              73.1     2.8
DAYS MAX >= 90     36
DAYS MAX <= 32      0
DAYS MIN <= 32      0
DAYS MIN <= 0       0

PRECIPITATION (INCHES)
RECORD
 MAXIMUM           MM   MM
 MINIMUM           MM   MM
TOTALS              T              0.20   -0.20
DAILY AVG.          T
DAYS >= .01         0
DAYS >= .10         0
DAYS >= .50         0
DAYS >= 1.00        0
GREATEST
 24 HR. TOTAL    0.00   MM

DEGREE_DAYS
HEATING TOTAL       2                13     -11       MM
 SINCE 7/1          0                 0       0       MM
COOLING TOTAL    1036               757     279       MM
 SINCE 1/1       1213               882     331       MM
..............................................................

WIND (MPH)
AVERAGE WIND SPEED              6.0
HIGHEST WIND SPEED/DIRECTION    17/180    DATE  07/30
HIGHEST GUST SPEED/DIRECTION    26/110    DATE  08/16

SKY COVER
POSSIBLE SUNSHINE (PERCENT)   MM
AVERAGE SKY COVER           0.10
NUMBER OF DAYS FAIR           76
NUMBER OF DAYS PC             15
NUMBER OF DAYS CLOUDY          1

AVERAGE RH (PERCENT)     58

WEATHER CONDITIONS. NUMBER OF DAYS WITH
THUNDERSTORM              0     MIXED PRECIP               0
HEAVY RAIN                0     RAIN                       0
LIGHT RAIN                1     FREEZING RAIN              0
LT FREEZING RAIN          0     HAIL                       0
HEAVY SNOW                0     SNOW                       0
LIGHT SNOW                0     SLEET                      0
FOG                      25     FOG W/VIS <= 1/4 MILE      0
HAZE                     43

-  INDICATES NEGATIVE NUMBERS.
R  INDICATES RECORD WAS SET OR TIED.
MM INDICATES DATA IS MISSING.
T  INDICATES TRACE AMOUNT.

$$
