000
CXUS51 KLWX 060223
CLMBWI

CLIMATE REPORT
NATIONAL WEATHER SERVICE BALTIMORE MD/WASHINGTON DC
1020 PM EDT SAT JUL 5 2014

...................................

...THE BALTIMORE MD CLIMATE SUMMARY FOR THE MONTH OF JUNE 2014...

CLIMATE NORMAL PERIOD 1981 TO 2010
CLIMATE RECORD PERIOD 1870 TO 2014

WEATHER         OBSERVED          NORMAL  DEPART  LAST YEAR`S
                 VALUE   DATE(S)  VALUE   FROM    VALUE
                                          NORMAL
.............................................................
TEMPERATURE (F)
RECORD
 HIGH             105   06/29/1934
 LOW               40   06/11/1972
HIGHEST            96   06/18        95       1
LOWEST             50   06/01        49       1
AVG. MAXIMUM     83.0              83.0     0.0     83.2
AVG. MINIMUM     63.3              61.9     1.4     64.7
MEAN             73.2              72.4     0.8
DAYS MAX >= 90      3               5.2    -2.2
DAYS MAX <= 32      0               0.0     0.0
DAYS MIN <= 32      0               0.0     0.0
DAYS MIN <= 0       0               0.0     0.0

PRECIPITATION (INCHES)
RECORD
 MAXIMUM         9.95   1972
 MINIMUM         0.15   1954
TOTALS           3.95              3.46    0.49     7.81
DAILY AVG.       0.13              0.12    0.01
DAYS >= .01        11              10.6     0.4
DAYS >= .10        10               6.4     3.6
DAYS >= .50         2               2.3    -0.3
DAYS >= 1.00        1               1.0     0.0
GREATEST
 24 HR. TOTAL    1.67   06/18 TO 06/19

DEGREE_DAYS
HEATING TOTAL       2                15     -13        0
 SINCE 7/1       5006              4764     242     4486
COOLING TOTAL     256               238      18      277
 SINCE 1/1        341               322      19      408
..............................................................

WIND (MPH)
AVERAGE WIND SPEED              5.2
HIGHEST WIND SPEED/DIRECTION    26/050    DATE  06/19
HIGHEST GUST SPEED/DIRECTION    35/350    DATE  06/18

SKY COVER
POSSIBLE SUNSHINE (PERCENT)   MM
AVERAGE SKY COVER           0.60
NUMBER OF DAYS FAIR            4
NUMBER OF DAYS PC             20
NUMBER OF DAYS CLOUDY          6

AVERAGE RH (PERCENT)     68

WEATHER CONDITIONS. NUMBER OF DAYS WITH
THUNDERSTORM              6     MIXED PRECIP               0
HEAVY RAIN                6     RAIN                       8
LIGHT RAIN               12     FREEZING RAIN              0
LT FREEZING RAIN          0     HAIL                       1
HEAVY SNOW                0     SNOW                       0
LIGHT SNOW                0     SLEET                      0
FOG                      12     FOG W/VIS <= 1/4 MILE      1
HAZE                      3

-  INDICATES NEGATIVE NUMBERS.
R  INDICATES RECORD WAS SET OR TIED.
MM INDICATES DATA IS MISSING.
T  INDICATES TRACE AMOUNT.

&&

JUNE 2014..BALTIMORE MD...

THE MONTHLY AVERAGE TEMPERATURE AND PRECIPITATION WERE BOTH SLIGHTLY
ABOVE NORMAL.

THE NUMBER OF 90 DEGREE DAYS...3...WAS BELOW NORMAL...AND THE FEWEST
SINCE JUNE 2004 WHICH HAD ONLY ONE DAY AT OR ABOVE 90 DEGF.

NO NEW TEMPERATURE RECORDS WERE TIED OR BROKEN THIS MONTH.

A RECORD DAILY MAXIMUM RAINFALL OF 1.50 INCHES WAS SET ON THE
19TH...BREAKING THE OLD RECORD OF 1.38 INCHES SET IN 1996.

$$

DH/SMZ
