000
CXUS51 KCAR 032321
CLMCAR


CLIMATE REPORT
NATIONAL WEATHER SERVICE CARIBOU, ME
621 PM EST SAT DEC 3 2016

...................................

...THE CARIBOU ME CLIMATE SUMMARY FOR THE MONTH OF NOVEMBER 2016...

CLIMATE NORMAL PERIOD 1981 TO 2010
CLIMATE RECORD PERIOD 1939 TO 2016

WEATHER         OBSERVED          NORMAL  DEPART  LAST YEAR`S
                 VALUE   DATE(S)  VALUE   FROM    VALUE  DATE(S)
                                          NORMAL
................................................................
TEMPERATURE (F)
RECORD
 HIGH              68   11/01/1956
 LOW               -8   11/30/1995
HIGHEST            59   11/08        MM      MM       59  11/06
LOWEST             23   11/29        MM      MM        6  11/30
                        11/12
                        11/07
AVG. MAXIMUM     42.8              38.3     4.5     42.1
AVG. MINIMUM     30.9              24.7     6.2     28.7
MEAN             36.8              31.5     5.3     35.4
DAYS MAX >= 90      0               0.0     0.0        0
DAYS MAX <= 32      2               8.0    -6.0        4
DAYS MIN <= 32     21              23.9    -2.9       20
DAYS MIN <= 0       0               0.2    -0.2        0

PRECIPITATION (INCHES)
RECORD
 MAXIMUM         8.15   1983
 MINIMUM         0.45   1939
TOTALS           3.63                      0.00
DAILY AVG.       0.12              0.12    0.00     0.07
DAYS >= .01        18              14.3     3.7       10
DAYS >= .10         9               7.9     1.1        8
DAYS >= .50         3               2.4     0.6        1
DAYS >= 1.00        0               0.6    -0.6        0
GREATEST
 24 HR. TOTAL    0.90   11/29 TO 11/30           11/20 TO 11/20
                                                          11/20 TO 11/20
                                                          11/20 TO 11/20

SNOWFALL (INCHES)
RECORDS
 TOTAL           34.9   1974
TOTALS           20.2              10.5     9.7      3.8
SINCE 7/1        20.2              12.2     8.0      4.1
SNOWDEPTH AVG.      2                MM      MM        0
DAYS >= 1.0         5               2.8     2.2        2
GREATEST
 SNOW DEPTH        16   11/30                          3  11/23
 24 HR TOTAL      5.6   MM                       11/20 TO 11/20
                                                          11/20 TO 11/20
                                                          11/20 TO 11/20

DEGREE_DAYS
HEATING TOTAL     836              1005    -169      881
 SINCE 7/1       1687              2145    -458     1818
COOLING TOTAL       0                 0       0        0
 SINCE 1/1        275               180      95      253
.................................................

WIND (MPH)
AVERAGE WIND SPEED              6.8
HIGHEST WIND SPEED/DIRECTION    31/330    DATE  11/11
HIGHEST GUST SPEED/DIRECTION    45/340    DATE  11/11

SKY COVER
POSSIBLE SUNSHINE (PERCENT)   MM
AVERAGE SKY COVER           0.70
NUMBER OF DAYS FAIR            6
NUMBER OF DAYS PC              7
NUMBER OF DAYS CLOUDY         17

AVERAGE RH (PERCENT)     81

WEATHER CONDITIONS. NUMBER OF DAYS WITH
THUNDERSTORM              0     MIXED PRECIP               0
HEAVY RAIN                1     RAIN                       3
LIGHT RAIN               13     FREEZING RAIN              0
LT FREEZING RAIN          0     HAIL                       0
HEAVY SNOW                3     SNOW                       3
LIGHT SNOW               13     SLEET                      0
FOG                      22     FOG W/VIS <= 1/4 MILE      5
HAZE                      0

-  INDICATES NEGATIVE NUMBERS.
R  INDICATES RECORD WAS SET OR TIED.
MM INDICATES DATA IS MISSING.
T  INDICATES TRACE AMOUNT.

$$
