000
CXUS54 KLUB 012031
CLMCDS


CLIMATE REPORT
NATIONAL WEATHER SERVICE LUBBOCK, TX
328 PM CDT MON JUN 1 2015

...................................

...THE CHILDRESS CLIMATE SUMMARY FOR THE MONTH OF MAY 2015...

CLIMATE NORMAL PERIOD 1981 TO 2010
CLIMATE RECORD PERIOD 1893 TO 2015

WEATHER         OBSERVED          NORMAL  DEPART  LAST YEAR`S
                 VALUE   DATE(S)  VALUE   FROM    VALUE  DATE(S)
                                          NORMAL
................................................................
TEMPERATURE (F)
RECORD
 HIGH             111   05/24/2000
                        05/23/2000
 LOW               27   05/04/1907
HIGHEST            88   05/18                         MM  MM
LOWEST             48   05/11                         MM  MM
AVG. MAXIMUM     76.9              84.1    -7.2       MM
AVG. MINIMUM     56.6              58.4    -1.8       MM
MEAN             66.8              71.2    -4.4       MM

PRECIPITATION (INCHES)
RECORD
 MAXIMUM           MM   MM
 MINIMUM           MM   MM
TOTALS          13.21              3.14   10.07       MM
DAILY AVG.       0.43              0.10    0.33
DAYS >= .01        14                                 MM
DAYS >= .10        13                                 MM
DAYS >= .50         9                                 MM
DAYS >= 1.00        5                                 MM
GREATEST
 24 HR. TOTAL    3.39   05/07 TO 05/07

DEGREE_DAYS
HEATING TOTAL      42                27      15       MM
 SINCE 7/1       2973              3115    -142
COOLING TOTAL     104               221    -117       MM
 SINCE 1/1        200               312    -112
.................................................................

WIND (MPH)
AVERAGE WIND SPEED              11.1
HIGHEST WIND SPEED/DIRECTION    44/220    DATE  05/07
HIGHEST GUST SPEED/DIRECTION    55/230    DATE  05/07

SKY COVER
POSSIBLE SUNSHINE (PERCENT)   MM
AVERAGE SKY COVER           0.40
NUMBER OF DAYS FAIR           18
NUMBER OF DAYS PC              6
NUMBER OF DAYS CLOUDY          7

AVERAGE RH (PERCENT)     72

WEATHER CONDITIONS. NUMBER OF DAYS WITH
THUNDERSTORM              0     MIXED PRECIP               0
HEAVY RAIN               11     RAIN                      12
LIGHT RAIN               18     FREEZING RAIN              0
LT FREEZING RAIN          0     HAIL                       0
HEAVY SNOW                0     SNOW                       0
LIGHT SNOW                0     SLEET                      0
FOG                      16     FOG W/VIS <= 1/4 MILE      6
HAZE                      1

-  INDICATES NEGATIVE NUMBERS.
R  INDICATES RECORD WAS SET OR TIED.
MM INDICATES DATA IS MISSING.
T  INDICATES TRACE AMOUNT.

$$
