000
CXUS54 KLUB 011733
CLMCDS


CLIMATE REPORT
NATIONAL WEATHER SERVICE LUBBOCK, TX
1131 AM CST SUN JAN 1 2017

...................................

...THE CHILDRESS CLIMATE SUMMARY FOR THE MONTH OF DECEMBER 2016...

CLIMATE NORMAL PERIOD 1981 TO 2010
CLIMATE RECORD PERIOD 1893 TO 2016

WEATHER         OBSERVED          NORMAL  DEPART  LAST YEAR`S
                 VALUE   DATE(S)  VALUE   FROM    VALUE  DATE(S)
                                          NORMAL
................................................................
TEMPERATURE (F)
RECORD
 HIGH              88   12/04/1954
 LOW               -5   12/23/1989
HIGHEST            85   12/16                         75  12/11
LOWEST              7   12/18                         20  12/29
AVG. MAXIMUM     54.9              54.6     0.3     57.5
AVG. MINIMUM     30.3              29.4     0.9     33.8
MEAN             42.6              42.0     0.6     45.7

PRECIPITATION (INCHES)
RECORD
 MAXIMUM           MM   MM
 MINIMUM           MM   MM
TOTALS           1.29              0.91    0.38     0.85
DAILY AVG.       0.04              0.03    0.01
DAYS >= .01         3                                  4
DAYS >= .10         3                                  2
DAYS >= .50         2                                  1
DAYS >= 1.00        0                                  0
GREATEST
 24 HR. TOTAL    0.62   12/03 TO 12/03

SNOWFALL (INCHES)
RECORDS
 TOTAL             MM   MM
 24 HR TOTAL       MM
TOTALS              T               1.7    -1.7
SINCE 7/1           T               2.6    -2.6
DAYS >= TRACE       1
DAYS >= 1.0         0
GREATEST
 SNOW DEPTH         0   MM
 24 HR TOTAL        T   12/17 TO 12/17

DEGREE_DAYS
HEATING TOTAL     687               713     -26      591
 SINCE 7/1        954              1273    -319
COOLING TOTAL       0                 0       0        0
 SINCE 1/1       2370              2207     163
.................................................................

WIND (MPH)
AVERAGE WIND SPEED              10.0
HIGHEST WIND SPEED/DIRECTION    35/270    DATE  12/16
HIGHEST GUST SPEED/DIRECTION    45/260    DATE  12/16

SKY COVER
POSSIBLE SUNSHINE (PERCENT)   MM
AVERAGE SKY COVER           0.20
NUMBER OF DAYS FAIR           20
NUMBER OF DAYS PC              9
NUMBER OF DAYS CLOUDY          2

AVERAGE RH (PERCENT)     55

WEATHER CONDITIONS. NUMBER OF DAYS WITH
THUNDERSTORM              0     MIXED PRECIP               0
HEAVY RAIN                1     RAIN                       2
LIGHT RAIN                6     FREEZING RAIN              0
LT FREEZING RAIN          0     HAIL                       0
HEAVY SNOW                0     SNOW                       0
LIGHT SNOW                1     SLEET                      0
FOG                       6     FOG W/VIS <= 1/4 MILE      1
HAZE                      3

-  INDICATES NEGATIVE NUMBERS.
R  INDICATES RECORD WAS SET OR TIED.
MM INDICATES DATA IS MISSING.
T  INDICATES TRACE AMOUNT.

$$
