000
CXUS53 KDVN 020935
CLMCID


CLIMATE REPORT
NATIONAL WEATHER SERVICE QUAD CITIES IA IL
431 AM CDT SUN AUG 2 2015

...................................

...THE CEDAR RAPIDS IA CLIMATE SUMMARY FOR THE MONTH OF JULY 2015...

CLIMATE NORMAL PERIOD 1981 TO 2010
CLIMATE RECORD PERIOD 1891 TO 2015

WEATHER         OBSERVED          NORMAL  DEPART
                 VALUE   DATE(S)  VALUE   FROM
                                          NORMAL
................................................
TEMPERATURE (F)
RECORD
 HIGH             110   07/05/1911
 LOW               42   07/02/1924
HIGHEST            93   07/13        84       9
LOWEST             53   07/09        62      -9
AVG. MAXIMUM     81.3              83.5    -2.2
AVG. MINIMUM     62.4              62.5    -0.1
MEAN             71.8              73.0    -1.2
DAYS MAX >= 90      2
DAYS MAX <= 32      0
DAYS MIN <= 32      0
DAYS MIN <= 0       0

PRECIPITATION (INCHES)
TOTALS           5.58              4.46    1.12
DAILY AVG.       0.18              0.14    0.04
DAYS >= .01         9
DAYS >= .10         6
DAYS >= .50         4
DAYS >= 1.00        2
GREATEST
 24 HR. TOTAL    2.35   07/28 TO 07/28

DEGREE_DAYS
HEATING TOTAL       4                 4       0
 SINCE 7/1          4                 4       0
COOLING TOTAL     221               252     -31
 SINCE 1/1        416               467     -51
.................................................

WIND (MPH)
AVERAGE WIND SPEED              6.8
HIGHEST WIND SPEED/DIRECTION    37/270    DATE  07/26
HIGHEST GUST SPEED/DIRECTION    45/280    DATE  07/26

SKY COVER
POSSIBLE SUNSHINE (PERCENT)   MM
AVERAGE SKY COVER           0.20
NUMBER OF DAYS FAIR           24
NUMBER OF DAYS PC              6
NUMBER OF DAYS CLOUDY          1

AVERAGE RH (PERCENT)     81

WEATHER CONDITIONS. NUMBER OF DAYS WITH
THUNDERSTORM              5     HAIL                       0
SLEET                     0     FOG                       19
FOG W/VIS <= 1/4 MILE     1     HAZE                       5

-  INDICATES NEGATIVE NUMBERS.
R  INDICATES RECORD WAS SET OR TIED.
MM INDICATES DATA IS MISSING.
T  INDICATES TRACE AMOUNT.

$$
