000
CXUS51 KILN 011240
CLMCMH


CLIMATE REPORT
NATIONAL WEATHER SERVICE WILMINGTON OH
738 AM EST THU DEC 1 2016

...................................

...THE COLUMBUS CLIMATE SUMMARY FOR THE MONTH OF NOVEMBER 2016...

CLIMATE NORMAL PERIOD 1981 TO 2010
CLIMATE RECORD PERIOD 1869 TO 2016

WEATHER         OBSERVED          NORMAL  DEPART  LAST YEAR`S
                 VALUE   DATE(S)  VALUE   FROM    VALUE  DATE(S)
                                          NORMAL
................................................................
TEMPERATURE (F)
RECORD
 HIGH              80   11/01/2016
                        11/03/1987
                        11/09/1975
 LOW               -5   11/22/1880
HIGHEST            80R  11/01        52      28       75  11/05
                                                          11/03
LOWEST             21   11/22        34     -13       21  11/23
AVG. MAXIMUM     57.7              52.6     5.1     57.7
AVG. MINIMUM     36.3              36.1     0.2     39.5
MEAN             47.0              44.4     2.6     48.6
DAYS MAX >= 90      0               0.0     0.0        0
DAYS MAX <= 32      0               0.6    -0.6        0
DAYS MIN <= 32     10              10.5    -0.5        8
DAYS MIN <= 0       0               0.0     0.0        0

PRECIPITATION (INCHES)
TOTALS           1.02              3.20   -2.18     2.37
DAILY AVG.       0.03              0.11   -0.08     0.08
DAYS >= .01         8              11.4    -3.4       11
DAYS >= .10         3               6.8    -3.8        9
DAYS >= .50         0               2.2    -2.2        1
DAYS >= 1.00        0               0.6    -0.6        0
GREATEST
 24 HR. TOTAL    0.41   11/28 TO 11/29           11/27 TO 11/28
                                                          11/22 TO 11/22
                                                          11/22 TO 11/22
 STORM TOTAL       MM                                 MM
 (MM/DD(HH))            MM                    11/28(00) TO 11/28(00)
                                                 11/22(00) TO 11/22(00)2
                                                 11/22(00) TO 11/22(00)2

SNOWFALL (INCHES)
TOTALS              T               0.9    -0.9        T
SINCE 7/1           T               1.1    -1.1        T
DAYS >= TRACE       2               1.8     0.2        1
DAYS >= 1.0         0               0.2    -0.2        0
GREATEST
 24 HR TOTAL        T   11/20 TO 11/20           11/22 TO 11/22
                                                          11/22 TO 11/22
                                                          11/22 TO 11/22
 STORM TOTAL       MM                                 MM
 (MM/DD(HH))            MM                    11/22(00) TO 11/22(00)
                                                 11/22(00) TO 11/22(00)2
                                                 11/22(00) TO 11/22(00)2

DEGREE_DAYS
HEATING TOTAL     534               620     -86      488
 SINCE 7/1        766              1014    -248      805
COOLING TOTAL       3                 0       3        2
 SINCE 1/1       1327              1024     303     1028
...................................................

WIND (MPH)
AVERAGE WIND SPEED              6.7
RESULTANT WIND SPEED/DIRECTION   2/250
HIGHEST WIND SPEED/DIRECTION    31/270    DATE  11/19
HIGHEST GUST SPEED/DIRECTION    38/270    DATE  11/19

SKY COVER
AVERAGE SKY COVER           0.50

AVERAGE RH (PERCENT)     73

WEATHER CONDITIONS. NUMBER OF DAYS WITH
THUNDERSTORM              0     MIXED PRECIP               1
HEAVY RAIN                0     RAIN                       5
LIGHT RAIN               11     FREEZING RAIN              0
LT FREEZING RAIN          0     HAIL                       0
HEAVY SNOW                0     SNOW                       1
LIGHT SNOW                2     SLEET                      0
FOG                      15     FOG W/VIS <= 1/4 MILE      1
HAZE                      4

-  INDICATES NEGATIVE NUMBERS.
R  INDICATES RECORD WAS SET OR TIED.
MM INDICATES DATA IS MISSING.
T  INDICATES TRACE AMOUNT.

$$
