000
CXUS51 KILN 011318
CLMCMH


CLIMATE REPORT
NATIONAL WEATHER SERVICE WILMINGTON OH
817 AM EST FRI DEC 1 2017

...................................

...THE COLUMBUS CLIMATE SUMMARY FOR THE MONTH OF NOVEMBER 2017...

CLIMATE NORMAL PERIOD 1981 TO 2010
CLIMATE RECORD PERIOD 1869 TO 2017

WEATHER         OBSERVED          NORMAL  DEPART  LAST YEAR`S
                 VALUE   DATE(S)  VALUE   FROM    VALUE  DATE(S)
                                          NORMAL
................................................................
TEMPERATURE (F)
RECORD
 HIGH              80   11/01/2016
                        11/03/1987
                        11/09/1975
 LOW               -5   11/22/1880
HIGHEST            73   11/05        52      21       80  11/01
LOWEST             21   11/11        34     -13       21  11/22
AVG. MAXIMUM     52.5              52.6    -0.1     57.7
AVG. MINIMUM     34.8              36.1    -1.3     36.3
MEAN             43.6              44.4    -0.8     47.0
DAYS MAX >= 90      0               0.0     0.0        0
DAYS MAX <= 32      0               0.6    -0.6        0
DAYS MIN <= 32     12              10.5     1.5       10
DAYS MIN <= 0       0               0.0     0.0        0

PRECIPITATION (INCHES)
TOTALS           4.67              3.20    1.47     1.02
DAILY AVG.       0.16              0.11    0.05     0.03
DAYS >= .01        12              11.4     0.6        8
DAYS >= .10         7               6.8     0.2        3
DAYS >= .50         4               2.2     1.8        0
DAYS >= 1.00        1               0.6     0.4        0
GREATEST
 24 HR. TOTAL    1.72   11/05 TO 11/05           11/28 TO 11/29
                                                          11/20 TO 11/20
                                                          11/20 TO 11/20
 STORM TOTAL       MM                                 MM
 (MM/DD(HH))            MM                    11/29(00) TO 11/29(00)
                                                 11/20(00) TO 11/20(00)0
                                                 11/20(00) TO 11/20(00)0

SNOWFALL (INCHES)
TOTALS              T               0.9    -0.9        T
SINCE 7/1           T               1.1    -1.1        T
DAYS >= TRACE       1               1.8    -0.8        2
DAYS >= 1.0         0               0.2    -0.2        0
GREATEST
 24 HR TOTAL        T   11/22 TO 11/22           11/20 TO 11/20
                                                          11/20 TO 11/20
                                                          11/20 TO 11/20
 STORM TOTAL       MM                                 MM
 (MM/DD(HH))            MM                    11/20(00) TO 11/20(00)
                                                 11/20(00) TO 11/20(00)0
                                                 11/20(00) TO 11/20(00)0

DEGREE_DAYS
HEATING TOTAL     638               620      18      534
 SINCE 7/1        919              1014     -95      766
COOLING TOTAL       2                 0       2        3
 SINCE 1/1       1095              1024      71     1327
.................................................

WIND (MPH)
AVERAGE WIND SPEED              8.0
RESULTANT WIND SPEED/DIRECTION   1/219
HIGHEST WIND SPEED/DIRECTION    40/300    DATE  11/05
HIGHEST GUST SPEED/DIRECTION    56/290    DATE  11/05

SKY COVER
AVERAGE SKY COVER           0.70

AVERAGE RH (PERCENT)     71

WEATHER CONDITIONS. NUMBER OF DAYS WITH
THUNDERSTORM              0     MIXED PRECIP               0
HEAVY RAIN                4     RAIN                       7
LIGHT RAIN               15     FREEZING RAIN              0
LT FREEZING RAIN          0     HAIL                       0
HEAVY SNOW                0     SNOW                       0
LIGHT SNOW                1     SLEET                      0
FOG                      13     FOG W/VIS <= 1/4 MILE      0
HAZE                      4

-  INDICATES NEGATIVE NUMBERS.
R  INDICATES RECORD WAS SET OR TIED.
MM INDICATES DATA IS MISSING.
T  INDICATES TRACE AMOUNT.

$$
