000
CXUS53 KILX 011632
CLMCMI


CLIMATE REPORT
NATIONAL WEATHER SERVICE LINCOLN IL
1008 AM CST SUN FEB 1 2015

...................................

...THE CHAMPAIGN IL AIRPORT CLIMATE SUMMARY FOR THE MONTH OF JANUARY 2015...

CLIMATE NORMAL PERIOD 1981 TO 2010
CLIMATE RECORD PERIOD 9999 TO 9999

WEATHER         OBSERVED          NORMAL  DEPART  LAST YEAR`S
                 VALUE   DATE(S)  VALUE   FROM    VALUE
                                          NORMAL
.............................................................
TEMPERATURE (F)
RECORD
 HIGH              MM   MM
 LOW               MM   MM
HIGHEST            47   01/17        MM      MM       51
LOWEST             -7   01/08        MM      MM      -13
                        01/07
AVG. MAXIMUM     32.7              33.5    -0.8     29.4
AVG. MINIMUM     17.2              17.2     0.0      9.5
MEAN             24.9              25.3    -0.4     19.5
DAYS MAX >= 90      0               0.0     0.0        0
DAYS MAX <= 32     11              13.5    -2.5       17
DAYS MIN <= 32     28              27.7     0.3       31
DAYS MIN <= 0       6               3.5     2.5       11

PRECIPITATION (INCHES)
RECORD
 MAXIMUM           MM   MM
 MINIMUM           MM   MM
TOTALS           1.12              2.05   -0.93       MM
DAILY AVG.       0.04              0.07   -0.03     0.03
DAYS >= .01         8                MM      MM       MM
DAYS >= .10         3                MM      MM       MM
DAYS >= .50         1                MM      MM       MM
DAYS >= 1.00        0                MM      MM       MM
GREATEST
 24 HR. TOTAL    0.53   01/02 TO 01/03                MM

DEGREE_DAYS
HEATING TOTAL    1235              1229       6     1404
 SINCE 7/1       3573              3510      63     3780
COOLING TOTAL       0                 0       0        0
 SINCE 1/1          0                 0       0        0
..............................................................

WIND (MPH)
AVERAGE WIND SPEED              11.0
HIGHEST WIND SPEED/DIRECTION    39/280    DATE  01/08
HIGHEST GUST SPEED/DIRECTION    48/270    DATE  01/08

SKY COVER
POSSIBLE SUNSHINE (PERCENT)   MM
AVERAGE SKY COVER           0.50
NUMBER OF DAYS FAIR           11
NUMBER OF DAYS PC             11
NUMBER OF DAYS CLOUDY          9

AVERAGE RH (PERCENT)     79

WEATHER CONDITIONS. NUMBER OF DAYS WITH
THUNDERSTORM              0     MIXED PRECIP               0
HEAVY RAIN                0     RAIN                       1
LIGHT RAIN                8     FREEZING RAIN              1
LT FREEZING RAIN          3     HAIL                       0
HEAVY SNOW                0     SNOW                       1
LIGHT SNOW               12     SLEET                      0
FOG                      24     FOG W/VIS <= 1/4 MILE      2
HAZE                     12

-  INDICATES NEGATIVE NUMBERS.
R  INDICATES RECORD WAS SET OR TIED.
MM INDICATES DATA IS MISSING.
T  INDICATES TRACE AMOUNT.

$$
