000
CXUS55 KCYS 031934
CLMCNE


CLIMATE REPORT
NATIONAL WEATHER SERVICE CHEYENNE WY
134 PM MDT THU SEP 3 2015

...................................

...THE ALLIANCE NE AIRPORT CLIMATE SUMMARY FOR THE MONTH OF AUGUST 2015...

CLIMATE NORMAL PERIOD 1981 TO 2010
CLIMATE RECORD PERIOD 1896 TO 2015

WEATHER         OBSERVED          NORMAL  DEPART  LAST YEAR`S
                 VALUE   DATE(S)  VALUE   FROM    VALUE
                                          NORMAL
.............................................................
TEMPERATURE (F)
RECORD
 HIGH             107   08/13/2007
 LOW               30   08/25/1910
HIGHEST           101   08/15        MM      MM       99
LOWEST             39   08/23        MM      MM       47
AVG. MAXIMUM     87.2              86.3     0.9     87.2
AVG. MINIMUM     52.7              54.4    -1.7     53.8
MEAN             70.0              70.4    -0.4     70.5
DAYS MAX >= 90     15              11.7     3.3       13
DAYS MAX <= 32      0               0.0     0.0        0
DAYS MIN <= 32      0               0.1    -0.1        0
DAYS MIN <= 0       0               0.0     0.0        0

PRECIPITATION (INCHES)
RECORD
 MAXIMUM         5.88   1963
 MINIMUM         0.00   1935
TOTALS           0.83              1.70   -0.87     2.59
DAYS >= .01         5                MM      MM       10
DAYS >= .10         2                MM      MM        6
DAYS >= .50         1                MM      MM        1
DAYS >= 1.00        0                MM      MM        1
GREATEST
 24 HR. TOTAL    0.63   08/17 TO 08/18

DEGREE_DAYS
HEATING TOTAL      37                25      12       10
 SINCE 7/1         52                37      15       37
COOLING TOTAL     200               191       9      190
 SINCE 1/1        478               523     -45      462
..............................................................

WIND (MPH)
AVERAGE WIND SPEED              9.0
HIGHEST WIND SPEED/DIRECTION    40/230    DATE  08/15
HIGHEST GUST SPEED/DIRECTION    53/230    DATE  08/15

SKY COVER
POSSIBLE SUNSHINE (PERCENT)   MM
AVERAGE SKY COVER           0.10
NUMBER OF DAYS FAIR           29
NUMBER OF DAYS PC              1
NUMBER OF DAYS CLOUDY          1

AVERAGE RH (PERCENT)     61

WEATHER CONDITIONS. NUMBER OF DAYS WITH
THUNDERSTORM              0     MIXED PRECIP               0
HEAVY RAIN                2     RAIN                       3
LIGHT RAIN                5     FREEZING RAIN              0
LT FREEZING RAIN          0     HAIL                       0
HEAVY SNOW                0     SNOW                       0
LIGHT SNOW                0     SLEET                      0
FOG                       9     FOG W/VIS <= 1/4 MILE      2
HAZE                      1

-  INDICATES NEGATIVE NUMBERS.
R  INDICATES RECORD WAS SET OR TIED.
MM INDICATES DATA IS MISSING.
T  INDICATES TRACE AMOUNT.
...................................

...THE CHADRON NE AIRPORT CLIMATE SUMMARY FOR THE MONTH OF AUGUST 2015...

CLIMATE NORMAL PERIOD 1981 TO 2010
CLIMATE RECORD PERIOD 1895 TO 2015

WEATHER         OBSERVED          NORMAL  DEPART  LAST YEAR`S
                 VALUE   DATE(S)  VALUE   FROM    VALUE
                                          NORMAL
.............................................................
TEMPERATURE (F)
RECORD
 HIGH             111   08/25/1926
 LOW               34   08/23/2015
HIGHEST           105   08/15        MM      MM       99
LOWEST             34R  08/23        MM      MM       47
AVG. MAXIMUM     88.7              89.0    -0.3     87.9
AVG. MINIMUM     54.1              55.4    -1.3     56.8
MEAN             71.4              72.2    -0.8     72.4
DAYS MAX >= 90     16              15.5     0.5       16
DAYS MAX <= 32      0               0.0     0.0        0
DAYS MIN <= 32      0               0.0     0.0        0
DAYS MIN <= 0       0               0.0     0.0        0

PRECIPITATION (INCHES)
RECORD
 MAXIMUM         5.00   1979
 MINIMUM            T   2011
TOTALS           0.81              1.58   -0.77     2.73
DAYS >= .01         5               6.7    -1.7       11
DAYS >= .10         2               3.5    -1.5        8
DAYS >= .50         1               0.9     0.1        1
DAYS >= 1.00        0               0.4    -0.4        0
GREATEST
 24 HR. TOTAL    0.58   08/17 TO 08/18

DEGREE_DAYS
HEATING TOTAL      33                20      13        3
 SINCE 7/1         36                30       6       14
COOLING TOTAL     241               243      -2      241
 SINCE 1/1        598               647     -49      585
..............................................................

WIND (MPH)
AVERAGE WIND SPEED              7.8
HIGHEST WIND SPEED/DIRECTION    38/190    DATE  08/26
HIGHEST GUST SPEED/DIRECTION    54/190    DATE  08/26

SKY COVER
POSSIBLE SUNSHINE (PERCENT)   MM
AVERAGE SKY COVER           0.10
NUMBER OF DAYS FAIR           28
NUMBER OF DAYS PC              3
NUMBER OF DAYS CLOUDY          0

AVERAGE RH (PERCENT)     56

WEATHER CONDITIONS. NUMBER OF DAYS WITH
THUNDERSTORM              0     MIXED PRECIP               0
HEAVY RAIN                2     RAIN                       2
LIGHT RAIN                9     FREEZING RAIN              0
LT FREEZING RAIN          0     HAIL                       0
HEAVY SNOW                0     SNOW                       0
LIGHT SNOW                0     SLEET                      0
FOG                       8     FOG W/VIS <= 1/4 MILE      0
HAZE                     17

-  INDICATES NEGATIVE NUMBERS.
R  INDICATES RECORD WAS SET OR TIED.
MM INDICATES DATA IS MISSING.
T  INDICATES TRACE AMOUNT.
...................................

...THE SCOTTSBLUFF NE AIRPORT CLIMATE SUMMARY FOR THE MONTH OF AUGUST 2015...

CLIMATE NORMAL PERIOD 1981 TO 2010
CLIMATE RECORD PERIOD 1871 TO 2015

WEATHER         OBSERVED          NORMAL  DEPART  LAST YEAR`S
                 VALUE   DATE(S)  VALUE   FROM    VALUE
                                          NORMAL
.............................................................
TEMPERATURE (F)
RECORD
 HIGH             106   08/27/1898
 LOW               30   08/25/1910
HIGHEST           101   08/15        87      14      100
LOWEST             37   08/23        57     -20       46
AVG. MAXIMUM     87.6              87.7    -0.1     88.3
AVG. MINIMUM     56.2              56.2     0.0     56.3
MEAN             71.9              71.9     0.0     72.3
DAYS MAX >= 90     14              13.4     0.6       17
DAYS MAX <= 32      0               0.0     0.0        0
DAYS MIN <= 32      0               0.0     0.0        0
DAYS MIN <= 0       0               0.0     0.0        0

PRECIPITATION (INCHES)
RECORD
 MAXIMUM         5.66   1915
 MINIMUM            T   2012
TOTALS           1.26              1.30   -0.04     1.66
DAYS >= .01         6               7.3    -1.3       10
DAYS >= .10         3               3.1    -0.1        5
DAYS >= .50         0               0.7    -0.7        1
DAYS >= 1.00        0               0.1    -0.1        0
GREATEST
 24 HR. TOTAL    0.47   08/18 TO 08/19

DEGREE_DAYS
HEATING TOTAL      27                14      13        6
 SINCE 7/1         33                20      13       13
COOLING TOTAL     248               229      19      239
 SINCE 1/1        680               665      15      643
..............................................................

WIND (MPH)
AVERAGE WIND SPEED              7.6
HIGHEST WIND SPEED/DIRECTION    35/270    DATE  08/15
HIGHEST GUST SPEED/DIRECTION    46/260    DATE  08/15

SKY COVER
POSSIBLE SUNSHINE (PERCENT)   MM
AVERAGE SKY COVER           0.10
NUMBER OF DAYS FAIR           27
NUMBER OF DAYS PC              3
NUMBER OF DAYS CLOUDY          1

AVERAGE RH (PERCENT)     60

WEATHER CONDITIONS. NUMBER OF DAYS WITH
THUNDERSTORM              0     MIXED PRECIP               0
HEAVY RAIN                3     RAIN                       1
LIGHT RAIN                9     FREEZING RAIN              0
LT FREEZING RAIN          0     HAIL                       0
HEAVY SNOW                0     SNOW                       0
LIGHT SNOW                0     SLEET                      0
FOG                      10     FOG W/VIS <= 1/4 MILE      3
HAZE                      6

-  INDICATES NEGATIVE NUMBERS.
R  INDICATES RECORD WAS SET OR TIED.
MM INDICATES DATA IS MISSING.
T  INDICATES TRACE AMOUNT.
...................................

...THE SIDNEY NE AIRPORT CLIMATE SUMMARY FOR THE MONTH OF AUGUST 2015...

CLIMATE NORMAL PERIOD 1981 TO 2010
CLIMATE RECORD PERIOD 1948 TO 2015

WEATHER         OBSERVED          NORMAL  DEPART  LAST YEAR`S
                 VALUE   DATE(S)  VALUE   FROM    VALUE
                                          NORMAL
.............................................................
TEMPERATURE (F)
RECORD
 HIGH             104   08/08/1969
 LOW               35   08/23/2015
HIGHEST           101   08/26        MM      MM       98
LOWEST             35R  08/23        MM      MM       48
AVG. MAXIMUM     87.9              88.2    -0.3     88.2
AVG. MINIMUM     53.6              58.4    -4.8     55.1
MEAN             70.8              73.3    -2.5     71.6
DAYS MAX >= 90     15              13.7     1.3       18
DAYS MAX <= 32      0               0.0     0.0        0
DAYS MIN <= 32      0               0.0     0.0        0
DAYS MIN <= 0       0               0.0     0.0        0

PRECIPITATION (INCHES)
RECORD
 MAXIMUM         7.15   1968
 MINIMUM         0.12   1964
TOTALS           0.54              2.26   -1.72     2.91
DAYS >= .01         7               9.7    -2.7       11
DAYS >= .10         2               4.9    -2.9        6
DAYS >= .50         0               1.6    -1.6        2
DAYS >= 1.00        0               0.1    -0.1        1
GREATEST
 24 HR. TOTAL    0.17   08/05 TO 08/05

DEGREE_DAYS
HEATING TOTAL      31                 8      23        3
 SINCE 7/1         38                11      27       12
COOLING TOTAL     219               264     -45      215
 SINCE 1/1        568               742    -174      558
..............................................................

WIND (MPH)
AVERAGE WIND SPEED              10.5
HIGHEST WIND SPEED/DIRECTION    37/330    DATE  08/07
HIGHEST GUST SPEED/DIRECTION    49/320    DATE  08/07

SKY COVER
POSSIBLE SUNSHINE (PERCENT)   MM
AVERAGE SKY COVER           0.10
NUMBER OF DAYS FAIR           26
NUMBER OF DAYS PC              4
NUMBER OF DAYS CLOUDY          1

AVERAGE RH (PERCENT)     59

WEATHER CONDITIONS. NUMBER OF DAYS WITH
THUNDERSTORM              0     MIXED PRECIP               0
HEAVY RAIN                2     RAIN                       2
LIGHT RAIN               11     FREEZING RAIN              0
LT FREEZING RAIN          0     HAIL                       0
HEAVY SNOW                0     SNOW                       0
LIGHT SNOW                0     SLEET                      0
FOG                       9     FOG W/VIS <= 1/4 MILE      4
HAZE                      3

-  INDICATES NEGATIVE NUMBERS.
R  INDICATES RECORD WAS SET OR TIED.
MM INDICATES DATA IS MISSING.
T  INDICATES TRACE AMOUNT.

$$
