000
CXUS53 KTOP 011429
CLMCNK


CLIMATE REPORT
NATIONAL WEATHER SERVICE TOPEKA KS
827 AM CST FRI DEC 1 2017

...................................

...THE CONCORDIA KS CLIMATE SUMMARY FOR THE MONTH OF NOVEMBER 2017...

CLIMATE NORMAL PERIOD 1981 TO 2010
CLIMATE RECORD PERIOD 1885 TO 2017

WEATHER         OBSERVED          NORMAL  DEPART  LAST YEAR`S
                 VALUE   DATE(S)  VALUE   FROM    VALUE
                                          NORMAL
.............................................................
TEMPERATURE (F)
RECORD
 HIGH              85   11/08/2006
 LOW              -15   11/27/1887
HIGHEST            83   11/24        59      24       80
LOWEST             16   11/22        25      -9       20
AVG. MAXIMUM     56.2              52.2     4.0     60.4
AVG. MINIMUM     32.7              31.1     1.6     36.8
MEAN             44.4              41.6     2.8     48.6
DAYS MAX >= 90      0               0.0     0.0        0
DAYS MAX <= 32      0               1.8    -1.8        0
DAYS MIN <= 32     15              16.2    -1.2       10
DAYS MIN <= 0       0               0.0     0.0        0

PRECIPITATION (INCHES)
RECORD
 MAXIMUM         4.88   1971
 MINIMUM         0.00   1989
                        1949
                        1936
TOTALS           0.14              1.11   -0.97     0.57
DAILY AVG.       0.00              0.04   -0.04     0.02
DAYS >= .01         2               5.2    -3.2        4
DAYS >= .10         0               2.5    -2.5        3
DAYS >= .50         0               0.5    -0.5        0
DAYS >= 1.00        0               0.3    -0.3        0
GREATEST
 24 HR. TOTAL    0.07   11/18 TO 11/18              0.34
                        11/11 TO 11/11

SNOWFALL (INCHES)
RECORDS
 TOTAL           10.4   1957
TOTALS            0.0               2.5    -2.5      0.0
SINCE 7/1           T               2.7    -2.7      0.0
SNOWDEPTH AVG.      0                                  0
DAYS >= 1.0         0               0.7    -0.7        0
GREATEST
 SNOW DEPTH         0   MM                             0
 24 HR TOTAL      0.0   11/30 TO 11/30               0.0

DEGREE_DAYS
HEATING TOTAL     611               701     -90      484
 SINCE 7/1        937              1092    -155      697
COOLING TOTAL       0                 1      -1        0
 SINCE 1/1       1370              1349      21     1540
..............................................................

WIND (MPH)
AVERAGE WIND SPEED              10.4
HIGHEST WIND SPEED/DIRECTION    36/310    DATE  11/24
HIGHEST GUST SPEED/DIRECTION    47/310    DATE  11/24

SKY COVER
POSSIBLE SUNSHINE (PERCENT)   MM
AVERAGE SKY COVER           0.20
NUMBER OF DAYS FAIR           21
NUMBER OF DAYS PC              7
NUMBER OF DAYS CLOUDY          2

AVERAGE RH (PERCENT)     63

WEATHER CONDITIONS. NUMBER OF DAYS WITH
THUNDERSTORM              0     MIXED PRECIP               0
HEAVY RAIN                0     RAIN                       1
LIGHT RAIN                2     FREEZING RAIN              0
LT FREEZING RAIN          0     HEAVY SNOW                 0
SNOW                      0     LIGHT SNOW                 1
FOG                       2     FOG W/VIS <= 1/4 MILE      1
HAZE                      2

-  INDICATES NEGATIVE NUMBERS.
R  INDICATES RECORD WAS SET OR TIED.
MM INDICATES DATA IS MISSING.
T  INDICATES TRACE AMOUNT.

$$
