000
CXUS53 KTOP 011416
CLMCNK


CLIMATE REPORT
NATIONAL WEATHER SERVICE TOPEKA KS
815 AM CST WED MAR 1 2017

...................................

...THE CONCORDIA KS CLIMATE SUMMARY FOR THE MONTH OF FEBRUARY 2017...

CLIMATE NORMAL PERIOD 1981 TO 2010
CLIMATE RECORD PERIOD 1885 TO 2017

WEATHER         OBSERVED          NORMAL  DEPART  LAST YEAR`S
                 VALUE   DATE(S)  VALUE   FROM    VALUE
                                          NORMAL
.............................................................
TEMPERATURE (F)
RECORD
 HIGH              81   02/28/1972
 LOW              -25   02/12/1899
HIGHEST            77   02/22        48      29       79
LOWEST             12   02/25        19      -7       15
                        02/09
AVG. MAXIMUM     53.8              43.3    10.5     50.8
AVG. MINIMUM     28.8              22.2     6.6     27.7
MEAN             41.3              32.7     8.6     39.3
DAYS MAX >= 90      0               0.0     0.0        0
DAYS MAX <= 32      2               6.2    -4.2        4
DAYS MIN <= 32     16              22.5    -6.5       21
DAYS MIN <= 0       0               1.3    -1.3        0

PRECIPITATION (INCHES)
RECORD
 MAXIMUM         3.19   1911
 MINIMUM         0.00   1996
TOTALS           0.10              0.79   -0.69     0.51
DAILY AVG.       0.00              0.03   -0.03     0.02
DAYS >= .01         3               5.1    -2.1        3
DAYS >= .10         0               2.2    -2.2        1
DAYS >= .50         0               0.4    -0.4        0
DAYS >= 1.00        0               0.1    -0.1        0
GREATEST
 24 HR. TOTAL    0.08   02/23 TO 02/24              0.49

SNOWFALL (INCHES)
RECORDS
 TOTAL           22.0   1960
TOTALS            0.3               4.7    -4.4      4.7
SINCE 7/1         3.5              16.9   -13.4     13.6
SNOWDEPTH AVG.      0                                  0
DAYS >= 1.0         0               1.5    -1.5        1
GREATEST
 SNOW DEPTH         T   02/25                          3
 24 HR TOTAL      0.3   MM                           4.7

DEGREE_DAYS
HEATING TOTAL     658               903    -245      739
 SINCE 7/1       3501              4207    -706     3471
COOLING TOTAL       0                 0       0        0
 SINCE 1/1          0                 0       0        0
..............................................................

WIND (MPH)
AVERAGE WIND SPEED              10.8
HIGHEST WIND SPEED/DIRECTION    29/160    DATE  02/27
HIGHEST GUST SPEED/DIRECTION    37/340    DATE  02/24

SKY COVER
POSSIBLE SUNSHINE (PERCENT)   MM
AVERAGE SKY COVER           0.20
NUMBER OF DAYS FAIR           21
NUMBER OF DAYS PC              5
NUMBER OF DAYS CLOUDY          2

AVERAGE RH (PERCENT)     62

WEATHER CONDITIONS. NUMBER OF DAYS WITH
THUNDERSTORM              1     MIXED PRECIP               0
HEAVY RAIN                0     RAIN                       0
LIGHT RAIN                5     FREEZING RAIN              0
LT FREEZING RAIN          1     HEAVY SNOW                 0
SNOW                      0     LIGHT SNOW                 2
FOG                       5     FOG W/VIS <= 1/4 MILE      2
HAZE                      0

-  INDICATES NEGATIVE NUMBERS.
R  INDICATES RECORD WAS SET OR TIED.
MM INDICATES DATA IS MISSING.
T  INDICATES TRACE AMOUNT.

$$
