000
CXUS51 KGYX 050615
CLMCON

PWMCLMCON 000
TTAA00 KGYX 040957


CLIMATE REPORT
NATIONAL WEATHER SERVICE GRAY ME
114 AM EST TUE DEC 5 2017

...................................

...THE CONCORD NH CLIMATE SUMMARY FOR THE MONTH OF NOVEMBER 2017...

CLIMATE NORMAL PERIOD 1981 TO 2010
CLIMATE RECORD PERIOD 1868 TO 2017

WEATHER         OBSERVED          NORMAL  DEPART  LAST YEAR`S
                 VALUE   DATE(S)  VALUE   FROM    VALUE  DATE(S)
                                          NORMAL
................................................................
TEMPERATURE (F)
RECORD
 HIGH              80   11/02/1950
                        11/02/1876
 LOW              -17   11/30/1875
HIGHEST            71   11/03        69       2       67  11/14
                                                          11/08
LOWEST             15   11/28        11       4       23  11/29
                                                          11/28
AVG. MAXIMUM     48.0              48.4    -0.4     51.7
AVG. MINIMUM     28.1              28.2    -0.1     30.8
MEAN             38.0              38.3    -0.3     41.2
DAYS MAX >= 90      0               0.0     0.0        0
DAYS MAX <= 32      0               1.0    -1.0        0
DAYS MIN <= 32     22              20.3     1.7       22
DAYS MIN <= 0       0               0.0     0.0        0

PRECIPITATION (INCHES)
RECORD
 MAXIMUM         7.59   1937
 MINIMUM         0.50   2012
                        1939
TOTALS           1.35              3.72   -2.37     2.37
DAILY AVG.       0.05              0.12   -0.07     0.08
DAYS >= .01        11              11.2    -0.2       12
DAYS >= .10         5               6.7    -1.7        7
DAYS >= .50         0               2.8    -2.8        2
DAYS >= 1.00        0               0.8    -0.8        0
GREATEST
 24 HR. TOTAL    0.40   11/06

SNOWFALL (INCHES)
RECORDS
 TOTAL           25.0   1873
TOTALS            0.6               2.6    -2.0      0.7
SINCE 7/1         0.6               2.6    -2.0      0.7
SNOWDEPTH AVG.      0
DAYS >= TRACE       2               1.9     0.1        5
DAYS >= 1.0         0               0.9    -0.9        0
GREATEST
 SNOW DEPTH         1   11/14
 24 HR TOTAL      0.6   11/13

DEGREE_DAYS
HEATING TOTAL     801               801       0      704
 SINCE 7/1       1201              1560    -359     1252
COOLING TOTAL       0                 0       0        0
 SINCE 1/1        564               452     112      715
.................................................................

WIND (MPH)
AVERAGE WIND SPEED              6.3
HIGHEST WIND SPEED/DIRECTION    35/320    DATE  11/26
HIGHEST GUST SPEED/DIRECTION    47/280    DATE  11/19

SKY COVER
AVERAGE SKY COVER           0.50

AVERAGE RH (PERCENT)     69

WEATHER CONDITIONS. NUMBER OF DAYS WITH
THUNDERSTORM              0     HEAVY RAIN                 1
RAIN                      3     LIGHT RAIN                15
FREEZING RAIN             0     LT FREEZING RAIN           0
HEAVY SNOW                0     SNOW                       1
LIGHT SNOW                2     FOG                       15
FOG W/VIS <= 1/4 MILE     2     HAZE                       2

-  INDICATES NEGATIVE NUMBERS.
R  INDICATES RECORD WAS SET OR TIED.
MM INDICATES DATA IS MISSING.
T  INDICATES TRACE AMOUNT.

&&

AFTER ITS SECOND WARMEST OCTOBER ON RECORD, CONCORD SAW A SHIFT IN
THE WEATHER PATTERN IN THE MONTH OF NOVEMBER. THE FIRST WEEK OF THE
MONTH REMAINED UNSEASONABLY WARM. THE HIGH TEMPERATURE OF 71 DEGREES
ON NOVEMBER 3 WAS THE WARMEST TEMPERATURE IN THE MONTH. THINGS BEGAN
TO CHANGE WHEN A COLD FRONT ON THE 6TH BROUGHT COOLER AIR INTO THE
AREA. ALTHOUGH TEMPERATURES DROPPED TO A FEW DEGREES BELOW NORMAL,
IT WAS JUST A TASTE OF WHAT WAS TO COME. ANOTHER, STRONGER COLD
FRONT BROUGHT MUCH COLDER AIR STRAIGHT OUT OF THE ARCTIC A FEW DAYS
LATER, WITH THE TEMPERATURE DROPPING TO 19 DEGREES ON THE 11TH.
ALTHOUGH THE BRUTAL COLD ONLY LASTED A FEW DAYS, A SERIES OF COLD
FRONTS KEPT TEMPERATURES BELOW NORMAL FOR THE REST OF THE MONTH WITH
ONLY A FEW BRIEF EXCEPTIONS. THE FIRST MEASURABLE SNOW OF THE SEASON
WAS OBSERVED ON THE 13TH WHEN 0.6 INCHES FELL.

THE AVERAGE TEMPERATURE FOR THE MONTH WAS 38.0 DEGREES WHICH WAS 0.3
DEGREES BELOW NORMAL AND THE FIRST BELOW NORMAL NOVEMBER SINCE 2014.
THE COLDEST NOVEMBER ON RECORD WAS IN 1873 WHEN THE AVERAGE
TEMPERATURE WAS 28.8 DEGREES. THE WARMEST WAS 43.3 DEGREES IN 2006.

A TOTAL OF 1.35 INCHES OF PRECIPITATION FELL WHICH WAS 2.37 INCHES
BELOW NORMAL. THE HEAVIEST PRECIPITATION WAS ON THE 6TH WHEN 0.40
INCHES FELL. THE DRIEST NOVEMBER ON RECORD ONLY HAD 0.50 INCHES OF
PRECIPITATION IN 2012 AND 1939. THE WETTEST WAS IN 1937 WHEN 7.59
INCHES WAS MEASURED.

ONLY 0.6 INCHES OF SNOW FELL WHICH WAS 2.0 INCHES BELOW NORMAL. ALL
OF THIS SNOW FELL ON THE 13TH. SNOWFALL IN NOVEMBER IS OFTEN
INCONSISTENT. OF THE 150 YEARS OF SNOWFALL RECORDS AT CONCORD, THERE
HAVE BEEN 5 YEARS IN WHICH NO SNOW FELL IN NOVEMBER, MOST RECENTLY
IN 2015. THERE HAVE BEEN AN ADDITIONAL 31 YEARS IN WHICH ONLY A
TRACE OF SNOW WAS OBSERVED, MOST RECENTLY IN 2010. IN ROUGHLY 25
PERCENT OF YEARS MEASURABLE SNOWFALL IS NOT SEEN IN NOVEMBER. THE
SNOWIEST NOVEMBER WAS IN 1873 WHEN 25.0 INCHES FELL.

NO DAILY RECORDS WERE SET OR TIED IN NOVEMBER 2017.

$$

KIMBLE
