000
CXUS55 KPUB 021816 CCA
CLMCOS

CLIMATE REPORT...CORRECTION
NATIONAL WEATHER SERVICE PUEBLO
313 PM MDT MON JUN 1 2015

...................................

...THE COLORADO SPRINGS CO CLIMATE SUMMARY FOR THE MONTH OF MAY 2015...

CLIMATE NORMAL PERIOD 1981 TO 2010
CLIMATE RECORD PERIOD 1872 TO 2015

WEATHER         OBSERVED          NORMAL  DEPART  LAST YEAR`S
                 VALUE   DATE(S)  VALUE   FROM    VALUE  DATE(S)
                                          NORMAL
................................................................
TEMPERATURE (F)
RECORD
 HIGH              94   05/30/2000
 LOW               15   05/01/1916
HIGHEST            77   05/31        74       3       84  05/28
                                                          05/19
LOWEST             29   05/10        36      -7       29  05/02
AVG. MAXIMUM     62.8              69.1    -6.3     70.5
AVG. MINIMUM     41.7              42.7    -1.0     43.0
MEAN             52.3              55.9    -3.6     56.8
DAYS MAX >= 90      0               0.2    -0.2
DAYS MAX <= 32      0               0.0     0.0
DAYS MIN <= 32      4               1.5     2.5
DAYS MIN <= 0       0               0.0     0.0

PRECIPITATION (INCHES)
RECORD
 MAXIMUM         8.10   1935
 MINIMUM         0.09   1927
TOTALS           8.13R             2.03    6.10     2.56
DAILY AVG.       0.26              0.07    0.19
DAYS >= .01        23              10.6    12.4
DAYS >= .10        15               5.1     9.9
DAYS >= .50         5               0.9     4.1
DAYS >= 1.00        2               0.3     1.7
GREATEST
 24 HR. TOTAL    1.81   05/18 TO 05/19              1.01

SNOWFALL (INCHES)
RECORDS
 TOTAL           19.4   1978
TOTALS              T               0.7    -0.7      0.4
SINCE 7/1        46.5              37.7     8.8     34.8
SNOWDEPTH AVG.      0
DAYS >= 1.0         0               0.2    -0.2
GREATEST
 SNOW DEPTH         0                                 -1
 24 HR TOTAL        T   05/11 TO 05/11               0.4

DEGREE_DAYS
HEATING TOTAL     388               291      97      261
 SINCE 7/1       5767              6213    -446     6046
COOLING TOTAL       0                 9      -9       13
 SINCE 1/1          0                10     -10       13
.................................................................

WIND (MPH)
AVERAGE WIND SPEED              9.4
HIGHEST WIND SPEED/DIRECTION    38/340    DATE  05/09
HIGHEST GUST SPEED/DIRECTION    48/350    DATE  05/09

SKY COVER
POSSIBLE SUNSHINE (PERCENT)   MM
AVERAGE SKY COVER           0.80
NUMBER OF DAYS FAIR            0
NUMBER OF DAYS PC             19
NUMBER OF DAYS CLOUDY         12

AVERAGE RH (PERCENT)     69

WEATHER CONDITIONS. NUMBER OF DAYS WITH
THUNDERSTORM             20     MIXED PRECIP               0
HEAVY RAIN                8     RAIN                      13
LIGHT RAIN               29     FREEZING RAIN              0
LT FREEZING RAIN          0     HAIL                       8
HEAVY SNOW                0     SNOW                       1
LIGHT SNOW                2     SLEET                      0
FOG                      15     FOG W/VIS <= 1/4 MILE      7
HAZE                      1

-  INDICATES NEGATIVE NUMBERS.
R  INDICATES RECORD WAS SET OR TIED.
MM INDICATES DATA IS MISSING.
T  INDICATES TRACE AMOUNT.

$$
CORRECTION TO PREVIOUS YEAR OF RECORD MAXIMUM PRECIPITATION.
