000
CXUS55 KRIW 011947
CLMCPR

CLIMATE REPORT
NATIONAL WEATHER SERVICE RIVERTON WY
149 PM MDT TUE JUL 1 2014

...PRELIMINARY MONTHLY CLIMATE SUMMARY FOR THE NATRONA COUNTY
INTERNATIONAL AIRPORT NEAR CASPER FOR THE MONTH OF JUNE 2014...

..OFFICIAL CLIMATE DATA FOR THE MONTH OF JUNE 2014 WILL BE
AVAILABLE APPROXIMATELY IN AUGUST 2014 FROM THE NATIONAL CLIMATIC
DATA CENTER HTTP://WWW.NCDC.NOAA.GOV/OL/CLIMATEDATA.HTML).
UNOFFICIAL ASOS DAILY SUMMARIES ARE AVAILABLE ON THE INTERNET AT
HTTP://WWW.CRH.NOAA.GOV/RIW/CLIMATE/...

...CASPER WAS MUCH COOLER AND SLIGHTLY DRIER THAN AVERAGE FOR JUNE...

THE AVERAGE TEMPERATURE FOR CASPER IN JUNE WAS 60.1 DEGREES...WHICH
WAS 2.1 DEGREES BELOW NORMAL. THE WARMEST READING FOR THE MONTH WAS
92 DEGREES ON THE 26TH...AND THE COOLEST READING WAS 36 DEGREES ON
THE 5TH...9TH...AND THE 15TH. NO DAILY RECORD TEMPERATURES WERE SET
DURING THE MONTH.

TOTAL PRECIPITATION FOR THE MONTH WAS 1.35 INCHES...WHICH WAS 84
PERCENT OF NORMAL. THE WETTEST 24 HOUR PERIOD OF THE MONTH...WAS ON
THE 27TH...WHEN 0.52 OF AN INCH OF PRECIPITATION FELL...WHICH WAS
ALSO A NEW DAILY PRECIPITATION RECORD. THE HIGHEST WIND GUST WAS 53
MPH...WHICH OCCURRED ON THE 4TH.


...THE CASPER WY CLIMATE SUMMARY FOR THE MONTH OF JUNE 2014...

CLIMATE NORMAL PERIOD 1981 TO 2010
CLIMATE RECORD PERIOD 1939 TO 2014

WEATHER         OBSERVED          NORMAL  DEPART
                 VALUE   DATE(S)  VALUE   FROM
                                          NORMAL
................................................
TEMPERATURE (F)
RECORD
 HIGH             102   06/30/1990
                        06/24/1988
 LOW               28   06/13/1969
                        06/02/1951
HIGHEST            92   06/26
LOWEST             36   06/15
                        06/09
                        06/05
AVG. MAXIMUM     77.2              78.8    -1.6
AVG. MINIMUM     42.9              45.7    -2.8
MEAN             60.1              62.2    -2.1
DAYS MAX >= 90      2
DAYS MAX <= 32      0
DAYS MIN <= 32      0
DAYS MIN <= 0       0

PRECIPITATION (INCHES)
RECORD
 MAXIMUM         4.71   2003
 MINIMUM         0.03   1956
TOTALS           1.35              1.61   -0.26
DAILY AVG.       0.05              0.05    0.00
DAYS >= .01         7
DAYS >= .10         5
DAYS >= .50         1
DAYS >= 1.00        0
GREATEST
 24 HR. TOTAL    0.52   06/27 TO 06/27

SNOWFALL (INCHES)
TOTALS            0.0               0.1    -0.1
SINCE 7/1        91.6              74.9    16.7
DAYS >= 1.0         0

DEGREE_DAYS
HEATING TOTAL     158               136      22
 SINCE 7/1       7868              7580     288
COOLING TOTAL      17                53     -36
 SINCE 1/1         23                57     -34
.................................................

WIND (MPH)
AVERAGE WIND SPEED              10.1
RESULTANT WIND SPEED/DIRECTION   3/256
HIGHEST WIND SPEED/DIRECTION    43/300    DATE  06/04
HIGHEST GUST SPEED/DIRECTION    53/300    DATE  06/04

SKY COVER
POSSIBLE SUNSHINE (PERCENT)   MM
AVERAGE SKY COVER           0.20
NUMBER OF DAYS FAIR           24
NUMBER OF DAYS PC              5
NUMBER OF DAYS CLOUDY          1

AVERAGE RH (PERCENT)     55

WEATHER CONDITIONS. NUMBER OF DAYS WITH
THUNDERSTORM             13     MIXED PRECIP               0
HEAVY RAIN                2     RAIN                       7
LIGHT RAIN               15     FREEZING RAIN              0
LT FREEZING RAIN          0     HAIL                       0
HEAVY SNOW                0     SNOW                       0
LIGHT SNOW                0     SLEET                      0
FOG                      11     FOG W/VIS <= 1/4 MILE      2
HAZE                      2

-  INDICATES NEGATIVE NUMBERS.
R  INDICATES RECORD WAS SET OR TIED.
MM INDICATES DATA IS MISSING.
T  INDICATES TRACE AMOUNT.

LOOKING AHEAD TO JULY 2014...THE AVERAGE HIGH TEMPERATURE ON THE
FIRST OF THE MONTH IS 85 DEGREES...AND THE AVERAGE LOW TEMPERATURE
IS 50 DEGREES. THE AVERAGE HIGH BY THE END OF THE MONTH IS 89
DEGREES...AND THE AVERAGE LOW IS 54 DEGREES. THE AVERAGE MONTHLY
PRECIPITATION IS 1.41 INCHES.

$$
