601
CXUS53 KUNR 011622
CLMCUT


CLIMATE REPORT
NATIONAL WEATHER SERVICE RAPID CITY SD
1022 AM MDT SUN MAY 1 2016

...................................

...THE CUSTER COUNTY AIRPORT SD CLIMATE SUMMARY FOR THE MONTH OF APRIL 2016...

CLIMATE NORMAL PERIOD 1981 TO 2010
CLIMATE RECORD PERIOD 9999 TO 9999

WEATHER         OBSERVED          NORMAL  DEPART  LAST YEAR`S
                 VALUE   DATE(S)  VALUE   FROM    VALUE  DATE(S)
                                          NORMAL
................................................................
TEMPERATURE (F)
HIGHEST            77   04/23                         71  04/14
LOWEST             21   04/01                         12  04/03
AVG. MAXIMUM     53.6              50.5     3.1     53.1
AVG. MINIMUM     31.1              27.8     3.3     29.1
MEAN             42.3              39.1     3.2     41.1
DAYS MAX >= 90      0                                  0
DAYS MAX <= 32      0                                  0
DAYS MIN <= 32     19                                 21
DAYS MIN <= 0       0                                  0

PRECIPITATION (INCHES)
TOTALS           1.16              2.12   -0.96     1.98
DAILY AVG.       0.04              0.07   -0.03     0.07
DAYS >= .01        10                                 10
DAYS >= .10         3                                  7
DAYS >= .50         1                                  1
DAYS >= 1.00        0                                  0
GREATEST
 24 HR. TOTAL    0.71   04/25 TO 04/26              0.66
                        04/26 TO 04/26
                        04/26 TO 04/27

DEGREE_DAYS
HEATING TOTAL     669               775    -106      709
 SINCE 7/1       6596              7650   -1054     6989
COOLING TOTAL       0                 0       0        0
 SINCE 1/1          0                 0       0        0
.................................................................

WIND (MPH)
AVERAGE WIND SPEED              8.8
HIGHEST WIND SPEED/DIRECTION    35/310    DATE  04/05
HIGHEST GUST SPEED/DIRECTION    59/320    DATE  04/05

AVERAGE RH (PERCENT)     60

WEATHER CONDITIONS. NUMBER OF DAYS WITH
THUNDERSTORM              0     MIXED PRECIP               0
HEAVY RAIN                0     RAIN                       1
LIGHT RAIN                8     FREEZING RAIN              0
LT FREEZING RAIN          2     HAIL                       0
HEAVY SNOW                0     SNOW                       3
LIGHT SNOW               10     SLEET                      0
FOG                      12     FOG W/VIS <= 1/4 MILE      5
HAZE                      5

-  INDICATES NEGATIVE NUMBERS.
R  INDICATES RECORD WAS SET OR TIED.
MM INDICATES DATA IS MISSING.
T  INDICATES TRACE AMOUNT.

$$
