000
CXUS51 KILN 011554
CLMCVG


CLIMATE REPORT
NATIONAL WEATHER SERVICE WILMINGTON OH
1153 AM EDT MON MAY 1 2017

...................................

...THE CINCINNATI CLIMATE SUMMARY FOR THE MONTH OF APRIL 2017...

CLIMATE NORMAL PERIOD 1981 TO 2010
CLIMATE RECORD PERIOD 1869 TO 2017

WEATHER         OBSERVED          NORMAL  DEPART  LAST YEAR`S
                 VALUE   DATE(S)  VALUE   FROM    VALUE  DATE(S)
                                          NORMAL
................................................................
TEMPERATURE (F)
RECORD
 HIGH              90   04/11/1930
                        04/24/1925
 LOW               15   04/09/1997
HIGHEST            82   04/20        64      18       83  04/19
                                                          04/18
LOWEST             28   04/08        43     -15       26  04/03
AVG. MAXIMUM     71.4              64.7     6.7     66.1
AVG. MINIMUM     50.1              43.7     6.4     43.9
MEAN             60.8              54.2     6.6     55.0
DAYS MAX >= 90      0               0.0     0.0        0
DAYS MAX <= 32      0               0.0     0.0        0
DAYS MIN <= 32      1               3.3    -2.3        5
DAYS MIN <= 0       0               0.0     0.0        0

PRECIPITATION (INCHES)
TOTALS           5.16              3.89    1.27     4.88
DAILY AVG.       0.17              0.13    0.04     0.16
DAYS >= .01        14              12.7     1.3       12
DAYS >= .10         9               8.2     0.8       10
DAYS >= .50         4               2.7     1.3        4
DAYS >= 1.00        1               0.8     0.2        2
GREATEST
 24 HR. TOTAL    1.85   04/29 TO 04/29           03/31 TO 04/01
                                                          04/09 TO 04/09
                                                          04/09 TO 04/09
 STORM TOTAL       MM                                 MM
 (MM/DD(HH))            MM                    04/01(00) TO 04/01(00)
                                                 04/09(00) TO 04/09(00)9
                                                 04/09(00) TO 04/09(00)9

SNOWFALL (INCHES)
TOTALS            0.0               0.5    -0.5        T
SINCE 7/1        10.0              22.1   -12.1     19.2
DAYS >= TRACE       0               0.6    -0.6        4
DAYS >= 1.0         0               0.3    -0.3        0
GREATEST
 24 HR TOTAL      0.0   04/30 TO 04/30           04/09 TO 04/09
                                                          04/09 TO 04/09
                                                          04/09 TO 04/09
 STORM TOTAL       MM                                 MM
 (MM/DD(HH))            MM                    04/09(00) TO 04/09(00)
                                                 04/09(00) TO 04/09(00)9
                                                 04/09(00) TO 04/09(00)9

DEGREE_DAYS
HEATING TOTAL     169               341    -172      311
 SINCE 7/1       3872              4834    -962     3973
COOLING TOTAL      51                18      33       18
 SINCE 1/1         52                18      34       18
..........................................................

WIND (MPH)
AVERAGE WIND SPEED              10.2
RESULTANT WIND SPEED/DIRECTION   2/170
HIGHEST WIND SPEED/DIRECTION    46/360    DATE  04/28
HIGHEST GUST SPEED/DIRECTION    53/360    DATE  04/28

SKY COVER
AVERAGE SKY COVER           0.70

AVERAGE RH (PERCENT)     64

WEATHER CONDITIONS. NUMBER OF DAYS WITH
THUNDERSTORM              0     MIXED PRECIP               0
HEAVY RAIN                5     RAIN                       8
LIGHT RAIN               14     FREEZING RAIN              0
LT FREEZING RAIN          0     HAIL                       0
HEAVY SNOW                0     SNOW                       0
LIGHT SNOW                0     SLEET                      0
FOG                      14     FOG W/VIS <= 1/4 MILE      0
HAZE                      2

-  INDICATES NEGATIVE NUMBERS.
R  INDICATES RECORD WAS SET OR TIED.
MM INDICATES DATA IS MISSING.
T  INDICATES TRACE AMOUNT.

$$
