000
CXUS51 KILN 030135
CLMCVG
CLIMATE REPORT
NATIONAL WEATHER SERVICE WILMINGTON OH
835 PM EST SAT MAR 02 2024
...................................
...THE CINCINNATI OH CLIMATE SUMMARY FOR THE MONTH OF FEBRUARY 2024...
CLIMATE NORMAL PERIOD: 1991 TO 2020
CLIMATE RECORD PERIOD: 1869 TO 2024
WEATHER OBSERVED NORMAL DEPART LAST YEAR`S
VALUE DATE(S) VALUE FROM VALUE DATE(S)
NORMAL
................................................................
TEMPERATURE (F)
RECORD
HIGH 79 02/20/2018
LOW -17 02/09/1899
HIGHEST 71 02/26 43 28 73 02/22
LOWEST 14 02/18 25 -11 16 02/01
02/04
AVG. MAXIMUM 53.4 43.7 9.7 53.4
AVG. MINIMUM 31.3 25.8 5.5 31.5
MEAN 42.4 34.7 7.7 42.4
DAYS MAX >= 90 0 0.0 0.0 0
DAYS MAX <= 32 1 5.4 -4.4 2
DAYS MIN <= 32 19 20.7 -1.7 15
DAYS MIN <= 0 0 0.6 -0.6 0
PRECIPITATION (INCHES)
TOTALS 1.22 3.17 -1.95 2.75
DAILY AVG. 0.04 0.11 -0.07 0.10
DAYS >= .01 4 12.0 -8.0 9
DAYS >= .10 4 6.5 -2.5 5
DAYS >= .50 0 1.7 -1.7 1
DAYS >= 1.00 0 0.8 -0.8 1
GREATEST
24 HR. TOTAL 0.44 02/22 TO 02/22 1.87 02/16 TO 02/16
SNOWFALL (INCHES)
TOTALS 2.3 6.7 -4.4 T
SINCE 7/1 7.8 19.5 -11.7 14.3
DAYS >= TRACE 2 5.9 -3.9 1
DAYS >= 1.0 1 1.8 -0.8 0
GREATEST
24 HR TOTAL 2.3 02/16 TO 02/16 T 02/17 TO 02/17
DEGREE DAYS
HEATING TOTAL 648 847 -199 624
SINCE 7/1 3242 3824 -582 3276
COOLING TOTAL 0 0 0 0
SINCE 1/1 0 0 0 0
................................................................
WIND (MPH)
AVERAGE WIND SPEED 9.8
RESULTANT WIND SPEED/DIRECTION 1/250
HIGHEST WIND SPEED/DIRECTION 32/280 DATE 02/28
HIGHEST GUST SPEED/DIRECTION 43/210 DATE 02/28
SKY COVER
AVERAGE SKY COVER 0.51
AVERAGE RH (PERCENT) 64
WEATHER CONDITIONS. NUMBER OF DAYS WITH
THUNDERSTORM 2 MIXED PRECIP 0
HEAVY RAIN 2 RAIN 3
LIGHT RAIN 4 FREEZING RAIN 0
LT FREEZING RAIN 0 HAIL 0
HEAVY SNOW 1 SNOW 1
LIGHT SNOW 2 SLEET 0
FOG 10 FOG W/VIS <= 1/4 MILE 1
HAZE 4
- INDICATES NEGATIVE NUMBERS.
R INDICATES RECORD WAS SET OR TIED.
MM INDICATES DATA IS MISSING.
T INDICATES TRACE AMOUNT.
$$