000
CXUS51 KILN 011230
CLMCVG


CLIMATE REPORT
NATIONAL WEATHER SERVICE WILMINGTON OH
718 AM EST SUN MAR 1 2015

...................................

...THE CINCINNATI CLIMATE SUMMARY FOR THE MONTH OF FEBRUARY 2015...

CLIMATE NORMAL PERIOD 1981 TO 2010
CLIMATE RECORD PERIOD 1869 TO 2015

WEATHER         OBSERVED          NORMAL  DEPART  LAST YEAR`S
                 VALUE   DATE(S)  VALUE   FROM    VALUE  DATE(S)
                                          NORMAL
................................................................
TEMPERATURE (F)
RECORD
 HIGH              76   02/10/1932
 LOW              -17   02/09/1899
HIGHEST            59   02/08        43      16       67  02/20
LOWEST            -12   02/20        25     -37        1  02/07
AVG. MAXIMUM     32.7              42.9   -10.2     36.9
AVG. MINIMUM     13.2              26.0   -12.8     19.8
MEAN             23.0              34.5   -11.5     28.3
DAYS MAX >= 90      0               0.0     0.0        0
DAYS MAX <= 32     14               4.9     9.1       12
DAYS MIN <= 32     26              20.3     5.7       23
DAYS MIN <= 0       4               0.5     3.5        0

PRECIPITATION (INCHES)
TOTALS           1.80              2.81   -1.01     2.74
DAILY AVG.       0.06              0.10   -0.04     0.10
DAYS >= .01         8              11.6    -3.6       13
DAYS >= .10         4               6.1    -2.1        6
DAYS >= .50         1               1.4    -0.4        1
DAYS >= 1.00        0               0.5    -0.5        0
GREATEST
 24 HR. TOTAL    0.85   02/21 TO 02/21           02/04 TO 02/05
                                                          02/14 TO 02/14
                                                          02/14 TO 02/14
 STORM TOTAL       MM                                 MM
 (MM/DD(HH))            MM                    02/05(00) TO 02/05(00)
                                                 02/14(00) TO 02/14(00)4
                                                 02/14(00) TO 02/14(00)4

SNOWFALL (INCHES)
TOTALS           18.6               6.5    12.1     10.4
SINCE 7/1        25.0              18.6     6.4     43.6
DAYS >= TRACE      13               5.4     7.6       15
DAYS >= 1.0         3               1.9     1.1        3
GREATEST
 24 HR TOTAL      6.3   MM                       02/14 TO 02/14
                                                          02/14 TO 02/14
                                                          02/14 TO 02/14
 STORM TOTAL       MM                                 MM
 (MM/DD(HH))            MM                    02/14(00) TO 02/14(00)
                                                 02/14(00) TO 02/14(00)4
                                                 02/14(00) TO 02/14(00)4

DEGREE_DAYS
HEATING TOTAL    1172               855     317     1021
 SINCE 7/1       4227              3827     400     4244
COOLING TOTAL       0                 0       0        0
 SINCE 1/1          0                 0       0        0
.....................................................

WIND (MPH)
AVERAGE WIND SPEED              9.7
RESULTANT WIND SPEED/DIRECTION   3/290
HIGHEST WIND SPEED/DIRECTION    43/290    DATE  02/14
HIGHEST GUST SPEED/DIRECTION    53/280    DATE  02/14

SKY COVER
AVERAGE SKY COVER           0.70

AVERAGE RH (PERCENT)     65

WEATHER CONDITIONS. NUMBER OF DAYS WITH
THUNDERSTORM              0     MIXED PRECIP               0
HEAVY RAIN                0     RAIN                       1
LIGHT RAIN                6     FREEZING RAIN              0
LT FREEZING RAIN          1     HAIL                       0
HEAVY SNOW                3     SNOW                       3
LIGHT SNOW               13     SLEET                      1
FOG                      13     FOG W/VIS <= 1/4 MILE      2
HAZE                     14

-  INDICATES NEGATIVE NUMBERS.
R  INDICATES RECORD WAS SET OR TIED.
MM INDICATES DATA IS MISSING.
T  INDICATES TRACE AMOUNT.

THE MEAN TEMPERATURE OF 23.0 DEGREES MAKES THIS THE 4TH COLDEST FEBRUARY ON
RECORD. THE TOP 3 COLDEST FEBRUARYS ARE AS FOLLOWS:  1978 - 18.2 DEGREES,
1979 - 21.3 DEGREES,  2007 - 22.7 DEGREES.

$$
