000
CXUS51 KILN 121255
CLMDAY


CLIMATE REPORT
NATIONAL WEATHER SERVICE WILMINGTON OH
855 AM EDT WED APR 12 2017

...................................

...THE DAYTON CLIMATE SUMMARY FOR THE MONTH OF MARCH 2017...

CLIMATE NORMAL PERIOD 1981 TO 2010
CLIMATE RECORD PERIOD 1869 TO 2017

WEATHER         OBSERVED          NORMAL  DEPART  LAST YEAR`S
                 VALUE   DATE(S)  VALUE   FROM    VALUE  DATE(S)
                                          NORMAL
................................................................
TEMPERATURE (F)
RECORD
 HIGH              87   03/24/1910
 LOW               -7   03/02/1980
HIGHEST            77   03/30        49      28       74  03/27
LOWEST             15   03/16        31     -16       23  03/20
                        03/15                             03/02
                        03/14
AVG. MAXIMUM     50.3              49.6     0.7     56.9
AVG. MINIMUM     32.2              31.2     1.0     37.9
MEAN             41.2              40.4     0.8     47.4
DAYS MAX >= 90      0               0.0     0.0        0
DAYS MAX <= 32      2               2.4    -0.4        0
DAYS MIN <= 32     16              17.1    -1.1       11
DAYS MIN <= 0       0               0.0     0.0        0

PRECIPITATION (INCHES)
TOTALS           4.95              3.34    1.61     5.50
DAILY AVG.       0.16              0.11    0.05     0.18
DAYS >= .01        14              12.2     1.8       14
DAYS >= .10         9               7.1     1.9        9
DAYS >= .50         2               2.1    -0.1        5
DAYS >= 1.00        1               0.6     0.4        2
GREATEST
 24 HR. TOTAL    2.44   03/20 TO 03/20           03/30 TO 03/31
                                                          03/03 TO 03/03
                                                          03/03 TO 03/03
 STORM TOTAL       MM                                 MM
 (MM/DD(HH))            MM                    03/31(00) TO 03/31(00)
                                                 03/03(00) TO 03/03(00)3
                                                 03/03(00) TO 03/03(00)3

SNOWFALL (INCHES)
TOTALS            1.3               3.4    -2.1      1.4
SINCE 7/1         8.5              22.7   -14.2     12.0
DAYS >= TRACE       9               2.8     6.2        4
DAYS >= 1.0         0               0.8    -0.8        1
GREATEST
 24 HR TOTAL      0.8   03/13 TO 03/13           03/03 TO 03/03
                                                          03/03 TO 03/03
                                                          03/03 TO 03/03
 STORM TOTAL       MM                                 MM
 (MM/DD(HH))            MM                    03/03(00) TO 03/03(00)
                                                 03/03(00) TO 03/03(00)3
                                                 03/03(00) TO 03/03(00)3

DEGREE_DAYS
HEATING TOTAL     731               764     -33      537
 SINCE 7/1       4161              5039    -878     4078
COOLING TOTAL       2                 0       2        0
 SINCE 1/1          2                 0       2        0
....................................................

WIND (MPH)
AVERAGE WIND SPEED              12.1
RESULTANT WIND SPEED/DIRECTION   2/270
HIGHEST WIND SPEED/DIRECTION    44/260    DATE  03/01
HIGHEST GUST SPEED/DIRECTION    56/280    DATE  03/01

SKY COVER
AVERAGE SKY COVER           0.70

AVERAGE RH (PERCENT)     66

WEATHER CONDITIONS. NUMBER OF DAYS WITH
THUNDERSTORM              0     MIXED PRECIP               0
HEAVY RAIN                2     RAIN                       6
LIGHT RAIN               15     FREEZING RAIN              0
LT FREEZING RAIN          0     HAIL                       0
HEAVY SNOW                0     SNOW                       1
LIGHT SNOW                9     SLEET                      1
FOG                      18     FOG W/VIS <= 1/4 MILE      4
HAZE                      5

-  INDICATES NEGATIVE NUMBERS.
R  INDICATES RECORD WAS SET OR TIED.
MM INDICATES DATA IS MISSING.
T  INDICATES TRACE AMOUNT.

$$
