000
CXUS51 KILN 011926
CLMDAY


CLIMATE REPORT
NATIONAL WEATHER SERVICE WILMINGTON OH
226 PM EST WED MAR 1 2017

...................................

...THE DAYTON CLIMATE SUMMARY FOR THE MONTH OF FEBRUARY 2017...

CLIMATE NORMAL PERIOD 1981 TO 2010
CLIMATE RECORD PERIOD 1869 TO 2017

WEATHER         OBSERVED          NORMAL  DEPART  LAST YEAR`S
                 VALUE   DATE(S)  VALUE   FROM    VALUE  DATE(S)
                                          NORMAL
................................................................
TEMPERATURE (F)
RECORD
 HIGH              76   02/24/2017
 LOW              -28   02/13/1899
HIGHEST            76R  02/24        39      37       69  02/20
LOWEST             10   02/09        23     -13        3  02/13
AVG. MAXIMUM     51.6              38.9    12.7     42.2
AVG. MINIMUM     31.8              23.1     8.7     24.6
MEAN             41.7              31.0    10.7     33.4
DAYS MAX >= 90      0               0.0     0.0        0
DAYS MAX <= 32      3               8.2    -5.2        6
DAYS MIN <= 32     15              22.4    -7.4       24
DAYS MIN <= 0       0               0.9    -0.9        0

PRECIPITATION (INCHES)
TOTALS           1.52              2.24   -0.72     3.32
DAILY AVG.       0.05              0.08   -0.03     0.11
DAYS >= .01         8              11.2    -3.2       10
DAYS >= .10         3               5.4    -2.4        4
DAYS >= .50         1               1.3    -0.3        2
DAYS >= 1.00        0               0.3    -0.3        1
GREATEST
 24 HR. TOTAL    0.76   02/06 TO 02/07           02/24 TO 02/25
                                                          02/14 TO 02/14
                                                          02/14 TO 02/14
 STORM TOTAL       MM                                 MM
 (MM/DD(HH))            MM                    02/25(00) TO 02/25(00)
                                                 02/14(00) TO 02/14(00)4
                                                 02/14(00) TO 02/14(00)4

SNOWFALL (INCHES)
TOTALS            1.2               5.9    -4.7      5.6
SINCE 7/1         7.2              19.3   -12.1     10.6
DAYS >= TRACE       4               5.3    -1.3       13
DAYS >= 1.0         1               1.5    -0.5        3
GREATEST
 24 HR TOTAL      1.2   MM                       02/14 TO 02/14
                                                          02/14 TO 02/14
                                                          02/14 TO 02/14
 STORM TOTAL       MM                                 MM
 (MM/DD(HH))            MM                    02/14(00) TO 02/14(00)
                                                 02/14(00) TO 02/14(00)4
                                                 02/14(00) TO 02/14(00)4

DEGREE_DAYS
HEATING TOTAL     646               952    -306      910
 SINCE 7/1       3430              4275    -845     3541
COOLING TOTAL       0                 0       0        0
 SINCE 1/1          0                 0       0        0
.....................................................

WIND (MPH)
AVERAGE WIND SPEED              11.6
RESULTANT WIND SPEED/DIRECTION   7/236
HIGHEST WIND SPEED/DIRECTION    35/270    DATE  02/24
HIGHEST GUST SPEED/DIRECTION    44/270    DATE  02/24

SKY COVER
AVERAGE SKY COVER           0.70

AVERAGE RH (PERCENT)     68

WEATHER CONDITIONS. NUMBER OF DAYS WITH
THUNDERSTORM              0     MIXED PRECIP               0
HEAVY RAIN                2     RAIN                       5
LIGHT RAIN                9     FREEZING RAIN              0
LT FREEZING RAIN          0     HAIL                       0
HEAVY SNOW                0     SNOW                       0
LIGHT SNOW                4     SLEET                      0
FOG                      13     FOG W/VIS <= 1/4 MILE      1
HAZE                      7

-  INDICATES NEGATIVE NUMBERS.
R  INDICATES RECORD WAS SET OR TIED.
MM INDICATES DATA IS MISSING.
T  INDICATES TRACE AMOUNT.

$$
