000
CXUS53 KDVN 011143
CLMDBQ


CLIMATE REPORT
NATIONAL WEATHER SERVICE QUAD CITIES IA IL
541 AM CST FRI DEC 1 2017

...................................

...THE DUBUQUE CLIMATE SUMMARY FOR THE MONTH OF NOVEMBER 2017...

CLIMATE NORMAL PERIOD 1981 TO 2010
CLIMATE RECORD PERIOD 1873 TO 2017

WEATHER         OBSERVED          NORMAL  DEPART
                 VALUE   DATE(S)  VALUE   FROM
                                          NORMAL
................................................
TEMPERATURE (F)
RECORD
 HIGH              78   11/01/1933
                        11/07/1915
 LOW              -17   11/26/1977
HIGHEST            69   11/24        53      16
LOWEST             12   11/10        21      -9
AVG. MAXIMUM     44.7              44.8    -0.1
AVG. MINIMUM     26.3              28.5    -2.2
MEAN             35.5              36.7    -1.2
DAYS MAX >= 90      0               0.0     0.0
DAYS MAX <= 32      2               4.1    -2.1
DAYS MIN <= 32     26              18.9     7.1
DAYS MIN <= 0       0               0.0     0.0

PRECIPITATION (INCHES)
RECORD
 MAXIMUM        10.63   1961
 MINIMUM         0.07   1917
TOTALS           0.66              2.35   -1.69
DAILY AVG.       0.02              0.08   -0.06
DAYS >= .01         6               9.8    -3.8
DAYS >= .10         4
DAYS >= .50         0
DAYS >= 1.00        0               0.4    -0.4
GREATEST
 24 HR. TOTAL    0.31   11/17 TO 11/18

SNOWFALL (INCHES)
RECORDS
 TOTAL           12.6   1992
TOTALS            0.0               2.8    -2.8
SINCE 7/1           T               2.8    -2.8
SNOWDEPTH AVG.      0
DAYS >= TRACE       0               2.8    -2.8
DAYS >= 1.0         0               0.9    -0.9
GREATEST
 SNOW DEPTH         0   MM
 24 HR TOTAL      0.0   11/30 TO 11/30

DEGREE_DAYS
HEATING TOTAL     879               851      28
 SINCE 7/1       1365              1500    -135
COOLING TOTAL       0                 0       0
 SINCE 1/1        569               643     -74
.................................................

WIND (MPH)
AVERAGE WIND SPEED              10.6
HIGHEST WIND SPEED/DIRECTION    36/310    DATE  11/21
HIGHEST GUST SPEED/DIRECTION    44/300    DATE  11/21

SKY COVER
POSSIBLE SUNSHINE (PERCENT)   MM
AVERAGE SKY COVER           0.50
NUMBER OF DAYS FAIR           15
NUMBER OF DAYS PC              6
NUMBER OF DAYS CLOUDY          9

AVERAGE RH (PERCENT)     70

WEATHER CONDITIONS. NUMBER OF DAYS WITH
THUNDERSTORM              0     HAIL                       0
SLEET                     0     FOG                       11
FOG W/VIS <= 1/4 MILE     8     HAZE                       0

-  INDICATES NEGATIVE NUMBERS.
R  INDICATES RECORD WAS SET OR TIED.
MM INDICATES DATA IS MISSING.
T  INDICATES TRACE AMOUNT.

$$
