000
CXUS51 KLWX 261407 CCA
CLMDCA

CLIMATE REPORT...CORRECTED
NATIONAL WEATHER SERVICE BALTIMORE MD/WASHINGTON DC
1007 AM EDT FRI AUG 26 2016

...................................

...THE WASHINGTON NATIONAL DC CLIMATE SUMMARY FOR THE MONTH OF JULY
2016...

CLIMATE NORMAL PERIOD 1981 TO 2010
CLIMATE RECORD PERIOD 1871 TO 2016

WEATHER         OBSERVED          NORMAL  DEPART  LAST YEAR`S
                 VALUE   DATE(S)  VALUE   FROM    VALUE
                                          NORMAL
.............................................................
TEMPERATURE (F)
RECORD
 HIGH             106   07/20/1930
 LOW               52   07/04/1933
                        07/04/1907
                        07/31/1895
HIGHEST           100   07/25        97       3
LOWEST             64   07/03        61       3
AVG. MAXIMUM     91.2              88.4     2.8     89.1
AVG. MINIMUM     74.3              71.1     3.2     73.9
MEAN             82.7              79.8     2.9
DAYS MAX >= 90     23              12.4    10.6
DAYS MAX <= 32      0               0.0     0.0
DAYS MIN <= 32      0               0.0     0.0
DAYS MIN <= 0       0               0.0     0.0

PRECIPITATION (INCHES)
RECORD
 MAXIMUM        11.06   1945
 MINIMUM         0.82   1872
TOTALS           3.13              3.73   -0.60     5.01
DAILY AVG.       0.10              0.12   -0.02
DAYS >= .01        12              10.3     1.7
DAYS >= .10        10               6.3     3.7
DAYS >= .50         0               3.0    -3.0
DAYS >= 1.00        0               1.0    -1.0
GREATEST
 24 HR. TOTAL    0.58   07/04 TO 07/05

DEGREE_DAYS
HEATING TOTAL       0                 0       0        0
 SINCE 7/1          0                 0       0        0
COOLING TOTAL     557               457     100      520
 SINCE 1/1       1030               905     125     1225
..............................................................

WIND (MPH)
AVERAGE WIND SPEED              7.4
HIGHEST WIND SPEED/DIRECTION    36/310    DATE  07/18
HIGHEST GUST SPEED/DIRECTION    45/320    DATE  07/18

SKY COVER
POSSIBLE SUNSHINE (PERCENT)   MM
AVERAGE SKY COVER           0.60
NUMBER OF DAYS FAIR            0
NUMBER OF DAYS PC             25
NUMBER OF DAYS CLOUDY          6

AVERAGE RH (PERCENT)     67

WEATHER CONDITIONS. NUMBER OF DAYS WITH
THUNDERSTORM             11     MIXED PRECIP               0
HEAVY RAIN                7     RAIN                       9
LIGHT RAIN               14     FREEZING RAIN              0
LT FREEZING RAIN          0     HAIL                       0
HEAVY SNOW                0     SNOW                       0
LIGHT SNOW                0     SLEET                      0
FOG                       8     FOG W/VIS <= 1/4 MILE      0
HAZE                      1

-  INDICATES NEGATIVE NUMBERS.
R  INDICATES RECORD WAS SET OR TIED.
MM INDICATES DATA IS MISSING.
T  INDICATES TRACE AMOUNT.

&&

WASHINGTON DC...REAGAN NATIONAL AIRPORT...

THE MONTHLY AVERAGE TEMPERATURE WAS WELL ABOVE NORMAL...AND RANKED
AS THE 6TH WARMEST JULY ON RECORD. MONTHLY PRECIPITATION WAS BELOW
NORMAL.

A RECORD DAILY HIGH TEMPERATURE OF 100 DEGREES WAS SET ON THE
25TH...TYING THE RECORD PREVIOUSLY SET IN 1930. THIS WAS ALSO THE
FIRST TIME A TEMPERATURE OF 100 DEGREES WAS OBSERVED SINCE JULY 26TH
2012.

THREE RECORD DAILY HIGH MINIMUM TEMPERATURES WERE SET LAST MONTH.
THE LOW TEMPERATURE OF 81 DEGREES ON THE 25TH BROKE THE OLD RECORD
OF 79 SET IN 1965. THE LOW TEMPERATURE OF 80 DEGREES ON THE 26TH
BROKE THE OLD RECORD OF 79 SET IN 1987. THE LOW TEMPERATURE OF 81 ON
THE 27TH TIED THE RECORD PREVIOUSLY SET IN 1930.

THE STRETCH OF FOUR CONSECUTIVE DAYS FROM THE 24TH THROUGH THE 27TH
WHERE THE LOW TEMPERATURE FAILED TO DROP BELOW 80 DEGREES TIED FOR
THE 2ND LONGEST STREAK ON RECORD. IT ALSO HAPPENED IN JULY 2011 FROM
THE 21ST THROUGH THE 24TH. THE RECORD IS FIVE CONSECUTIVE DAYS WHICH
WAS SET FROM JULY 16TH THROUGH JULY 20TH 2012.

EACH DAY FROM JULY 22ND THROUGH JULY 28TH HAD A HIGH TEMPERATURE OF
95 DEGREES OR HIGHER. THIS TIES WITH FIVE OTHER YEARS FOR THE 5TH
LONGEST STREAK ON RECORD. THE RECORD IS 11 CONSECUTIVE DAYS SET FROM
JUNE 28TH THROUGH JULY 8TH 2012.

THE HIGH OF 74 ON THE 4TH TIED WITH 1927 AND 1909 AS THE 5TH COOLEST
HIGH TEMPERATURE OBSERVED ON INDEPENDENCE DAY.

ALL CLIMATE DATA ARE CONSIDERED PRELIMINARY UNTIL REVIEWED BY THE
NATIONAL CENTERS FOR ENVIRONMENTAL INFORMATION.

$$

DH/SMZ

...CORRECTED FOR DATA...
