451
CXUS51 KLWX 022119
CLMDCA

CLIMATE REPORT
NATIONAL WEATHER SERVICE BALTIMORE MD/WASHINGTON DC
419 PM EST FRI DEC 2 2016

...................................

...THE WASHINGTON NATIONAL DC CLIMATE SUMMARY FOR THE MONTH OF NOVEMBER 2016...

CLIMATE NORMAL PERIOD 1981 TO 2010
CLIMATE RECORD PERIOD 1871 TO 2016

WEATHER         OBSERVED          NORMAL  DEPART  LAST YEAR`S
                 VALUE   DATE(S)  VALUE   FROM    VALUE
                                          NORMAL
.............................................................
TEMPERATURE (F)
RECORD
 HIGH              86   11/01/1974
 LOW               11   11/30/1929
HIGHEST            83   11/03        75       8
LOWEST             32   11/23        27       5
AVG. MAXIMUM     62.0              57.9     4.1     62.0
AVG. MINIMUM     43.1              41.2     1.9     45.3
MEAN             52.5              49.6     2.9
DAYS MAX >= 90      0               0.0     0.0
DAYS MAX <= 32      0               0.0     0.0
DAYS MIN <= 32      1               3.5    -2.5
DAYS MIN <= 0       0               0.0     0.0

PRECIPITATION (INCHES)
RECORD
 MAXIMUM         7.18   1877
 MINIMUM         0.29   1981
TOTALS           0.76              3.17   -2.41     2.10
DAILY AVG.       0.03              0.11   -0.08
DAYS >= .01         5               8.6    -3.6
DAYS >= .10         3               5.3    -2.3
DAYS >= .50         0               2.3    -2.3
DAYS >= 1.00        0               0.9    -0.9
GREATEST
 24 HR. TOTAL    0.38   11/30 TO 11/30
                        11/29 TO 11/30
                        11/30 TO 11/30

SNOWFALL (INCHES)
RECORDS
 TOTAL           11.5   1987
TOTALS            0.0               0.5    -0.5
SINCE 7/1         0.0               0.5    -0.5
SNOWDEPTH AVG.      0
DAYS >= TRACE       0               0.2    -0.2
DAYS >= 1.0         0               0.1    -0.1
GREATEST
 SNOW DEPTH         0   MM
 24 HR TOTAL      0.0

DEGREE_DAYS
HEATING TOTAL     370               466     -96      338
 SINCE 7/1        487               695    -208      535
COOLING TOTAL       6                 2       4        5
 SINCE 1/1       1994              1549     445     1998
..............................................................

WIND (MPH)
AVERAGE WIND SPEED              7.7
HIGHEST WIND SPEED/DIRECTION    36/280    DATE  11/20
HIGHEST GUST SPEED/DIRECTION    49/310    DATE  11/20

SKY COVER
POSSIBLE SUNSHINE (PERCENT)   MM
AVERAGE SKY COVER           0.50
NUMBER OF DAYS FAIR           10
NUMBER OF DAYS PC             11
NUMBER OF DAYS CLOUDY          9

AVERAGE RH (PERCENT)     60

WEATHER CONDITIONS. NUMBER OF DAYS WITH
THUNDERSTORM              1     MIXED PRECIP               0
HEAVY RAIN                2     RAIN                       3
LIGHT RAIN               10     FREEZING RAIN              0
LT FREEZING RAIN          0     HAIL                       0
HEAVY SNOW                0     SNOW                       0
LIGHT SNOW                0     SLEET                      0
FOG                       5     FOG W/VIS <= 1/4 MILE      1
HAZE                      2

-  INDICATES NEGATIVE NUMBERS.
R  INDICATES RECORD WAS SET OR TIED.
MM INDICATES DATA IS MISSING.
T  INDICATES TRACE AMOUNT.

&&

WASHINGTON DC...RONALD REAGAN NATIONAL AIRPORT...

THE MONTHLY AVERAGE TEMPERATURE WAS ABOVE NORMAL. MONTHLY
PRECIPITATION WAS WELL BELOW NORMAL...AND TIED FOR THE 8TH DRIEST
NOVEMBER ON RECORD.

NOVEMBER MARKED THE END OF A RECORD WARM METEOROLOGICAL FALL SEASON.
THE AVERAGE TEMPERATURE FROM SEPTEMBER 1ST THROUGH NOVEMBER 30TH WAS
63.9 DEGREES...WHICH BROKE THE OLD RECORD OF 63.3 SET IN 2007. IT
WAS ALSO THE 7TH DRIEST METEOROLOGICAL FALL ON RECORD WITH ONLY 4.16
INCHES OF RAIN OVER THE PAST THREE MONTHS.

A RECORD DAILY HIGH TEMPERATURE OF 83 DEGREES WAS SET ON THE
3RD OF NOVEMBER...BREAKING THE PREVIOUS RECORD OF 80 SET IN 1974.

THE LOW TEMPERATURE OF 37 ON NOVEMBER 12TH WAS THE LATEST FIRST SUB-
40 DEGREE TEMPERATURE ON RECORD.

CLIMATE RECORDS HAVE BEEN KEPT AT RONALD REAGAN NATIONAL AIRPORT
SINCE AUGUST OF 1941. ADDITIONAL TEMPERATURE RECORDS FOR THE
WASHINGTON DC AREA EXTEND BACK TO JANUARY OF 1872. PRECIPITATION
RECORDS EXTEND BACK TO JANUARY OF 1871. SNOWFALL RECORDS BEGAN IN
JANUARY OF 1884.

ALL CLIMATE DATA ARE CONSIDERED PRELIMINARY UNTIL REVIEWED BY THE
NATIONAL CENTERS FOR ENVIRONMENTAL INFORMATION (NCEI).

$$

DH/MSE
