000
CXUS54 KFWD 010901
CLMDFW


CLIMATE REPORT
NATIONAL WEATHER SERVICE FORT WORTH TX
400 AM CDT THU SEP 1 2016

...................................

...THE DALLAS FORT WORTH CLIMATE SUMMARY FOR THE MONTH OF AUGUST 2016...

CLIMATE NORMAL PERIOD 1981 TO 2010
CLIMATE RECORD PERIOD 1898 TO 2016

WEATHER         OBSERVED          NORMAL  DEPART  LAST YEAR`S
                 VALUE   DATE(S)  VALUE   FROM    VALUE  DATE(S)
                                          NORMAL
................................................................
TEMPERATURE (F)
RECORD
 HIGH             112   08/11/1936
                        08/18/1909
 LOW               55   08/31/1915
HIGHEST           107   08/12       103       4      106  08/10
                                                          08/09
LOWEST             70   08/19        67       3       65  08/20
AVG. MAXIMUM     94.7              96.1    -1.4     97.8
AVG. MINIMUM     76.9              75.1     1.8     76.8
MEAN             85.8              85.6     0.2     87.3
DAYS MAX >= 90     26              26.3    -0.3       30
DAYS MAX <= 32      0               0.0     0.0        0
DAYS MAX >= 100    12                                  9
DAYS MIN <= 32      0               0.0     0.0        0
DAYS MIN <= 0       0               0.0     0.0        0
DAYS MIN >= 80      9                                  7

PRECIPITATION (INCHES)
RECORD
 MAXIMUM        10.33   1915
 MINIMUM         0.00   2000
TOTALS           4.42              1.91    2.51     0.46
DAILY AVG.       0.14              0.06    0.08     0.01
DAYS >= .01         8               4.8     3.2        2
DAYS >= .10         3               2.9     0.1        1
DAYS >= .50         3               1.2     1.8        0
DAYS >= 1.00        2               0.5     1.5        0
GREATEST
 24 HR. TOTAL    3.25   08/19 TO 08/20              0.46

DEGREE_DAYS
HEATING TOTAL       0                 0       0        0
 SINCE 7/1          0                 0       0        0
COOLING TOTAL     653               638      15      699
 SINCE 1/1       2351              2182     169     2232
.................................................................

WIND (MPH)
AVERAGE WIND SPEED              8.7
HIGHEST WIND SPEED/DIRECTION    41/320    DATE  08/19
HIGHEST GUST SPEED/DIRECTION    54/250    DATE  08/12

SKY COVER
POSSIBLE SUNSHINE (PERCENT)   MM
AVERAGE SKY COVER           0.50
NUMBER OF DAYS FAIR            9
NUMBER OF DAYS PC             15
NUMBER OF DAYS CLOUDY          7

AVERAGE RH (PERCENT)     60

WEATHER CONDITIONS. NUMBER OF DAYS WITH
THUNDERSTORM              7     MIXED PRECIP               0
HEAVY RAIN                5     RAIN                       6
LIGHT RAIN               10     FREEZING RAIN              0
LT FREEZING RAIN          0     HAIL                       0
HEAVY SNOW                0     SNOW                       0
LIGHT SNOW                0     SLEET                      0
FOG                       6     FOG W/VIS <= 1/4 MILE      0
HAZE                      2

-  INDICATES NEGATIVE NUMBERS.
R  INDICATES RECORD WAS SET OR TIED.
MM INDICATES DATA IS MISSING.
T  INDICATES TRACE AMOUNT.

$$
