000
CXUS54 KAMA 010840
CLMDHT

CLIMATE REPORT
NATIONAL WEATHER SERVICE AMARILLO TX
340 AM CDT WED NOV 1 2017

...................................

...THE DALHART CLIMATE SUMMARY FOR THE MONTH OF OCTOBER 2017...

CLIMATE NORMAL PERIOD 1981 TO 2010
CLIMATE RECORD PERIOD 1948 TO 2017

WEATHER         OBSERVED          NORMAL  DEPART  LAST YEAR`S
                 VALUE   DATE(S)  VALUE   FROM    VALUE  DATE(S)
                                          NORMAL
................................................................
TEMPERATURE (F)
RECORD
 HIGH              96   10/16/2016
                        10/15/2016
                        10/03/2000
 LOW                9   10/30/1993
HIGHEST            88   10/14                         96  10/16
                        10/12                             10/15
LOWEST             28   10/28                         32  10/21
AVG. MAXIMUM     73.9              71.1     2.8     81.9
AVG. MINIMUM     42.7              40.4     2.3     44.4
MEAN             58.3              55.7     2.6     63.2
DAYS MAX >= 90      0               0.3    -0.3        6
DAYS MAX <= 32      0               0.1    -0.1        0
DAYS MIN <= 32      3               3.9    -0.9        1
DAYS MIN <= 0       0               0.0     0.0        0

PRECIPITATION (INCHES)
TOTALS           4.03              1.47    2.56     0.10
DAILY AVG.       0.13              0.05    0.08     0.00
DAYS >= .01         4               4.7    -0.7        1
DAYS >= .10         2               2.6    -0.6        1
DAYS >= .50         2               0.9     1.1        0
DAYS >= 1.00        2               0.5     1.5        0
GREATEST
 24 HR. TOTAL    2.18   10/05 TO 10/05

SNOWFALL (INCHES)
TOTALS            0.0               0.6    -0.6      0.0
SINCE 7/1         0.0               0.6    -0.6      0.0
DAYS >= TRACE       0               0.3    -0.3
DAYS >= 1.0         0               0.2    -0.2        0
GREATEST
 SNOW DEPTH         0
 24 HR TOTAL      0.0


DEGREE_DAYS
HEATING TOTAL     239               297     -58      110
 SINCE 7/1        277               360     -83      121
COOLING TOTAL      38                10      28       61
 SINCE 1/1       1344              1138     206     1556
.................................................................

WIND (MPH)
AVERAGE WIND SPEED              12.7
HIGHEST WIND SPEED/DIRECTION    39/360    DATE  10/14
HIGHEST GUST SPEED/DIRECTION    52/360    DATE  10/14

SKY COVER
POSSIBLE SUNSHINE (PERCENT)   MM
NUMBER OF DAYS FAIR           22
NUMBER OF DAYS PC              5
NUMBER OF DAYS CLOUDY          4

AVERAGE RH (PERCENT)     56

WEATHER CONDITIONS. NUMBER OF DAYS WITH
THUNDERSTORM              4     MIXED PRECIP               0
HEAVY RAIN                2     RAIN                       3
LIGHT RAIN                5     FREEZING RAIN              0
LT FREEZING RAIN          0     HEAVY SNOW                 0
SNOW                      0     LIGHT SNOW                 0
SLEET                     0     FOG                        6
FOG W/VIS <= 1/4 MILE     1     HAZE                       7

-  INDICATES NEGATIVE NUMBERS.
R  INDICATES RECORD WAS SET OR TIED.
MM INDICATES DATA IS MISSING.
T  INDICATES TRACE AMOUNT.

$$
