000
CXUS53 KDLH 011735
CLMDLH


CLIMATE REPORT
NATIONAL WEATHER SERVICE DULUTH MN
1102 AM CDT WED NOV 1 2017

...................................

...THE DULUTH CLIMATE SUMMARY FOR THE MONTH OF OCTOBER 2017...

CLIMATE NORMAL PERIOD 1981 TO 2010
CLIMATE RECORD PERIOD 1870 TO 2017

WEATHER         OBSERVED          NORMAL  DEPART  LAST YEAR`S
                 VALUE   DATE(S)  VALUE   FROM    VALUE  DATE(S)
                                          NORMAL
................................................................
TEMPERATURE (F)
RECORD
 HIGH              86   10/02/1953
 LOW                6   10/27/1917
HIGHEST            75   10/20        MM      MM       74  10/10
LOWEST             23   10/31        MM      MM       30  10/09
                        10/29
                        10/28
AVG. MAXIMUM     53.9              51.5     2.4     55.7
AVG. MINIMUM     37.3              34.8     2.5     39.6
MEAN             45.6              43.2     2.4     47.6
DAYS MAX >= 90      0               0.0     0.0        0
DAYS MAX <= 32      2               0.6     1.4        0
DAYS MIN <= 32     10              11.6    -1.6        5
DAYS MIN <= 0       0               0.0     0.0        0

PRECIPITATION (INCHES)
RECORD
 MAXIMUM         7.53   1949
 MINIMUM         0.09   1895
TOTALS           3.40              2.85    0.55     1.55
DAILY AVG.       0.11              0.09    0.02     0.05
DAYS >= .01        12              11.3     0.7        8
DAYS >= .10         6               5.9     0.1        6
DAYS >= .50         2               1.8     0.2        0
DAYS >= 1.00        1               0.5     0.5        0
GREATEST
 24 HR. TOTAL    1.67   10/02 TO 10/03

SNOWFALL (INCHES)
RECORDS
 TOTAL           14.0   1933
TOTALS           11.1               2.3     8.8        T
SINCE 7/1        11.1               2.4     8.7        T
SNOWDEPTH AVG.      1                MM      MM        0
DAYS >= 1.0         1               0.8     0.2        0
GREATEST
 SNOW DEPTH         8R  10/28                          0
 24 HR TOTAL     10.6R  10/27 TO 10/27

DEGREE_DAYS
HEATING TOTAL     594               678     -84      531
 SINCE 7/1        976              1125    -149      747
COOLING TOTAL       0                 0       0        0
 SINCE 1/1        126               204     -78      281
.................................................................

WIND (MPH)
AVERAGE WIND SPEED              10.8
HIGHEST WIND SPEED/DIRECTION    33/340    DATE  10/24
HIGHEST GUST SPEED/DIRECTION    47/330    DATE  10/24

SKY COVER
POSSIBLE SUNSHINE (PERCENT)   MM
AVERAGE SKY COVER           0.50
NUMBER OF DAYS FAIR           13
NUMBER OF DAYS PC              6
NUMBER OF DAYS CLOUDY         12

AVERAGE RH (PERCENT)     74

WEATHER CONDITIONS. NUMBER OF DAYS WITH
THUNDERSTORM              0     MIXED PRECIP               0
HEAVY RAIN                1     RAIN                       7
LIGHT RAIN               10     FREEZING RAIN              0
LT FREEZING RAIN          0     HAIL                       0
HEAVY SNOW                1     SNOW                       1
LIGHT SNOW                5     SLEET                      1
FOG                      15     FOG W/VIS <= 1/4 MILE      0
HAZE                      5

-  INDICATES NEGATIVE NUMBERS.
R  INDICATES RECORD WAS SET OR TIED.
MM INDICATES DATA IS MISSING.
T  INDICATES TRACE AMOUNT.

$$

.OCTOBER 2017 WAS WARMER THAN NORMAL WITH ABOVE NORMAL PRECIPITATION
AT DULUTH MN...

THE AVERAGE TEMPERATURE FOR OCTOBER WAS 45.6 DEGREES WHICH WAS 2.4
DEGREES ABOVE THE NORMAL OF 43.2 DEGREES. THE HIGHEST TEMPERATURE
FOR THE MONTH WAS 75 DEGREES ON THE 20TH. THE LOWEST TEMPERATURE WAS
23 DEGREES ON THE 28TH, 29TH, AND 31ST. NO DAILY TEMPERATURE RECORDS
WERE BROKEN FOR THE MONTH. ELEVEN DAYS HAD AVERAGE TEMPERATURES
BELOW NORMAL.

OCTOBER 2017 WAS ABOVE NORMAL FOR PRECIPITATION WITH A TOTAL OF 3.40
INCHES RECORDED FOR THE MONTH. THIS WAS 0.55 INCHES ABOVE THE NORMAL
OF 2.85 INCHES. THE GREATEST AMOUNT OF PRECIPITATION IN A 24 HOUR
PERIOD OCCURRED ON THE 2ND TO THE 3RD WHEN 1.67 INCHES WAS RECORDED.
AT LEAST A TRACE OF PRECIPITATION WAS RECORDED ON 15 DAYS. AT LEAST
0.01 INCHES OF PRECIPITATION FELL ON 12 DAYS. AT LEAST 0.10 INCHES
FELL ON 6 DAYS. AT LEAST 0.50 INCHES FELL ON 2 DAYS. AT LEAST 1 INCH
FELL ON 1 DAY.

OCTOBER 2017 WAS ABOVE NORMAL FOR SNOWFALL WITH A TOTAL OF 11.1
INCHES OF SNOW FOR THE MONTH. THIS WAS 8.8 INCHES ABOVE THE NORMAL
OF 2.3 INCHES MAKING THIS THE 3RD SNOWIEST OCTOBER IN STATION
HISTORY. THE GREATEST AMOUNT OF SNOWFALL IN A 24 HOUR PERIOD
OCCURRED ON THE 27TH WHEN 10.6 INCHES OF SNOW WAS RECORDED. SEVERAL
SNOWFALL RECORDS WERE BROKEN ON OCTOBER 27 WHEN 10.6 INCHES OF SNOW
WAS RECORDED. THE RECORD OCTOBER SINGLE DAY SNOWFALL WAS SET
BREAKING THE PREVIOUS RECORD OF 10.0 INCHES SET ON OCTOBER 23, 1933.
THE RECORD DAILY MAXIMUM SNOWFALL WAS SET FOR THE 27TH BREAKING THE
PREVIOUS RECORD OF 4.3 INCHES IN 2010. THE RECORD HIGHEST FIRST
ACCUMULATING SNOWFALL OF THE SEASON WAS SET BREAKING THE PREVIOUS
RECORD OF 7.9 INCHES SET ON OCTOBER 15, 1966.

THE AVERAGE WIND SPEED FOR THE MONTH WAS 10.8 MPH. THE WINDIEST DAY
OF THE MONTH WAS ON THE 27TH WITH AN AVERAGE WIND OF 17.3 MPH. THE
HIGHEST SUSTAINED WIND OCCURRED ON THE 24TH WITH A SPEED OF 33 MPH
OUT OF THE NORTH NORTHWEST. A PEAK WIND GUST OF 47 MPH WAS RECORDED
ON THE 24TH.

THERE WERE 594 HEATING DEGREE DAYS FOR THE MONTH WHICH WAS 84 BELOW
THE NORMAL OF 678. THIS BROUGHT THE SEASONAL TOTAL TO 976 WHICH WAS
149 BELOW THE NORMAL OF 1125. THERE WERE 0 COOLING DEGREE DAYS FOR
THE MONTH WHICH WAS NORMAL. THE SEASONAL TOTAL COOLING DEGREE DAYS
STANDS AT 126 WHICH WAS 78 BELOW THE NORMAL OF 204. THE HIGHEST SEA
LEVEL PRESSURE FOR THE MONTH WAS 30.39 INCHES REACHED ON THE 10TH
AND THE LOWEST SEA LEVEL PRESSURE READING WAS 29.34 INCHES REACHED
ON THE 7TH.

THE OUTLOOK FOR NOVEMBER...NORMAL HIGHS BEGIN IN THE MID 40S AT THE
BEGINNING OF THE MONTH AND COOL TO THE UPPER 20S BY THE END OF THE
MONTH. NORMAL LOWS FOR THE MONTH BEGIN IN THE UPPER 20S AND COOL TO
THE MID TEENS BY THE END OF THE MONTH. NORMAL PRECIPITATION FOR
NOVEMBER IS 2.09 INCHES. NORMAL SNOWFALL FOR NOVEMBER IS 13.7 INCHES.
THE LATEST CLIMATE PREDICTION CENTER OUTLOOK INDICATES ODDS ARE
SLIGHTLY TILTED TOWARDS BELOW NORMAL TEMPERATURES AND ABOVE NORMAL
PRECIPITATION.

$$

WL
